{"id":32954,"date":"2024-08-02T19:41:18","date_gmt":"2024-08-02T19:41:18","guid":{"rendered":"https:\/\/chilimag.hu\/webshop\/?post_type=product&#038;p=32954"},"modified":"2026-02-07T19:48:50","modified_gmt":"2026-02-07T19:48:50","slug":"szareptai-mustar-amsoi-zold-xotica-bz-h","status":"publish","type":"product","link":"https:\/\/chilimag.hu\/webshop\/termek\/szareptai-mustar-amsoi-zold-xotica-bz-h\/","title":{"rendered":"Szareptai must\u00e1r Amsoi Z\u00f6ld Xotica Bz H"},"content":{"rendered":"","protected":false},"excerpt":{"rendered":"<p><img fetchpriority=\"high\" decoding=\"async\" class=\"attachment-medium size-medium\" src=\"https:\/\/purchasingpowerplus.com\/wp-content\/uploads\/2021\/05\/Buzzy-Logo-300x239.jpg\" sizes=\"(max-width: 300px) 100vw, 300px\" srcset=\"https:\/\/purchasingpowerplus.com\/wp-content\/uploads\/2021\/05\/Buzzy-Logo-300x239.jpg 300w, https:\/\/purchasingpowerplus.com\/wp-content\/uploads\/2021\/05\/Buzzy-Logo-768x612.jpg 768w, https:\/\/purchasingpowerplus.com\/wp-content\/uploads\/2021\/05\/Buzzy-Logo-1024x816.jpg 1024w, https:\/\/purchasingpowerplus.com\/wp-content\/uploads\/2021\/05\/Buzzy-Logo.jpg 1500w\" alt=\"\" width=\"300\" height=\"239\" \/><\/p>\n<p>Botanikai n\u00e9v:\u00a0<span id=\"column_2_uc_product_details_ctl04_lbl_ff_desc2\" class=\"value\">Brassica juncea<\/span><\/p>\n<p>Amsoi \/ must\u00e1rk\u00e1poszta &#8211; z\u00f6ld<br \/>\nVesse \u00fcveg vagy m\u0171anyag alag\u00fat al\u00e1 m\u00e1rciust\u00f3l okt\u00f3berig, vagy a szabadban j\u00falius k\u00f6zep\u00e9t\u0151l szeptember elej\u00e9ig. Sorokba vetve, kel\u00e9s ut\u00e1n ritk\u00edtani. Az \u00fcltet\u00e9si t\u00e1vols\u00e1g k\u00f6r\u00fclbel\u00fcl 20 x 20 cm. A n\u00f6v\u00e9nyek j\u00f3l t\u0171rik a fagyot. Az Amsoi egy laza leveles k\u00e1poszta, f\u0171szeres \u00edzzel. Dunselk\u00e9nt fogyaszthat\u00f3; Ha nem v\u00e1gunk t\u00fal m\u00e9lyre, t\u00f6bbsz\u00f6r is betakar\u00edthatjuk. Sal\u00e1t\u00e1khoz \u00e9s r\u00e1nt\u00e1shoz haszn\u00e1lj\u00e1k.<\/p>\n<p>A csomag 3 gr magot tartalmaz<\/p>\n","protected":false},"featured_media":32955,"comment_status":"closed","ping_status":"closed","template":"","meta":[],"product_brand":[],"product_cat":[440],"product_tag":[],"class_list":{"0":"post-32954","1":"product","2":"type-product","3":"status-publish","4":"has-post-thumbnail","6":"product_cat-xotica-collection","8":"first","9":"instock","10":"taxable","11":"shipping-taxable","12":"purchasable","13":"product-type-simple"},"_links":{"self":[{"href":"https:\/\/chilimag.hu\/webshop\/wp-json\/wp\/v2\/product\/32954","targetHints":{"allow":["GET"]}}],"collection":[{"href":"https:\/\/chilimag.hu\/webshop\/wp-json\/wp\/v2\/product"}],"about":[{"href":"https:\/\/chilimag.hu\/webshop\/wp-json\/wp\/v2\/types\/product"}],"replies":[{"embeddable":true,"href":"https:\/\/chilimag.hu\/webshop\/wp-json\/wp\/v2\/comments?post=32954"}],"wp:featuredmedia":[{"embeddable":true,"href":"https:\/\/chilimag.hu\/webshop\/wp-json\/wp\/v2\/media\/32955"}],"wp:attachment":[{"href":"https:\/\/chilimag.hu\/webshop\/wp-json\/wp\/v2\/media?parent=32954"}],"wp:term":[{"taxonomy":"product_brand","embeddable":true,"href":"https:\/\/chilimag.hu\/webshop\/wp-json\/wp\/v2\/product_brand?post=32954"},{"taxonomy":"product_cat","embeddable":true,"href":"https:\/\/chilimag.hu\/webshop\/wp-json\/wp\/v2\/product_cat?post=32954"},{"taxonomy":"product_tag","embeddable":true,"href":"https:\/\/chilimag.hu\/webshop\/wp-json\/wp\/v2\/product_tag?post=32954"}],"curies":[{"name":"wp","href":"https:\/\/api.w.org\/{rel}","templated":true}]}}