{"id":32847,"date":"2024-07-27T08:01:58","date_gmt":"2024-07-27T08:01:58","guid":{"rendered":"https:\/\/chilimag.hu\/webshop\/?post_type=product&#038;p=32847"},"modified":"2025-08-11T07:19:46","modified_gmt":"2025-08-11T07:19:46","slug":"aji-ahuachapau","status":"publish","type":"product","link":"https:\/\/chilimag.hu\/webshop\/termek\/aji-ahuachapau\/","title":{"rendered":"Aji Ahuachapau S Ch"},"content":{"rendered":"","protected":false},"excerpt":{"rendered":"<p><img decoding=\"async\" src=\"https:\/\/chilimag.hu\/webshop\/wp-content\/uploads\/2014\/11\/chilimag-logo-2-150x150.jpg\" \/><\/p>\n<p>Le\u00edr\u00e1s<\/p>\n<p>Az Aji Ahuachapau (vagy szint\u00e9n Ahuachapan) chili Salvadorb\u00f3l sz\u00e1rmazik, \u00e9s a Capsicum baccatum fajb\u00f3l sz\u00e1rmazik. Jellemz\u0151 erre a t\u00edpusra a nagy, er\u0151teljes \u00e9s ki\u00e1ll\u00f3, magas hozam\u00fa n\u00f6veked\u00e9s. Mivel a n\u00f6v\u00e9nyek nagyon robusztusak, ez a fajta chilis \u00fajoncok sz\u00e1m\u00e1ra is alkalmas. Term\u00e9sei hossz\u00faak, kb. 3 x 12 cm-es, \u00e9s intenz\u00edv narancsv\u00f6r\u00f6sre \u00e9rik. Gy\u00fcm\u00f6lcs\u00f6s \u00edz\u00fck \u00e9s k\u00f6zepes fok\u00fa f\u0171szeress\u00e9g\u00fck van, \u00e9s k\u00fcl\u00f6n\u00f6sen alkalmasak gy\u00fcm\u00f6lcs\u00f6s, cs\u00edp\u0151s sz\u00f3szokhoz, pl. hallal, z\u00f6lds\u00e9gekkel vagy csirkeh\u00fassal. A chili sz\u00e1r\u00edtva vagy savany\u00edtva is j\u00f3.<\/p>\n<p>Gondoz\u00e1sa: A cs\u00edr\u00e1z\u00e1si h\u0151m\u00e9rs\u00e9klet 20 \u00e9s 28\u00b0C k\u00f6z\u00f6tt van (7-20 napos cs\u00edr\u00e1z\u00e1si id\u0151), ez\u00e9rt \u00fcvegh\u00e1z \u00e9s f\u0171t\u0151sz\u0151nyeg haszn\u00e1lata javasolt. A n\u00f6v\u00e9nyeknek friss, j\u00f3l tr\u00e1gy\u00e1zott, v\u00edz\u00e1tereszt\u0151 talajra van sz\u00fcks\u00e9g\u00fck, nem t\u0171rik a bevizesed\u00e9st. Napos, v\u00e9dett helyre \u00fcltess\u00fck, ahol legal\u00e1bb 6 \u00f3ra \u2013 lehet\u0151leg t\u00f6bb \u2013 napf\u00e9ny \u00e9ri. Tedd ki a n\u00f6v\u00e9nyeket kb. 2-3 h\u00e9ttel az utols\u00f3 fagy ut\u00e1nT\u00edpus<\/p>\n<p>Capsicum baccatum<br \/>\nF\u0171szeress\u00e9gi fokozat 5<br \/>\nScoville 2.500 &#8211; 5.000 SHU<br \/>\noptim\u00e1lis cs\u00edr\u00e1z\u00e1si h\u0151m\u00e9rs\u00e9klet 20 &#8211; 28 \u00b0C<br \/>\nVet\u00e9s febru\u00e1r &#8211; \u00e1pr.<br \/>\nVir\u00e1gok feh\u00e9rek (m\u00e1jus-j\u00falius)<br \/>\nN\u00f6v\u00e9nyn\u00f6veked\u00e9si szok\u00e1sa bokros, ki\u00e1ll\u00f3, el\u00e1gaz\u00f3, kb. 100 cm magas<br \/>\nZ\u00f6ldt\u0151l narancsv\u00f6r\u00f6sig \u00e9rik<br \/>\nGy\u00fcm\u00f6lcs megjelen\u00e9se hossz\u00fa, kb. 3 x 12 cm<br \/>\n\u00c9r\u00e9si id\u0151 90-100 nap<br \/>\nSz\u00e1rmaz\u00e1si hely El Salvador<\/p>\n<p>A csomag 10 szem magot tartalmaz<\/p>\n<p>&nbsp;<\/p>\n","protected":false},"featured_media":32848,"comment_status":"closed","ping_status":"closed","template":"","meta":[],"product_brand":[],"product_cat":[8],"product_tag":[],"class_list":{"0":"post-32847","1":"product","2":"type-product","3":"status-publish","4":"has-post-thumbnail","6":"product_cat-paprika","8":"first","9":"instock","10":"taxable","11":"shipping-taxable","12":"purchasable","13":"product-type-simple"},"_links":{"self":[{"href":"https:\/\/chilimag.hu\/webshop\/wp-json\/wp\/v2\/product\/32847","targetHints":{"allow":["GET"]}}],"collection":[{"href":"https:\/\/chilimag.hu\/webshop\/wp-json\/wp\/v2\/product"}],"about":[{"href":"https:\/\/chilimag.hu\/webshop\/wp-json\/wp\/v2\/types\/product"}],"replies":[{"embeddable":true,"href":"https:\/\/chilimag.hu\/webshop\/wp-json\/wp\/v2\/comments?post=32847"}],"wp:featuredmedia":[{"embeddable":true,"href":"https:\/\/chilimag.hu\/webshop\/wp-json\/wp\/v2\/media\/32848"}],"wp:attachment":[{"href":"https:\/\/chilimag.hu\/webshop\/wp-json\/wp\/v2\/media?parent=32847"}],"wp:term":[{"taxonomy":"product_brand","embeddable":true,"href":"https:\/\/chilimag.hu\/webshop\/wp-json\/wp\/v2\/product_brand?post=32847"},{"taxonomy":"product_cat","embeddable":true,"href":"https:\/\/chilimag.hu\/webshop\/wp-json\/wp\/v2\/product_cat?post=32847"},{"taxonomy":"product_tag","embeddable":true,"href":"https:\/\/chilimag.hu\/webshop\/wp-json\/wp\/v2\/product_tag?post=32847"}],"curies":[{"name":"wp","href":"https:\/\/api.w.org\/{rel}","templated":true}]}}