{"id":32843,"date":"2024-07-27T07:38:49","date_gmt":"2024-07-27T07:38:49","guid":{"rendered":"https:\/\/chilimag.hu\/webshop\/?post_type=product&#038;p=32843"},"modified":"2025-08-11T08:07:07","modified_gmt":"2025-08-11T08:07:07","slug":"charlys-rosemary","status":"publish","type":"product","link":"https:\/\/chilimag.hu\/webshop\/termek\/charlys-rosemary\/","title":{"rendered":"Charlys Rosemary"},"content":{"rendered":"","protected":false},"excerpt":{"rendered":"<p><img decoding=\"async\" src=\"https:\/\/chilimag.hu\/webshop\/wp-content\/uploads\/2014\/11\/chilimag-logo-2-150x150.jpg\" \/><\/p>\n<p>Le\u00edr\u00e1s<\/p>\n<p>A Charly`s Rosemary Chili egy nagyon magas hozam\u00fa fajta, amely sz\u00e1mtalan, nagyon cs\u00edp\u0151s, kicsi, egyenesen n\u00f6v\u0151 chilipaprik\u00e1t visel. A n\u00f6v\u00e9nyek meglehet\u0151sen robusztusak \u00e9s bokrosak, \u00e9s ak\u00e1r 100 cm magasra is megn\u0151hetnek. A kis piros chilipaprik\u00e1t T\u00f6r\u00f6korsz\u00e1gban hagyom\u00e1nyosan sz\u00e1mos \u00e9tel \u00edzes\u00edt\u00e9s\u00e9re haszn\u00e1lj\u00e1k. A fajta a t\u00f6r\u00f6k \u200b\u200bchili szak\u00e9rt\u0151, Charly Tepek saj\u00e1t nemes\u00edt\u00e9se, innen ered a n\u00e9v is.<\/p>\n<p>Gondoz\u00e1s: A cs\u00edr\u00e1z\u00e1si h\u0151m\u00e9rs\u00e9klet 22\u00b0C \u00e9s 28\u00b0C k\u00f6z\u00f6tt van (cs\u00edr\u00e1z\u00e1si id\u0151: 8-21 nap); ez\u00e9rt \u00fcvegh\u00e1z \u00e9s f\u0171t\u0151sz\u0151nyeg haszn\u00e1lata javasolt. A n\u00f6v\u00e9nyeknek friss, j\u00f3l tr\u00e1gy\u00e1zott, v\u00edz\u00e1tereszt\u0151 talajra van sz\u00fcks\u00e9g\u00fck, nem t\u0171rik a bevizesed\u00e9st. Napos, v\u00e9dett helyre \u00fcltess\u00fck, ahol legal\u00e1bb 6 \u00f3ra \u2013 lehet\u0151leg t\u00f6bb \u2013 napf\u00e9ny \u00e9ri. Tedd ki a n\u00f6v\u00e9nyeket kb. 2-3 h\u00e9ttel az utols\u00f3 fagy ut\u00e1n. Mivel a n\u00f6v\u00e9nyeknek k\u00fcl\u00f6n\u00f6sen hossz\u00fa az \u00e9r\u00e9si ideje, \u00e9rdemes cser\u00e9pben termeszteni \u0151ket, \u00edgy a napk\u00f6zbeni h\u0151m\u00e9rs\u00e9klet 12\u00b0C al\u00e1 s\u00fcllyed\u00e9sekor k\u00f6nnyen be lehet vinni a n\u00f6v\u00e9nyt, \u00edgy minden gy\u00fcm\u00f6lcs be\u00e9rik. Ahhoz, hogy a n\u00f6v\u00e9nyt t\u00e9len is meg\u0151rizze, betakar\u00edt\u00e1s ut\u00e1n v\u00e1gja vissza 20 cm-rel, \u00e9s tegye vil\u00e1gos helyre, ahol legal\u00e1bb 15\u00b0C h\u0151m\u00e9rs\u00e9klet\u0171<\/p>\n<p>Capsicum annuum t\u00edpus<br \/>\nF\u0171szerszint 7<br \/>\nScoville 15 000 &#8211; 30 000 SHU<br \/>\nOptim\u00e1lis cs\u00edr\u00e1z\u00e1si h\u0151m\u00e9rs\u00e9klet 22 &#8211; 28 \u00b0C<br \/>\nVet\u00e9s jan-\u00e1pr<br \/>\nVir\u00e1gok feh\u00e9r (m\u00e1jus-j\u00falius)<br \/>\nN\u00f6veked\u00e9si szok\u00e1s bokros, kb. 100 cm magas<br \/>\n\u00c9rlel\u00e9s z\u00f6ldt\u0151l s\u00e1rg\u00e1ig\/narancss\u00e1rg\u00e1t\u00f3l v\u00f6r\u00f6sig<br \/>\nA gy\u00fcm\u00f6lcs megjelen\u00e9se f\u00fcgg\u0151leges, kb. 3 x 2 cm<br \/>\n\u00c9rlel\u00e9si id\u0151 90 nap<br \/>\nSz\u00e1rmaz\u00e1s T\u00f6r\u00f6korsz\u00e1g<\/p>\n<p>A csomag 10 szem magot tartalmaz<\/p>\n<p>&nbsp;<\/p>\n","protected":false},"featured_media":32844,"comment_status":"closed","ping_status":"closed","template":"","meta":[],"product_brand":[],"product_cat":[8],"product_tag":[],"class_list":{"0":"post-32843","1":"product","2":"type-product","3":"status-publish","4":"has-post-thumbnail","6":"product_cat-paprika","8":"first","9":"instock","10":"taxable","11":"shipping-taxable","12":"purchasable","13":"product-type-simple"},"_links":{"self":[{"href":"https:\/\/chilimag.hu\/webshop\/wp-json\/wp\/v2\/product\/32843","targetHints":{"allow":["GET"]}}],"collection":[{"href":"https:\/\/chilimag.hu\/webshop\/wp-json\/wp\/v2\/product"}],"about":[{"href":"https:\/\/chilimag.hu\/webshop\/wp-json\/wp\/v2\/types\/product"}],"replies":[{"embeddable":true,"href":"https:\/\/chilimag.hu\/webshop\/wp-json\/wp\/v2\/comments?post=32843"}],"wp:featuredmedia":[{"embeddable":true,"href":"https:\/\/chilimag.hu\/webshop\/wp-json\/wp\/v2\/media\/32844"}],"wp:attachment":[{"href":"https:\/\/chilimag.hu\/webshop\/wp-json\/wp\/v2\/media?parent=32843"}],"wp:term":[{"taxonomy":"product_brand","embeddable":true,"href":"https:\/\/chilimag.hu\/webshop\/wp-json\/wp\/v2\/product_brand?post=32843"},{"taxonomy":"product_cat","embeddable":true,"href":"https:\/\/chilimag.hu\/webshop\/wp-json\/wp\/v2\/product_cat?post=32843"},{"taxonomy":"product_tag","embeddable":true,"href":"https:\/\/chilimag.hu\/webshop\/wp-json\/wp\/v2\/product_tag?post=32843"}],"curies":[{"name":"wp","href":"https:\/\/api.w.org\/{rel}","templated":true}]}}