{"id":32767,"date":"2024-07-16T18:32:08","date_gmt":"2024-07-16T18:32:08","guid":{"rendered":"https:\/\/chilimag.hu\/webshop\/?post_type=product&#038;p=32767"},"modified":"2026-04-15T19:27:27","modified_gmt":"2026-04-15T19:27:27","slug":"tok-lopotok-cobra-florian-bg","status":"publish","type":"product","link":"https:\/\/chilimag.hu\/webshop\/termek\/tok-lopotok-cobra-florian-bg\/","title":{"rendered":"T\u00f6k (Lop\u00f3t\u00f6k Cobra) Florian Bg"},"content":{"rendered":"","protected":false},"excerpt":{"rendered":"<p><img decoding=\"async\" class=\"img-inline\" src=\"https:\/\/brcci.eu\/cache\/thumbnails\/12ecd0e6e419f1b9b1484ef02ad361979dd8e054\/1a6c5e1406ad462ca86d17b2800862d7f837862c-829875ad0a268b741b7edd818ffce098.png\" alt=\"FLORIAN OOD\" \/><\/p>\n<p>Le\u00edr\u00e1s<\/p>\n<p>K\u00fcl\u00f6nb\u00f6z\u0151 form\u00e1j\u00fa \u00e9s sz\u00edn\u0171 egyny\u00e1ri f\u00fcgg\u0151 n\u00f6v\u00e9ny, napon \u00e9s f\u00e9l\u00e1rny\u00e9kban n\u00f6vekszik. A magokat \u00e1prilis-m\u00e1jusban vetj\u00fck el, egy centim\u00e9ter talajjal lefedj\u00fck \u00e9s megsz\u00f3rjuk. Ker\u00edt\u00e9sek, erk\u00e9lyek stb. d\u00edsz\u00edt\u00e9s\u00e9re szolg\u00e1l. Magass\u00e1g 300 cm.<\/p>\n<p>Magok mennyis\u00e9ge bor\u00edt\u00e9konk\u00e9nt: 5 db mag a csomagban<\/p>\n<p>M\u0171szaki adatok:<\/p>\n<p>\u00c1prilist\u00f3l kezd\u0151d\u0151en vetik<br \/>\nA vet\u0151magb\u00f3l t\u00f6rt\u00e9n\u0151 termel\u00e9s t\u00edpusai<br \/>\n\u00c1ltal\u00e1noss\u00e1gok:<\/p>\n<p>6 magot tartalmaz grammonk\u00e9nt<br \/>\nbor\u00edt\u00e9k s\u00falya<br \/>\n\u00dcltet\u00e9s \u00e1prilis-m\u00e1jus<br \/>\nSz\u00fcret augusztus-szeptember<br \/>\nVeget\u00e1ci\u00f3 120 nap<\/p>\n","protected":false},"featured_media":32768,"comment_status":"closed","ping_status":"closed","template":"","meta":[],"product_brand":[],"product_cat":[373,384],"product_tag":[],"class_list":{"0":"post-32767","1":"product","2":"type-product","3":"status-publish","4":"has-post-thumbnail","6":"product_cat-dinnye-es-tok-vetomagok-bolgar-florian-vetomagok","7":"product_cat-virag-vetomagok-bolgar-florian-vetomagok","9":"first","10":"instock","11":"taxable","12":"shipping-taxable","13":"purchasable","14":"product-type-simple"},"_links":{"self":[{"href":"https:\/\/chilimag.hu\/webshop\/wp-json\/wp\/v2\/product\/32767","targetHints":{"allow":["GET"]}}],"collection":[{"href":"https:\/\/chilimag.hu\/webshop\/wp-json\/wp\/v2\/product"}],"about":[{"href":"https:\/\/chilimag.hu\/webshop\/wp-json\/wp\/v2\/types\/product"}],"replies":[{"embeddable":true,"href":"https:\/\/chilimag.hu\/webshop\/wp-json\/wp\/v2\/comments?post=32767"}],"wp:featuredmedia":[{"embeddable":true,"href":"https:\/\/chilimag.hu\/webshop\/wp-json\/wp\/v2\/media\/32768"}],"wp:attachment":[{"href":"https:\/\/chilimag.hu\/webshop\/wp-json\/wp\/v2\/media?parent=32767"}],"wp:term":[{"taxonomy":"product_brand","embeddable":true,"href":"https:\/\/chilimag.hu\/webshop\/wp-json\/wp\/v2\/product_brand?post=32767"},{"taxonomy":"product_cat","embeddable":true,"href":"https:\/\/chilimag.hu\/webshop\/wp-json\/wp\/v2\/product_cat?post=32767"},{"taxonomy":"product_tag","embeddable":true,"href":"https:\/\/chilimag.hu\/webshop\/wp-json\/wp\/v2\/product_tag?post=32767"}],"curies":[{"name":"wp","href":"https:\/\/api.w.org\/{rel}","templated":true}]}}