{"id":32665,"date":"2024-07-07T19:17:40","date_gmt":"2024-07-07T19:17:40","guid":{"rendered":"https:\/\/chilimag.hu\/webshop\/?post_type=product&#038;p=32665"},"modified":"2026-05-04T12:02:54","modified_gmt":"2026-05-04T12:02:54","slug":"klasmann-tozeg-210-l-sl","status":"publish","type":"product","link":"https:\/\/chilimag.hu\/webshop\/termek\/klasmann-tozeg-210-l-sl\/","title":{"rendered":"Klasmann T\u0151zeg  210 L SL"},"content":{"rendered":"","protected":false},"excerpt":{"rendered":"<h4><span style=\"color: #ff0000;\">Csak szem\u00e9lyes \u00e1tv\u00e9tel !<\/span><\/h4>\n<h6><\/h6>\n<h6 class=\"bold-product-title\">T\u0150ZEGMOHA A term\u00e9szetes t\u0151zeg ide\u00e1lis kertbe: alacsony humusztartalm\u00fa homokos talajok jav\u00edt\u00e1s\u00e1ra; a porozit\u00e1s n\u00f6veked\u00e9se neh\u00e9z agyagos talajokban; \u00faj gyep vet\u00e9se, komposzttal \u00e9s kerti talajjal val\u00f3 kever\u00e9s, r\u00f3zs\u00e1k, cserj\u00e9k \u00e9s egy\u00e9b d\u00edszn\u00f6v\u00e9nyek gy\u00f6kereinek fagy elleni v\u00e9delme; a talaj fizikai \u00e9s biol\u00f3giai tulajdons\u00e1gainak jav\u00edt\u00e1s\u00e1ra, pal\u00e1ntasz\u00e1ll\u00edt\u00e1sra, talajtakar\u00e1sra, \u00e1fonya \u00e9s m\u00e1s savkedvel\u0151 n\u00f6v\u00e9nyek termeszt\u00e9s\u00e9re is haszn\u00e1lhat\u00f3. F\u00e1k \u00e9s cserj\u00e9k \u00fcltet\u00e9sekor javasolt a term\u00e9szetes talajt belekeverni.<br \/>\nKLASMANN m\u00e1rka<br \/>\nKiszerel\u00e9s 210 l<\/h6>\n","protected":false},"featured_media":32666,"comment_status":"closed","ping_status":"closed","template":"","meta":[],"product_brand":[],"product_cat":[309],"product_tag":[],"class_list":{"0":"post-32665","1":"product","2":"type-product","3":"status-publish","4":"has-post-thumbnail","6":"product_cat-kudras-tozegek","8":"first","9":"instock","10":"taxable","11":"shipping-taxable","12":"purchasable","13":"product-type-simple"},"_links":{"self":[{"href":"https:\/\/chilimag.hu\/webshop\/wp-json\/wp\/v2\/product\/32665","targetHints":{"allow":["GET"]}}],"collection":[{"href":"https:\/\/chilimag.hu\/webshop\/wp-json\/wp\/v2\/product"}],"about":[{"href":"https:\/\/chilimag.hu\/webshop\/wp-json\/wp\/v2\/types\/product"}],"replies":[{"embeddable":true,"href":"https:\/\/chilimag.hu\/webshop\/wp-json\/wp\/v2\/comments?post=32665"}],"wp:featuredmedia":[{"embeddable":true,"href":"https:\/\/chilimag.hu\/webshop\/wp-json\/wp\/v2\/media\/32666"}],"wp:attachment":[{"href":"https:\/\/chilimag.hu\/webshop\/wp-json\/wp\/v2\/media?parent=32665"}],"wp:term":[{"taxonomy":"product_brand","embeddable":true,"href":"https:\/\/chilimag.hu\/webshop\/wp-json\/wp\/v2\/product_brand?post=32665"},{"taxonomy":"product_cat","embeddable":true,"href":"https:\/\/chilimag.hu\/webshop\/wp-json\/wp\/v2\/product_cat?post=32665"},{"taxonomy":"product_tag","embeddable":true,"href":"https:\/\/chilimag.hu\/webshop\/wp-json\/wp\/v2\/product_tag?post=32665"}],"curies":[{"name":"wp","href":"https:\/\/api.w.org\/{rel}","templated":true}]}}