{"id":32659,"date":"2024-07-07T18:39:45","date_gmt":"2024-07-07T18:39:45","guid":{"rendered":"https:\/\/chilimag.hu\/webshop\/?post_type=product&#038;p=32659"},"modified":"2026-05-04T14:57:06","modified_gmt":"2026-05-04T14:57:06","slug":"kekkila-wc-tozeg-50l-sl","status":"publish","type":"product","link":"https:\/\/chilimag.hu\/webshop\/termek\/kekkila-wc-tozeg-50l-sl\/","title":{"rendered":"KEKKILA WC T\u0151zeg 50L SL"},"content":{"rendered":"","protected":false},"excerpt":{"rendered":"<p><img decoding=\"async\" class=\"active-logo\" src=\"https:\/\/b2b.seklos.lt\/themes\/warehouse\/img\/logo_en.png\" alt=\"Agrofirma S\u0117klos, UAB\" width=\"280\" height=\"95\" \/><\/p>\n<p>A WC T\u0150ZEG A WC-t\u0151zeg mohat\u0151zegb\u0151l \u00e9s faforg\u00e1csb\u00f3l k\u00e9sz\u00fclt t\u0151zegkever\u00e9k sz\u00e1raz- \u00e9s komposzt WC-khez. Hat\u00e9konyan sz\u00edvja fel a folyad\u00e9kot, \u00edgy a hullad\u00e9k bolyhos \u00e9s szagtalan marad. Cs\u00f6kkenti a kellemetlen szagot El\u0151seg\u00edti a hullad\u00e9k komposzt\u00e1l\u00e1s\u00e1t Jav\u00edtja a komposztmassza szerkezet\u00e9t<\/p>\n<p>KEKKILA m\u00e1rka<br \/>\nKiszerel\u00e9s 50l<\/p>\n","protected":false},"featured_media":32660,"comment_status":"closed","ping_status":"closed","template":"","meta":[],"product_brand":[],"product_cat":[309,371],"product_tag":[],"class_list":{"0":"post-32659","1":"product","2":"type-product","3":"status-publish","4":"has-post-thumbnail","6":"product_cat-kudras-tozegek","7":"product_cat-seklos-lt-tozegek","9":"first","10":"instock","11":"taxable","12":"shipping-taxable","13":"purchasable","14":"product-type-simple"},"_links":{"self":[{"href":"https:\/\/chilimag.hu\/webshop\/wp-json\/wp\/v2\/product\/32659","targetHints":{"allow":["GET"]}}],"collection":[{"href":"https:\/\/chilimag.hu\/webshop\/wp-json\/wp\/v2\/product"}],"about":[{"href":"https:\/\/chilimag.hu\/webshop\/wp-json\/wp\/v2\/types\/product"}],"replies":[{"embeddable":true,"href":"https:\/\/chilimag.hu\/webshop\/wp-json\/wp\/v2\/comments?post=32659"}],"wp:featuredmedia":[{"embeddable":true,"href":"https:\/\/chilimag.hu\/webshop\/wp-json\/wp\/v2\/media\/32660"}],"wp:attachment":[{"href":"https:\/\/chilimag.hu\/webshop\/wp-json\/wp\/v2\/media?parent=32659"}],"wp:term":[{"taxonomy":"product_brand","embeddable":true,"href":"https:\/\/chilimag.hu\/webshop\/wp-json\/wp\/v2\/product_brand?post=32659"},{"taxonomy":"product_cat","embeddable":true,"href":"https:\/\/chilimag.hu\/webshop\/wp-json\/wp\/v2\/product_cat?post=32659"},{"taxonomy":"product_tag","embeddable":true,"href":"https:\/\/chilimag.hu\/webshop\/wp-json\/wp\/v2\/product_tag?post=32659"}],"curies":[{"name":"wp","href":"https:\/\/api.w.org\/{rel}","templated":true}]}}