{"id":32654,"date":"2024-07-07T18:08:55","date_gmt":"2024-07-07T18:08:55","guid":{"rendered":"https:\/\/chilimag.hu\/webshop\/?post_type=product&#038;p=32654"},"modified":"2024-07-07T18:14:59","modified_gmt":"2024-07-07T18:14:59","slug":"rovar-ragaszto-csapda-200-ml-sumin-sl","status":"publish","type":"product","link":"https:\/\/chilimag.hu\/webshop\/termek\/rovar-ragaszto-csapda-200-ml-sumin-sl\/","title":{"rendered":"Sumin Rovar ragaszt\u00f3 csapda  200 ml SL"},"content":{"rendered":"","protected":false},"excerpt":{"rendered":"<p><img decoding=\"async\" class=\"active-logo\" src=\"https:\/\/b2b.seklos.lt\/themes\/warehouse\/img\/logo_en.png\" alt=\"Agrofirma S\u0117klos, UAB\" width=\"280\" height=\"95\" \/><\/p>\n<p>C\u00e9l: a term\u00e9ket rovarok elleni fizikai v\u00e9dekez\u00e9sre sz\u00e1nj\u00e1k. Az eszk\u00f6z form\u00e1ja lehet\u0151v\u00e9 teszi, hogy \u00f6n\u00e1ll\u00f3an k\u00e9sz\u00edtsen hat\u00e9kony \u00e9s eszt\u00e9tikus rovarcsapd\u00e1kat. A ragaszt\u00f3 sz\u00edntelen, nem sz\u00e1rad ki az id\u0151 m\u00fal\u00e1s\u00e1val, \u00e9s m\u00e9g a l\u00e9gk\u00f6ri t\u00e9nyez\u0151k hat\u00e1s\u00e1ra is meg\u0151rzi hat\u00e9konys\u00e1g\u00e1t. Az eszk\u00f6z ide\u00e1lis alternat\u00edva minden ragad\u00f3s csapd\u00e1hoz. Ez k\u00fcl\u00f6n\u00f6sen igaz azokra a ter\u00fcletekre, ahol a hagyom\u00e1nyos rovar\u00f6l\u0151 szerek haszn\u00e1lata vesz\u00e9lyes vagy tiltott lenne. Felhaszn\u00e1l\u00e1s: 200 ml\/0,5 m2. Ecsettel vigye fel nem nedvsz\u00edv\u00f3 anyagokra \u00e9s sima fel\u00fcletekre, k\u00e9sz elemekre, fat\u00f6rzsekre &#8211; 15 cm magas\/10 cm sz\u00e9les s\u00e1v. A saj\u00e1t k\u00e9sz\u00edt\u00e9s\u0171 csapd\u00e1khoz v\u00e1lasszuk ki a rovar t\u00edpus\u00e1nak megfelel\u0151 sz\u00ednt, adjunk hozz\u00e1 attrakt\u00e1nst vagy feromont. Nem tartalmaz benzolt, xilolt \u00e9s toluolt, de n-hex\u00e1nt (CAS-sz\u00e1m: 110-54-3) tartalmaz. Kiszerel\u00e9s &#8211; 200 ml.<\/p>\n<p>Sumin m\u00e1rka<br \/>\nKiszerel\u00e9s 200 ml<\/p>\n","protected":false},"featured_media":32655,"comment_status":"closed","ping_status":"closed","template":"","meta":[],"product_brand":[],"product_cat":[391,340],"product_tag":[],"class_list":{"0":"post-32654","1":"product","2":"type-product","3":"status-publish","4":"has-post-thumbnail","6":"product_cat-egyeb-tapoldatok","7":"product_cat-kartevo-csapdak","9":"first","10":"instock","11":"taxable","12":"shipping-taxable","13":"purchasable","14":"product-type-simple"},"_links":{"self":[{"href":"https:\/\/chilimag.hu\/webshop\/wp-json\/wp\/v2\/product\/32654","targetHints":{"allow":["GET"]}}],"collection":[{"href":"https:\/\/chilimag.hu\/webshop\/wp-json\/wp\/v2\/product"}],"about":[{"href":"https:\/\/chilimag.hu\/webshop\/wp-json\/wp\/v2\/types\/product"}],"replies":[{"embeddable":true,"href":"https:\/\/chilimag.hu\/webshop\/wp-json\/wp\/v2\/comments?post=32654"}],"wp:featuredmedia":[{"embeddable":true,"href":"https:\/\/chilimag.hu\/webshop\/wp-json\/wp\/v2\/media\/32655"}],"wp:attachment":[{"href":"https:\/\/chilimag.hu\/webshop\/wp-json\/wp\/v2\/media?parent=32654"}],"wp:term":[{"taxonomy":"product_brand","embeddable":true,"href":"https:\/\/chilimag.hu\/webshop\/wp-json\/wp\/v2\/product_brand?post=32654"},{"taxonomy":"product_cat","embeddable":true,"href":"https:\/\/chilimag.hu\/webshop\/wp-json\/wp\/v2\/product_cat?post=32654"},{"taxonomy":"product_tag","embeddable":true,"href":"https:\/\/chilimag.hu\/webshop\/wp-json\/wp\/v2\/product_tag?post=32654"}],"curies":[{"name":"wp","href":"https:\/\/api.w.org\/{rel}","templated":true}]}}