{"id":32652,"date":"2024-07-07T18:01:39","date_gmt":"2024-07-07T18:01:39","guid":{"rendered":"https:\/\/chilimag.hu\/webshop\/?post_type=product&#038;p=32652"},"modified":"2024-07-07T19:26:05","modified_gmt":"2024-07-07T19:26:05","slug":"afonya-novenyi-taplalek-350-gr-schultz-sl","status":"publish","type":"product","link":"https:\/\/chilimag.hu\/webshop\/termek\/afonya-novenyi-taplalek-350-gr-schultz-sl\/","title":{"rendered":"SCHULTZ \u00c1fonya n\u00f6v\u00e9nyi t\u00e1pl\u00e1l\u00e9k 350 gr SL"},"content":{"rendered":"","protected":false},"excerpt":{"rendered":"<p><img decoding=\"async\" class=\"logo\" src=\"https:\/\/b2b.seklos.lt\/themes\/warehouse\/img\/logo_en.png\" alt=\"Agrofirma S\u0117klos, UAB\" \/><\/p>\n<p>SCHULTZ \u00c1fonya n\u00f6v\u00e9nyi t\u00e1pl\u00e1l\u00e9k 12-10-11+4,5MgO 350g<br \/>\nEgy j\u00f3l kiegyens\u00falyozott NPK m\u0171tr\u00e1gya 12:10:11 + magn\u00e9zium + nyomelemek takarm\u00e1ny, amely megb\u00edzhat\u00f3 eredm\u00e9nyeket ad minden savkedvel\u0151 n\u00f6v\u00e9ny sz\u00e1m\u00e1ra: az\u00e1lea, \u00e1fonya, \u00e1fonya, rododendron, \u00f6r\u00f6kz\u00f6ld (feny\u0151, bor\u00f3ka, lucfeny\u0151, tuja), magn\u00f3lia, hortenzia, kutyafa. , Boxwoods, Camellia, Citrus, Ficus, Orchidea, Gardenia, P\u00e1fr\u00e1nyok \u00e9s minden n\u00f6v\u00e9ny l\u00fagos talajban. A Blueberry Plant Food speci\u00e1lisan magn\u00e9ziumot, vasat \u00e9s m\u00e1s alapvet\u0151 n\u00f6v\u00e9nyi t\u00e1panyagokat tartalmaz, amelyek \u00e9l\u00e9nk sz\u00edneket, vonz\u00f3 lombozatot \u00e9s b\u0151s\u00e9ges vir\u00e1gz\u00e1st eredm\u00e9nyeznek. \u201e\u00dagy t\u00e1pl\u00e1lkozik, mint a term\u00e9szet\u201d az\u00e1ltal, hogy es\u0151ben egyenletesen oldja fel a t\u00e1panyagokat \u00e9s a l\u00e9tfontoss\u00e1g\u00fa mikroelemeket.<br \/>\nGarant\u00e1lt anal\u00edzis: V\u00edzben old\u00f3d\u00f3 \u00f6sszes nitrog\u00e9n (N) 12,1%, ebb\u0151l amm\u00f3ni\u00e1s nitrog\u00e9n (NH4-N) 10,7%, karbamidnitrog\u00e9n (Ureic-N) 1,4% foszfor-pentoxid (P2O5) v\u00edzben oldhat\u00f3 10,0% k\u00e1lium-oxid (K2O) v\u00edzben oldhat\u00f3 10,8% magn\u00e9zium-oxid (MgO) 4,5% v\u00edzben old\u00f3d\u00f3 szulf\u00e1t (SO3) 43,43%, v\u00edzben old\u00f3d\u00f3 k\u00e9n (S) 17,37%, v\u00edzben old\u00f3d\u00f3 n\u00e1trium (Na) 0,094% v\u00edzben oldhat\u00f3 b\u00f3r (B) 0,015% v\u00edzben old\u00f3d\u00f3 r\u00e9z ( Cu-EDTA) 0,017% V\u00edzben old\u00f3d\u00f3 vas (Fe-EDTA) 0,06% V\u00edzben old\u00f3d\u00f3 mang\u00e1n (Mn-EDTA) 0,034% V\u00edzben old\u00f3d\u00f3 Molibd\u00e9n (Mo) 0,0012% V\u00edzben old\u00f3d\u00f3 cink (Zn-EDTA) 0,017%.<\/p>\n<p>AZ \u00d6NT\u00d6Z\u0150KANNA IR\u00c1NYAI. M\u00e9r\u0151kan\u00e1l (1\/4 te\u00e1skan\u00e1l) bel\u00fcl.<br \/>\nBELT\u00c9RI SAVSZERET\u0150 N\u00d6V\u00c9NYEK \u00c9S \u00c1TL\u00c1LTAT\u00c1SOK: 1 m\u00e9r\u0151kan\u00e1l 3 liter v\u00edzhez.<br \/>\nK\u00dcLT\u00c9RI SAVSZERET\u0150 N\u00d6V\u00c9NYEK, F\u00c1K \u00c9S CSERJEK: 1 m\u00e9r\u0151kan\u00e1l 1 liter v\u00edzhez.<br \/>\nEgyszer\u0171en \u00f6ntse a megfelel\u0151 mennyis\u00e9g\u0171 m\u0171tr\u00e1gy\u00e1t a kann\u00e1ba, adjon hozz\u00e1 vizet, keverje \u00f6ssze az eg\u00e9szet, \u00e9s b\u0151s\u00e9gesen vigye fel a n\u00f6v\u00e9ny gy\u00f6ker\u00e9re. Eg\u00e9sz szezonban haszn\u00e1lhat\u00f3. Etetni 7-14 naponk\u00e9nt. Am\u00edg a n\u00f6v\u00e9nyek akt\u00edvan n\u00f6vekszenek, minden \u00f6nt\u00f6z\u00e9skor m\u0171tr\u00e1gy\u00e1t lehet alkalmazni. A sz\u00edn \u00e9s forma elt\u00e9r\u00e9sei nem v\u00e1ltoztatj\u00e1k meg a hat\u00e9konys\u00e1got.<\/p>\n<p>SCHULTZ GARDEN m\u00e1rka<br \/>\nM\u0171tr\u00e1gya t\u00edpusa Laza<br \/>\nM\u0171tr\u00e1gya szezonalit\u00e1s Ny\u00e1ri tr\u00e1gy\u00e1z\u00e1s, Tavaszi tr\u00e1gy\u00e1z\u00e1s<br \/>\nKiszerel\u00e9s 350 g<\/p>\n","protected":false},"featured_media":32653,"comment_status":"closed","ping_status":"closed","template":"","meta":[],"product_brand":[],"product_cat":[391],"product_tag":[],"class_list":{"0":"post-32652","1":"product","2":"type-product","3":"status-publish","4":"has-post-thumbnail","6":"product_cat-egyeb-tapoldatok","8":"first","9":"instock","10":"taxable","11":"shipping-taxable","12":"purchasable","13":"product-type-simple"},"_links":{"self":[{"href":"https:\/\/chilimag.hu\/webshop\/wp-json\/wp\/v2\/product\/32652","targetHints":{"allow":["GET"]}}],"collection":[{"href":"https:\/\/chilimag.hu\/webshop\/wp-json\/wp\/v2\/product"}],"about":[{"href":"https:\/\/chilimag.hu\/webshop\/wp-json\/wp\/v2\/types\/product"}],"replies":[{"embeddable":true,"href":"https:\/\/chilimag.hu\/webshop\/wp-json\/wp\/v2\/comments?post=32652"}],"wp:featuredmedia":[{"embeddable":true,"href":"https:\/\/chilimag.hu\/webshop\/wp-json\/wp\/v2\/media\/32653"}],"wp:attachment":[{"href":"https:\/\/chilimag.hu\/webshop\/wp-json\/wp\/v2\/media?parent=32652"}],"wp:term":[{"taxonomy":"product_brand","embeddable":true,"href":"https:\/\/chilimag.hu\/webshop\/wp-json\/wp\/v2\/product_brand?post=32652"},{"taxonomy":"product_cat","embeddable":true,"href":"https:\/\/chilimag.hu\/webshop\/wp-json\/wp\/v2\/product_cat?post=32652"},{"taxonomy":"product_tag","embeddable":true,"href":"https:\/\/chilimag.hu\/webshop\/wp-json\/wp\/v2\/product_tag?post=32652"}],"curies":[{"name":"wp","href":"https:\/\/api.w.org\/{rel}","templated":true}]}}