{"id":32635,"date":"2024-07-06T19:18:47","date_gmt":"2024-07-06T19:18:47","guid":{"rendered":"https:\/\/chilimag.hu\/webshop\/?post_type=product&#038;p=32635"},"modified":"2025-12-15T06:59:43","modified_gmt":"2025-12-15T06:59:43","slug":"kerti-mutragya-25-kg-agr-sl","status":"publish","type":"product","link":"https:\/\/chilimag.hu\/webshop\/termek\/kerti-mutragya-25-kg-agr-sl\/","title":{"rendered":"Kerti m\u0171tr\u00e1gya 2,5 kg AGR SL"},"content":{"rendered":"","protected":false},"excerpt":{"rendered":"<p><img decoding=\"async\" class=\"active-logo\" src=\"https:\/\/b2b.seklos.lt\/themes\/warehouse\/img\/logo_en.png\" alt=\"Agrofirma S\u0117klos, UAB\" width=\"280\" height=\"95\" \/><\/p>\n<p>UNIVERZ\u00c1LIS KERTI TR\u00c1GYA<br \/>\nPFC 1(C)(I)(a)(ii) \u00d6SSZETETT SZIL\u00c1RD SZERVETLEN MAKROT\u00c1PANYAG-M\u0170TR\u00c1GYA.<br \/>\nTartalomnyilatkozat NPK (Mg, S) 12-12-17 (+2+35)+TE. Haszn\u00e1lati \u00fatmutat\u00f3. A m\u0171tr\u00e1gy\u00e1kat arra tervezt\u00e9k, hogy jav\u00edts\u00e1k a talajt, \u00e9s sokf\u00e9le z\u00f6lds\u00e9get, gy\u00fcm\u00f6lcs\u00f6t \u00e9s d\u00edszn\u00f6v\u00e9nyt t\u00e1pl\u00e1ljanak. Pr\u00f3b\u00e1lja meg a n\u00f6v\u00e9nyeket helyben tr\u00e1gy\u00e1zni. Mindig pr\u00f3b\u00e1ljon m\u0171tr\u00e1gy\u00e1t bevinni a talajba. A m\u0171tr\u00e1gy\u00e1z\u00e1s ut\u00e1ni \u00f6nt\u00f6z\u00e9s elengedhetetlen. Tr\u00e1gy\u00e1zzon meg egy korona sz\u00e9less\u00e9g\u0171 \u00e1gcs\u00edkot a cserj\u00e9k \u00e9s f\u00e1k k\u00f6r\u00fcl. Az aj\u00e1nlott szintig 1-3 alkalommal tr\u00e1gy\u00e1zzunk. A m\u0171tr\u00e1gya kijuttat\u00e1sok sz\u00e1ma a n\u00f6v\u00e9nyek vegetat\u00edv ig\u00e9nyeit\u0151l, a n\u00f6v\u00e9nyek n\u00f6veked\u00e9si \u00fctem\u00e9t\u0151l, a kijuttat\u00e1s id\u0151z\u00edt\u00e9s\u00e9t\u0151l \u00e9s a talaj t\u00e1panyagtartalm\u00e1t\u00f3l f\u00fcgg. Kijuttat\u00e1si mennyis\u00e9g: pal\u00e1nt\u00e1k \u00e9s csemet\u00e9k \u2013 20-30 g\/m2 f\u00f6ld (talaj) \u2013 50-100 g\/m2 h\u00fcvelyes z\u00f6lds\u00e9gek &#8211; 30 g\/m2 (vet\u00e9s el\u0151tt) liliaceae csal\u00e1d z\u00f6lds\u00e9gek \u2013 40-60 g\/m2 gy\u00f6k\u00e9rz\u00f6lds\u00e9gek \u2013 50- 100 g\/m2 burgonya \u2013 80-100 g\/m2 gy\u00fcm\u00f6lcsz\u00f6lds\u00e9g \u2013 70-100 g\/m2 k\u00e1poszta z\u00f6lds\u00e9g \u2013 90-120 g\/m2 gy\u00fcm\u00f6lcsbokor (eper, ribizli, egres, m\u00e1lna, lonc, sz\u0151l\u0151 \u00e9s egyebek) \u2013 30- 100 g\/m2 gy\u00fcm\u00f6lcsf\u00e1k \u2013 80-150 g\/m2 szabadt\u00e9ri vir\u00e1gok \u2013 30-60 g\/m2<br \/>\ncser\u00e9pben, v\u00e1ly\u00faban, kont\u00e9nerben termesztett n\u00f6v\u00e9nyek (belt\u00e9ri, erk\u00e9lyes, cserepes \u00e9s teraszos vir\u00e1gok \u00e9s vir\u00e1gos n\u00f6v\u00e9nyek) \u2013 3 g\/1 liter a t\u00e1ptalaj elk\u00e9sz\u00edt\u00e9s\u00e9hez vagy legfeljebb 3 kijuttat\u00e1sra az akt\u00edv veget\u00e1ci\u00f3s id\u0151szakban d\u00edszn\u00f6v\u00e9nyek (vir\u00e1gz\u00f3 cserj\u00e9k) , t\u0171level\u0171ek, \u00f6r\u00f6kz\u00f6ldek): 30-50 g\/m2 fiatalon, 50-80 g\/m2 \u00e9rett (f\u00e1s) d\u00edszs\u00f6v\u00e9ny: 100 g\/m2 t\u00e1jcserj\u00e9k \u00e9s f\u00e1k \u2013 100-200 g\/m2. Csak akkor haszn\u00e1lja, ha felismerte a m\u0171tr\u00e1gya sz\u00fcks\u00e9gess\u00e9g\u00e9t! Ne l\u00e9pje t\u00fal az alkalmaz\u00e1si ar\u00e1nyokat! S\u00faly \u2013 2,5 kg (nett\u00f3).<\/p>\n<p>AGRONOM m\u00e1rka<br \/>\nM\u0171tr\u00e1gya t\u00edpusa Laza<br \/>\nM\u0171tr\u00e1gya szezonalit\u00e1s Tavaszi tr\u00e1gy\u00e1z\u00e1s, Ny\u00e1ri tr\u00e1gy\u00e1z\u00e1s<br \/>\nKiszerel\u00e9s 2,5 kg<\/p>\n","protected":false},"featured_media":32636,"comment_status":"closed","ping_status":"closed","template":"","meta":[],"product_brand":[],"product_cat":[388],"product_tag":[],"class_list":{"0":"post-32635","1":"product","2":"type-product","3":"status-publish","4":"has-post-thumbnail","6":"product_cat-agronom-tapoldatok-es-noveny-apolok","8":"first","9":"instock","10":"taxable","11":"shipping-taxable","12":"purchasable","13":"product-type-simple"},"_links":{"self":[{"href":"https:\/\/chilimag.hu\/webshop\/wp-json\/wp\/v2\/product\/32635","targetHints":{"allow":["GET"]}}],"collection":[{"href":"https:\/\/chilimag.hu\/webshop\/wp-json\/wp\/v2\/product"}],"about":[{"href":"https:\/\/chilimag.hu\/webshop\/wp-json\/wp\/v2\/types\/product"}],"replies":[{"embeddable":true,"href":"https:\/\/chilimag.hu\/webshop\/wp-json\/wp\/v2\/comments?post=32635"}],"wp:featuredmedia":[{"embeddable":true,"href":"https:\/\/chilimag.hu\/webshop\/wp-json\/wp\/v2\/media\/32636"}],"wp:attachment":[{"href":"https:\/\/chilimag.hu\/webshop\/wp-json\/wp\/v2\/media?parent=32635"}],"wp:term":[{"taxonomy":"product_brand","embeddable":true,"href":"https:\/\/chilimag.hu\/webshop\/wp-json\/wp\/v2\/product_brand?post=32635"},{"taxonomy":"product_cat","embeddable":true,"href":"https:\/\/chilimag.hu\/webshop\/wp-json\/wp\/v2\/product_cat?post=32635"},{"taxonomy":"product_tag","embeddable":true,"href":"https:\/\/chilimag.hu\/webshop\/wp-json\/wp\/v2\/product_tag?post=32635"}],"curies":[{"name":"wp","href":"https:\/\/api.w.org\/{rel}","templated":true}]}}