{"id":32612,"date":"2024-07-06T05:08:53","date_gmt":"2024-07-06T05:08:53","guid":{"rendered":"https:\/\/chilimag.hu\/webshop\/?post_type=product&#038;p=32612"},"modified":"2026-02-16T17:27:56","modified_gmt":"2026-02-16T17:27:56","slug":"tatar-sovirag-z-s-sl","status":"publish","type":"product","link":"https:\/\/chilimag.hu\/webshop\/termek\/tatar-sovirag-z-s-sl\/","title":{"rendered":"Tat\u00e1r s\u00f3vir\u00e1g Limonium Tataricum Z.S SL"},"content":{"rendered":"","protected":false},"excerpt":{"rendered":"<p><img decoding=\"async\" class=\"active-logo\" src=\"https:\/\/b2b.seklos.lt\/themes\/warehouse\/img\/logo_en.png\" alt=\"Agrofirma S\u0117klos, UAB\" width=\"280\" height=\"95\" \/><\/p>\n<p>\u00c9vel\u0151, 40 cm magas vir\u00e1gok, kis vir\u00e1gz\u00e1s\u00fa. Legjobban napos, meleg helyen n\u00f6vekszik \u00e9s vir\u00e1gzik, nehezebb talajban takarni kell az \u00e1ttelel\u00e9shez. T\u00f6k\u00e9letes kieg\u00e9sz\u00edt\u0151je a sz\u00e1raz csokroknak ny\u00e1ron \u00e9s t\u00e9len egyar\u00e1nt. A n\u00f6v\u00e9nyeket meleg, s\u00f6t\u00e9t, j\u00f3l szell\u0151z\u0151 helyis\u00e9gben kell sz\u00e1r\u00edtani, fejjel lefel\u00e9 akasztva. A magvak egyenetlen\u00fcl cs\u00edr\u00e1znak, l\u00e1d\u00e1kba kell vetni, majd a pal\u00e1nt\u00e1kat szabadba kell \u00fcltetni. Ellen\u00e1ll a r\u00f6vid t\u00e1v\u00fa fagyoknak.<\/p>\n<p>Hermetikus csomagol\u00e1s Igen<br \/>\nMennyis\u00e9g egy csomagban 0,2g<br \/>\nMagok sz\u00e1ma grammonk\u00e9nt ~900-1000<br \/>\nV\u2013VI pal\u00e1nt\u00e1k vet\u00e9si ideje 0,5 cm<br \/>\nVet\u00e9sid\u0151 \u00fcvegh\u00e1zban III, 0,5 cm<br \/>\nT\u00e1vols\u00e1gok, cm 40 x 45 cm<br \/>\nVir\u00e1gz\u00e1s VI-VIII<br \/>\nM\u00e1rka \u017dalia stotel\u0117<br \/>\nNapos hely Igen<br \/>\nVir\u00e1g\u00e1gy\u00e1sok termeszt\u00e9s\u00e9re alkalmas<\/p>\n","protected":false},"featured_media":32613,"comment_status":"closed","ping_status":"closed","template":"","meta":[],"product_brand":[],"product_cat":[363],"product_tag":[],"class_list":{"0":"post-32612","1":"product","2":"type-product","3":"status-publish","4":"has-post-thumbnail","6":"product_cat-virag-vetomagok-zalia-stotele","8":"first","9":"instock","10":"taxable","11":"shipping-taxable","12":"purchasable","13":"product-type-simple"},"_links":{"self":[{"href":"https:\/\/chilimag.hu\/webshop\/wp-json\/wp\/v2\/product\/32612","targetHints":{"allow":["GET"]}}],"collection":[{"href":"https:\/\/chilimag.hu\/webshop\/wp-json\/wp\/v2\/product"}],"about":[{"href":"https:\/\/chilimag.hu\/webshop\/wp-json\/wp\/v2\/types\/product"}],"replies":[{"embeddable":true,"href":"https:\/\/chilimag.hu\/webshop\/wp-json\/wp\/v2\/comments?post=32612"}],"wp:featuredmedia":[{"embeddable":true,"href":"https:\/\/chilimag.hu\/webshop\/wp-json\/wp\/v2\/media\/32613"}],"wp:attachment":[{"href":"https:\/\/chilimag.hu\/webshop\/wp-json\/wp\/v2\/media?parent=32612"}],"wp:term":[{"taxonomy":"product_brand","embeddable":true,"href":"https:\/\/chilimag.hu\/webshop\/wp-json\/wp\/v2\/product_brand?post=32612"},{"taxonomy":"product_cat","embeddable":true,"href":"https:\/\/chilimag.hu\/webshop\/wp-json\/wp\/v2\/product_cat?post=32612"},{"taxonomy":"product_tag","embeddable":true,"href":"https:\/\/chilimag.hu\/webshop\/wp-json\/wp\/v2\/product_tag?post=32612"}],"curies":[{"name":"wp","href":"https:\/\/api.w.org\/{rel}","templated":true}]}}