{"id":32533,"date":"2024-07-03T19:25:13","date_gmt":"2024-07-03T19:25:13","guid":{"rendered":"https:\/\/chilimag.hu\/webshop\/?post_type=product&#038;p=32533"},"modified":"2025-02-26T09:11:11","modified_gmt":"2025-02-26T09:11:11","slug":"kekkila-nyari-viragfold-30-l-sl","status":"publish","type":"product","link":"https:\/\/chilimag.hu\/webshop\/termek\/kekkila-nyari-viragfold-30-l-sl\/","title":{"rendered":"KEKKILA Ny\u00e1ri Vir\u00e1gf\u00f6ld 30 L SL"},"content":{"rendered":"","protected":false},"excerpt":{"rendered":"<p>TALAJ NY\u00c1RI VIR\u00c1GOKHOZ Kekkil\u00e4 Talaj a ny\u00e1ri vir\u00e1gok talaj\u00e1nak \u00f6sszet\u00e9tele \u00fagy van kialak\u00edtva, hogy a l\u00e9g\u00e1tereszt\u0151 text\u00fara seg\u00edtse a n\u00f6v\u00e9nyek gyors megteleped\u00e9s\u00e9t \u00e9s b\u0151s\u00e9ges vir\u00e1gz\u00e1s\u00e1t. Meszet \u00e9s m\u0171tr\u00e1gy\u00e1t tartalmaz, amelyek el\u0151seg\u00edtik a pal\u00e1nt\u00e1k gyors n\u00f6veked\u00e9s\u00e9t. Tartalmaz tov\u00e1bb\u00e1 a Kekkil\u00e4 Root Power\u2122 huminsav formul\u00e1t, amely jav\u00edtja a gy\u00f6keresed\u00e9st \u00e9s a t\u00e1panyagfelv\u00e9telt, valamint v\u00edzelnyel\u0151 granul\u00e1tumokat, amelyek meghosszabb\u00edtj\u00e1k az \u00f6nt\u00f6z\u00e9si intervallumokat.<\/p>\n<p style=\"font-weight: 400;\">Kekkila talaj ny\u00e1ri vir\u00e1gokhoz. -kiv\u00e1l\u00f3 min\u0151s\u00e9g\u0171 talaj a vir\u00e1gz\u00f3 ny\u00e1ri vir\u00e1gokhoz. A l\u00e9g\u00e1tereszt\u0151 szerkezet el\u0151seg\u00edti a n\u00f6v\u00e9nyek gyors gy\u00f6keresed\u00e9s\u00e9t \u00e9s b\u0151s\u00e9ges vir\u00e1gz\u00e1s\u00e1t. A n\u00f6v\u00e9nyek gyors n\u00f6veked\u00e9se \u00e9rdek\u00e9ben a talajt meszezni \u00e9s tr\u00e1gy\u00e1zni kell. A hossz\u00fa hat\u00e1s\u00fa m\u0171tr\u00e1gy\u00e1k biztos\u00edtj\u00e1k az egyenletes n\u00f6veked\u00e9st a ny\u00e1r folyam\u00e1n. A ny\u00e1ri vir\u00e1goknak sz\u00e1nt talajba keverik. A Kekkila huninsav k\u00e9sz\u00edtm\u00e9ny, amely jav\u00edtja a n\u00f6v\u00e9nyek gy\u00f6keresed\u00e9s\u00e9t \u00e9s t\u00e1panyagok felsz\u00edv\u00f3d\u00e1s\u00e1t, valamint a v\u00edzkrist\u00e1lyok, amely meghosszabb\u00edtj\u00e1k az \u00f6nt\u00f6z\u00e9sek k\u00f6z\u00f6tti intervallumokat.<\/p>\n<p style=\"font-weight: 400;\">Felhaszn\u00e1l\u00e1sok: Ny\u00e1ri vir\u00e1gok \u00fcltet\u00e9se cserepekben, f\u00fcg\u0151kosarakban, erk\u00e9ly \u00e9s terasz\u00e1gy\u00e1sokba.<\/p>\n<p style=\"font-weight: 400;\">Haszn\u00e1lati \u00fatmutat\u00f3: V\u00e1laszon megfelel\u0151 cserepeket \u00e9s \u00e1gy\u00e1sokat, hogy a n\u00f6v\u00e9nyek gy\u00f6kereinek legyen helye n\u00f6vekedni. Fedje be az ed\u00e9nyt vagy erk\u00e9lyt\u00e1lca alj\u00e1t 2-5 cm-es granul\u00e1tummal. A tetej\u00e9re \u00f6nts\u00f6n talajt a ny\u00e1ri vir\u00e1gok sz\u00e1m\u00e1ra, \u00e9s k\u00e9sz\u00edtsen lyukakat valamivel nagyobb, mint a n\u00f6v\u00e9ny gy\u00f6k\u00e9rlabd\u00e1ja. \u00d3vatosan terjessze sz\u00e9t a gy\u00f6kereket, \u00e9s \u00fcltesse el a n\u00f6v\u00e9nyt. Fedje be a gy\u00f6k\u00e9r goly\u00f3t talajjal, \u00e9s t\u00f6m\u00f6r\u00edtse k\u00f6r\u00fcl a talajt.<\/p>\n<p style=\"font-weight: 400;\">\u00c9rdemest\u00f6bb agyaggranul\u00e1tumot tenni a nagy k\u00fclt\u00e9ri ed\u00e9nyekbe \u00edgy k\u00f6nnyebb lesz \u00e1thelyezni az ed\u00e9nyeket egyik helyr\u0151l a m\u00e1sikra. T\u00f6lts\u00fck meg a nagy cserep als\u00f3 r\u00e9sz\u00e9t Kekkila agyagpelettel, a marad\u00e9k 30-40 cm-t-Kekkila talajjal a ny\u00e1ri vir\u00e1gok sz\u00e1m\u00e1ra.<\/p>\n<p style=\"font-weight: 400;\">Finoman nyomja meg a talajt, hogy ne \u00fclepedjen, \u00e9s a vir\u00e1gok ne s\u00fcppedjenek t\u00fal m\u00e9lyen a cser\u00e9pbe. Hagyon helyet az \u00f6nt\u00f6z\u00e9snek, hogy a v\u00edz k\u00f6nnyebben felsz\u00edvodjon. Az el\u00fcltetett n\u00f6v\u00e9nyeket j\u00f3l \u00f6nt\u00f6zz\u00fck meg, hogy a talaj eg\u00e9szen az alj\u00e1ig nedves legyen. A ny\u00e1ri vir\u00e1goknak sz\u00e1nt Kekkila m\u0171tr\u00e1gy\u00e1k alkalmasak a ny\u00e1ri vir\u00e1gtr\u00e1gy\u00e1z\u00e1sra.<\/p>\n<p style=\"font-weight: 400;\">Laza termeszt\u0151k\u00f6zeg-k\u00fcl\u00f6nb\u00f6z\u0151 tipus\u00fa t\u0151zeg d\u00farva \u00e9s finom homokja 5,0kg\/m3 Mg-ben gazdag m\u00e9szk\u0151liszt, 0,9kg\/m2 Kekkila StartGrow m\u0171tr\u00e1gya (15-5-24+ nyomelemek), 2 kg\/m3 hossz\u00fa t\u00e1v\u00fa m\u0171tr\u00e1gya Osmocote 4 M (16-4-10+1 Mgo+TE), granul\u00e1tum \u00f6nt\u00f6z\u00e9s szer humusz<\/p>\n<p style=\"font-weight: 400;\">Vezet\u0151k\u00e9pess\u00e9g (SFS 1+5) 30mS\/m, pH (1+5) 6,2, Nitrog\u00e9n(N) v\u00edzben old\u00f3dik 135 mg\/L, Foszfor (P) 45mg\/L, K\u00e1liuum(K) 220 mg\/L, p\u00e1ratartalom 55%, szerves anyag 50%.<\/p>\n<p>KEKKILA m\u00e1rka<br \/>\nC\u00e9l Vir\u00e1gokhoz<br \/>\nKiszerel\u00e9s 30l<\/p>\n","protected":false},"featured_media":32534,"comment_status":"closed","ping_status":"closed","template":"","meta":[],"product_brand":[],"product_cat":[371],"product_tag":[],"class_list":{"0":"post-32533","1":"product","2":"type-product","3":"status-publish","4":"has-post-thumbnail","6":"product_cat-seklos-lt-tozegek","8":"first","9":"instock","10":"taxable","11":"shipping-taxable","12":"purchasable","13":"product-type-simple"},"_links":{"self":[{"href":"https:\/\/chilimag.hu\/webshop\/wp-json\/wp\/v2\/product\/32533","targetHints":{"allow":["GET"]}}],"collection":[{"href":"https:\/\/chilimag.hu\/webshop\/wp-json\/wp\/v2\/product"}],"about":[{"href":"https:\/\/chilimag.hu\/webshop\/wp-json\/wp\/v2\/types\/product"}],"replies":[{"embeddable":true,"href":"https:\/\/chilimag.hu\/webshop\/wp-json\/wp\/v2\/comments?post=32533"}],"wp:featuredmedia":[{"embeddable":true,"href":"https:\/\/chilimag.hu\/webshop\/wp-json\/wp\/v2\/media\/32534"}],"wp:attachment":[{"href":"https:\/\/chilimag.hu\/webshop\/wp-json\/wp\/v2\/media?parent=32533"}],"wp:term":[{"taxonomy":"product_brand","embeddable":true,"href":"https:\/\/chilimag.hu\/webshop\/wp-json\/wp\/v2\/product_brand?post=32533"},{"taxonomy":"product_cat","embeddable":true,"href":"https:\/\/chilimag.hu\/webshop\/wp-json\/wp\/v2\/product_cat?post=32533"},{"taxonomy":"product_tag","embeddable":true,"href":"https:\/\/chilimag.hu\/webshop\/wp-json\/wp\/v2\/product_tag?post=32533"}],"curies":[{"name":"wp","href":"https:\/\/api.w.org\/{rel}","templated":true}]}}