{"id":32263,"date":"2024-06-21T08:21:34","date_gmt":"2024-06-21T08:21:34","guid":{"rendered":"https:\/\/chilimag.hu\/webshop\/?post_type=product&#038;p=32263"},"modified":"2025-01-16T05:42:56","modified_gmt":"2025-01-16T05:42:56","slug":"mehecske-mintas-metszoollo-bee031","status":"publish","type":"product","link":"https:\/\/chilimag.hu\/webshop\/termek\/mehecske-mintas-metszoollo-bee031\/","title":{"rendered":"M\u00e9hecske mint\u00e1s metsz\u0151oll\u00f3 (BEE031)"},"content":{"rendered":"","protected":false},"excerpt":{"rendered":"<p>M\u00e9hecske mint\u00e1s metsz\u0151oll\u00f3 kisebb kerti munk\u00e1khoz. Ergonomikus kialak\u00edt\u00e1s\u00fa, amely t\u00f6k\u00e9letesen alkalmas r\u00fcgyek \u00e9s vir\u00e1gok metsz\u00e9s\u00e9re. A rajta l\u00e9v\u0151 kapocs seg\u00edts\u00e9g\u00e9vel \u00f6sszez\u00e1rhat\u00f3.<\/p>\n","protected":false},"featured_media":32264,"comment_status":"closed","ping_status":"closed","template":"","meta":[],"product_brand":[],"product_cat":[394],"product_tag":[],"class_list":{"0":"post-32263","1":"product","2":"type-product","3":"status-publish","4":"has-post-thumbnail","6":"product_cat-kerti-szerszamok","8":"first","9":"instock","10":"taxable","11":"shipping-taxable","12":"purchasable","13":"product-type-simple"},"_links":{"self":[{"href":"https:\/\/chilimag.hu\/webshop\/wp-json\/wp\/v2\/product\/32263","targetHints":{"allow":["GET"]}}],"collection":[{"href":"https:\/\/chilimag.hu\/webshop\/wp-json\/wp\/v2\/product"}],"about":[{"href":"https:\/\/chilimag.hu\/webshop\/wp-json\/wp\/v2\/types\/product"}],"replies":[{"embeddable":true,"href":"https:\/\/chilimag.hu\/webshop\/wp-json\/wp\/v2\/comments?post=32263"}],"wp:featuredmedia":[{"embeddable":true,"href":"https:\/\/chilimag.hu\/webshop\/wp-json\/wp\/v2\/media\/32264"}],"wp:attachment":[{"href":"https:\/\/chilimag.hu\/webshop\/wp-json\/wp\/v2\/media?parent=32263"}],"wp:term":[{"taxonomy":"product_brand","embeddable":true,"href":"https:\/\/chilimag.hu\/webshop\/wp-json\/wp\/v2\/product_brand?post=32263"},{"taxonomy":"product_cat","embeddable":true,"href":"https:\/\/chilimag.hu\/webshop\/wp-json\/wp\/v2\/product_cat?post=32263"},{"taxonomy":"product_tag","embeddable":true,"href":"https:\/\/chilimag.hu\/webshop\/wp-json\/wp\/v2\/product_tag?post=32263"}],"curies":[{"name":"wp","href":"https:\/\/api.w.org\/{rel}","templated":true}]}}