{"id":32241,"date":"2024-06-21T07:51:33","date_gmt":"2024-06-21T07:51:33","guid":{"rendered":"https:\/\/chilimag.hu\/webshop\/?post_type=product&#038;p=32241"},"modified":"2025-08-23T10:53:13","modified_gmt":"2025-08-23T10:53:13","slug":"muanyag-noveny-permetezo-zold-046-l","status":"publish","type":"product","link":"https:\/\/chilimag.hu\/webshop\/termek\/muanyag-noveny-permetezo-zold-046-l\/","title":{"rendered":"M\u0171anyag n\u00f6v\u00e9ny permetez\u0151, z\u00f6ld, 0,46 l (TG357-B)"},"content":{"rendered":"","protected":false},"excerpt":{"rendered":"<p>M\u0171anyag n\u00f6v\u00e9nypermetez\u0151, 0,46 literes, z\u00f6ld. A tart\u00e1lyba ak\u00e1r 0,46 liter folyad\u00e9kot is t\u00f6lthet\u00fcnk, \u00edgy hat\u00e9konyan alkalmazhat\u00f3 k\u00fcl- \u00e9s belt\u00e9ren is. K\u00f6nny\u0171 permetet biztos\u00edt a n\u00f6v\u00e9nyeknek, \u00edgy a f\u00f6ld is nedvesen tarthat\u00f3.\/B<\/p>\n","protected":false},"featured_media":32242,"comment_status":"closed","ping_status":"closed","template":"","meta":[],"product_brand":[],"product_cat":[467],"product_tag":[],"class_list":{"0":"post-32241","1":"product","2":"type-product","3":"status-publish","4":"has-post-thumbnail","6":"product_cat-locsolas-viz-es-talaj-vizsgalo-eszkozok","8":"first","9":"instock","10":"taxable","11":"shipping-taxable","12":"purchasable","13":"product-type-simple"},"_links":{"self":[{"href":"https:\/\/chilimag.hu\/webshop\/wp-json\/wp\/v2\/product\/32241","targetHints":{"allow":["GET"]}}],"collection":[{"href":"https:\/\/chilimag.hu\/webshop\/wp-json\/wp\/v2\/product"}],"about":[{"href":"https:\/\/chilimag.hu\/webshop\/wp-json\/wp\/v2\/types\/product"}],"replies":[{"embeddable":true,"href":"https:\/\/chilimag.hu\/webshop\/wp-json\/wp\/v2\/comments?post=32241"}],"wp:featuredmedia":[{"embeddable":true,"href":"https:\/\/chilimag.hu\/webshop\/wp-json\/wp\/v2\/media\/32242"}],"wp:attachment":[{"href":"https:\/\/chilimag.hu\/webshop\/wp-json\/wp\/v2\/media?parent=32241"}],"wp:term":[{"taxonomy":"product_brand","embeddable":true,"href":"https:\/\/chilimag.hu\/webshop\/wp-json\/wp\/v2\/product_brand?post=32241"},{"taxonomy":"product_cat","embeddable":true,"href":"https:\/\/chilimag.hu\/webshop\/wp-json\/wp\/v2\/product_cat?post=32241"},{"taxonomy":"product_tag","embeddable":true,"href":"https:\/\/chilimag.hu\/webshop\/wp-json\/wp\/v2\/product_tag?post=32241"}],"curies":[{"name":"wp","href":"https:\/\/api.w.org\/{rel}","templated":true}]}}