{"id":31992,"date":"2024-05-31T05:58:35","date_gmt":"2024-05-31T05:58:35","guid":{"rendered":"https:\/\/chilimag.hu\/webshop\/?post_type=product&#038;p=31992"},"modified":"2025-08-12T13:00:56","modified_gmt":"2025-08-12T13:00:56","slug":"birka-tragya-05-gr-ow-sl","status":"publish","type":"product","link":"https:\/\/chilimag.hu\/webshop\/termek\/birka-tragya-05-gr-ow-sl\/","title":{"rendered":"Birka Tr\u00e1gya 0,5 gr OW SL"},"content":{"rendered":"","protected":false},"excerpt":{"rendered":"<p><img decoding=\"async\" class=\"active-logo\" src=\"https:\/\/b2b.seklos.lt\/themes\/warehouse\/img\/logo_en.png\" alt=\"Agrofirma S\u0117klos, UAB\" width=\"280\" height=\"95\" \/><\/p>\n<p>HOSSZANTART\u00d3 HAT\u00c1S\u00da UNIVERZ\u00c1LIS BIO (Birka) TR\u00c1GYA NPK (Ca, Mg, Na, S) 11,1-0,3-5,5 (+0,6+0,2+0,35+5,5) + TE. C\u00e9lja. Tr\u00e1gy\u00e1z\u00f3 term\u00e9k talaj- \u00e9s\/vagy altalajjav\u00edt\u00e1sra; k\u00fcl\u00f6nb\u00f6z\u0151 t\u00edpus\u00fa n\u00f6v\u00e9nyek t\u00e1pl\u00e1l\u00e1sa a k\u00fcl\u00f6nb\u00f6z\u0151 termeszt\u00e9si szakaszokban; k\u00fcl\u00f6nb\u00f6z\u0151 t\u00edpus\u00fa talajokhoz (altalajokhoz) \u00e9s k\u00fcl\u00f6nb\u00f6z\u0151 m\u0171vel\u00e9si felt\u00e9telekhez alkalmas. Fiatal n\u00f6v\u00e9nyek, cser\u00e9pben, magas\u00e1gy\u00e1sban, kont\u00e9nerben termesztett n\u00f6v\u00e9nyek tr\u00e1gy\u00e1z\u00e1s\u00e1ra is alkalmas. Az univerz\u00e1lis \u00e9s \u201egazdag\u201d formula biztos\u00edtja a n\u00f6v\u00e9nyek legfontosabb t\u00e1pl\u00e1lkoz\u00e1si ig\u00e9nyeinek kiel\u00e9g\u00edt\u00e9s\u00e9t, a humusztartalom meg\u0151rz\u00e9s\u00e9t vagy ak\u00e1r n\u00f6vel\u00e9s\u00e9t, a talaj mikrobiol\u00f3giai aktivit\u00e1s\u00e1nak serkent\u00e9s\u00e9t. A m\u0171tr\u00e1gyapellet nemcsak vizet tart meg (2\/3-szor abszorbe\u00e1lja a vizet, mint amennyi a s\u00falya), hanem n\u00f6veli a felhajt\u00f3er\u0151t, n\u00f6veli a talaj porozit\u00e1s\u00e1t, jav\u00edtja a talaj leveg\u0151ztet\u00e9s\u00e9t. A tr\u00e1gy\u00e1z\u00f3szer seg\u00edt a semleges savass\u00e1g vissza\u00e1ll\u00edt\u00e1s\u00e1ban. Savkedvel\u0151 n\u00f6v\u00e9nyek tr\u00e1gy\u00e1z\u00e1s\u00e1ra nem alkalmas. Pozit\u00edv k\u00e1ros hat\u00e1s \u2013 \u201edurvas\u00e1g\u00e1nak\u201d k\u00f6sz\u00f6nhet\u0151en a gyapj\u00fapellet elriasztja a puhatest\u0171eket \u00e9s a talajk\u00e1rtev\u0151ket. Haszn\u00e1latra vonatkoz\u00f3 aj\u00e1nl\u00e1sok. Helyi m\u0171tr\u00e1gy\u00e1z\u00e1s, a pelletet minimum 3-5 cm m\u00e9lyen a talajba kell juttatni, mivel a fels\u0151 talajban l\u00e9v\u0151 bakt\u00e9riumok aktiv\u00e1lj\u00e1k a pelletet. Ez a leboml\u00e1si folyamat ak\u00e1r 6 h\u00f3napig is eltart, \u00edgy a m\u0171tr\u00e1gyahaszn\u00e1lat gyakoris\u00e1ga szezononk\u00e9nt egy alkalomra cs\u00f6kken. A bokrok \u00e9s fiatal f\u00e1k k\u00f6r\u00fcl a korona sz\u00e9less\u00e9g\u00e9ben tr\u00e1gy\u00e1zzunk. Szezononk\u00e9nt 1-2 alkalommal tr\u00e1gy\u00e1zzunk. Els\u0151 alkalommal m\u0171tr\u00e1gy\u00e1zni a f\u0151 talajm\u0171vel\u00e9si munk\u00e1k el\u0151tt (altalaj el\u0151k\u00e9sz\u00edt\u00e9s); vet\u00e9s \u00e9s\/vagy \u00fcltet\u00e9s el\u0151tt; vet\u00e9s \u00e9s\/vagy \u00fcltet\u00e9s vagy korai veget\u00e1ci\u00f3 idej\u00e9n. Legk\u00f6zelebb a n\u00f6v\u00e9nyek veget\u00e1ci\u00f3s ig\u00e9nyeinek, a tr\u00e1gy\u00e1z\u00e1si id\u0151nek \u00e9s a talaj t\u00e1panyagtartalm\u00e1nak megfelel\u0151en tr\u00e1gy\u00e1zzunk. \u00c1tlagos alkalmaz\u00e1si ar\u00e1ny. Talaj (altalaj) \u00e9s\/vagy n\u00f6v\u00e9nyek: 100 g\/m2 vagy 10 g\/1 l talaj (altalaj). Deklar\u00e1lt tartalom. A term\u00e9k az 1069\/2009\/EK rendelet szerinti \u00e1llati mell\u00e9kterm\u00e9keket (3. kateg\u00f3ria) tartalmaz \u2013 szil\u00e1rd szerves tr\u00e1gy\u00e1k. A gy\u00e1rt\u00f3 \u00e1ltal kiadott dokumentumok szerint a term\u00e9sn\u00f6vel\u0151 term\u00e9k megfelel a 2021\/1165\/EK rendelet el\u0151\u00edr\u00e1sainak, a 834\/2007\/EK \u00e9s a 889\/EK rendelet szerint biogazd\u00e1lkod\u00e1sban haszn\u00e1lhat\u00f3. 2008. A term\u00e9sn\u00f6vel\u0151 term\u00e9k term\u00e9szetes tartalma kiss\u00e9 elt\u00e9rhet. Alapanyag: 100% nyers juhgyapj\u00fa. T\u00e1panyagok: \u00f6sszes nitrog\u00e9n (N) 11,1% (amm\u00f3nia nitrog\u00e9n (N-NH4) &#8211; 0,3%, szerves nitrog\u00e9n (N szerves &#8211; 10,8%); foszfor-pentoxid (P2O5) &#8211; 0,3%; k\u00e1lium-oxid (K2O) &#8211; 5,5% kalcium oxid (CaO) \u2013 0,6 % mang\u00e1n-oxid (Na2O) \u2013 0,35 % k\u00e9n-trioxid (SO3) \u2013 5,5 %; ).<\/p>\n","protected":false},"featured_media":31993,"comment_status":"closed","ping_status":"closed","template":"","meta":[],"product_brand":[],"product_cat":[387],"product_tag":[],"class_list":{"0":"post-31992","1":"product","2":"type-product","3":"status-publish","4":"has-post-thumbnail","6":"product_cat-organic-way-tapoldatok-es-noveny-apolok","8":"first","9":"instock","10":"taxable","11":"shipping-taxable","12":"purchasable","13":"product-type-simple"},"_links":{"self":[{"href":"https:\/\/chilimag.hu\/webshop\/wp-json\/wp\/v2\/product\/31992","targetHints":{"allow":["GET"]}}],"collection":[{"href":"https:\/\/chilimag.hu\/webshop\/wp-json\/wp\/v2\/product"}],"about":[{"href":"https:\/\/chilimag.hu\/webshop\/wp-json\/wp\/v2\/types\/product"}],"replies":[{"embeddable":true,"href":"https:\/\/chilimag.hu\/webshop\/wp-json\/wp\/v2\/comments?post=31992"}],"wp:featuredmedia":[{"embeddable":true,"href":"https:\/\/chilimag.hu\/webshop\/wp-json\/wp\/v2\/media\/31993"}],"wp:attachment":[{"href":"https:\/\/chilimag.hu\/webshop\/wp-json\/wp\/v2\/media?parent=31992"}],"wp:term":[{"taxonomy":"product_brand","embeddable":true,"href":"https:\/\/chilimag.hu\/webshop\/wp-json\/wp\/v2\/product_brand?post=31992"},{"taxonomy":"product_cat","embeddable":true,"href":"https:\/\/chilimag.hu\/webshop\/wp-json\/wp\/v2\/product_cat?post=31992"},{"taxonomy":"product_tag","embeddable":true,"href":"https:\/\/chilimag.hu\/webshop\/wp-json\/wp\/v2\/product_tag?post=31992"}],"curies":[{"name":"wp","href":"https:\/\/api.w.org\/{rel}","templated":true}]}}