{"id":31990,"date":"2024-05-31T05:53:44","date_gmt":"2024-05-31T05:53:44","guid":{"rendered":"https:\/\/chilimag.hu\/webshop\/?post_type=product&#038;p=31990"},"modified":"2024-05-31T05:53:44","modified_gmt":"2024-05-31T05:53:44","slug":"mutragya-diszfuvek-es-kuszonyovenyekhez-1-kg-agr-sl","status":"publish","type":"product","link":"https:\/\/chilimag.hu\/webshop\/termek\/mutragya-diszfuvek-es-kuszonyovenyekhez-1-kg-agr-sl\/","title":{"rendered":"M\u0171tr\u00e1gya d\u00edszf\u00fcvek \u00e9s k\u00fasz\u00f3ny\u00f6v\u00e9nyekhez 1 kg AGR SL"},"content":{"rendered":"","protected":false},"excerpt":{"rendered":"<p><img decoding=\"async\" class=\"active-logo\" src=\"https:\/\/b2b.seklos.lt\/themes\/warehouse\/img\/logo_en.png\" alt=\"Agrofirma S\u0117klos, UAB\" width=\"280\" height=\"95\" \/><\/p>\n<p>D\u00cdSZF\u00dcVEK \u00c9S KIMSZ\u00d3N\u00d6V\u00c9NYEK M\u0170TR\u00c1GYA<br \/>\nPFC 1(C)(I)(a)(ii) \u00d6SSZETETT SZIL\u00c1RD SZERVETLEN MAKROT\u00c1PANYAG-M\u0170TR\u00c1GYA.<br \/>\nTartalomnyilatkozat NPK (Mg, S) 8-11-22 (+4+29)+TE. \u00datmutat\u00f3 \u00e9s alkalmaz\u00e1si ar\u00e1nyok. A m\u0171tr\u00e1gy\u00e1kat a talajjav\u00edt\u00e1sra, a l\u00e1gysz\u00e1r\u00fa \u00e9vel\u0151 d\u00edszn\u00f6v\u00e9nyek (s\u00e1s, ez\u00fcstf\u0171, csenkesz, n\u00e1df\u0171, hakone f\u0171, mocs\u00e1rf\u0171, sz\u00f6k\u0151k\u00fatf\u0171) \u00e9s k\u00fasz\u00f3n\u00f6v\u00e9nyek (b\u0151rvir\u00e1gok, achtinidi\u00e1k, borosty\u00e1n, sz\u0171z borosty\u00e1n, wisteria) etet\u00e9s\u00e9re tervezt\u00e9k. k\u00f6z\u00f6ns\u00e9ges lonc, r\u00f3zsa \u00e9s hortenzia) fajok. Pr\u00f3b\u00e1lja meg a n\u00f6v\u00e9nyeket helyben tr\u00e1gy\u00e1zni. Mindig pr\u00f3b\u00e1ljon m\u0171tr\u00e1gy\u00e1t bevinni a talajba. A m\u0171tr\u00e1gy\u00e1z\u00e1s ut\u00e1ni \u00f6nt\u00f6z\u00e9s elengedhetetlen. Teny\u00e9szid\u0151szakonk\u00e9nt 2-3 alkalommal tr\u00e1gy\u00e1zzuk meg a n\u00f6v\u00e9nyeket. Az els\u0151 m\u0171tr\u00e1gya kijuttat\u00e1sa az \u00fcltet\u00e9skor vagy tavasszal, a teny\u00e9szid\u0151szak kezdete el\u0151tt (m\u00e1rcius-\u00e1prilis) t\u00f6rt\u00e9nik. Az utols\u00f3 m\u0171tr\u00e1gy\u00e1z\u00e1st legk\u00e9s\u0151bb augusztus k\u00f6zep\u00e9n kell elv\u00e9gezni. Kijuttat\u00e1si mennyis\u00e9gek: pal\u00e1nt\u00e1k, facsemet\u00e9k \u2013 25 g\/m2 talaj &#8211; 50-100 g\/m2 d\u00edszf\u00fcvek, ny\u00e1ri vir\u00e1gok \u2013 20-40 g\/m2 k\u00fasz\u00f3- \u00e9s fiatal d\u00edszn\u00f6v\u00e9nyek, \u00e9vel\u0151 vir\u00e1gok \u2013 30-50 g\/m2 \u00e9rett (f\u00e1s) d\u00edszn\u00f6v\u00e9nyek \u2013 50-80 g\/m2. Csak akkor haszn\u00e1lja, ha felismerte a m\u0171tr\u00e1gya sz\u00fcks\u00e9gess\u00e9g\u00e9t! Ne l\u00e9pje t\u00fal az alkalmaz\u00e1si ar\u00e1nyokat! S\u00faly &#8211; 1 kg (nett\u00f3).<\/p>\n<p>AGRONOM m\u00e1rka<br \/>\nM\u0171tr\u00e1gya t\u00edpusa Laza<br \/>\nM\u0171tr\u00e1gya szezonalit\u00e1s Tavaszi tr\u00e1gy\u00e1z\u00e1s, Ny\u00e1ri tr\u00e1gy\u00e1z\u00e1s<br \/>\nKiszerel\u00e9s 1 kg<\/p>\n","protected":false},"featured_media":31991,"comment_status":"closed","ping_status":"closed","template":"","meta":[],"product_brand":[],"product_cat":[388],"product_tag":[],"class_list":{"0":"post-31990","1":"product","2":"type-product","3":"status-publish","4":"has-post-thumbnail","6":"product_cat-agronom-tapoldatok-es-noveny-apolok","8":"first","9":"instock","10":"taxable","11":"shipping-taxable","12":"purchasable","13":"product-type-simple"},"_links":{"self":[{"href":"https:\/\/chilimag.hu\/webshop\/wp-json\/wp\/v2\/product\/31990","targetHints":{"allow":["GET"]}}],"collection":[{"href":"https:\/\/chilimag.hu\/webshop\/wp-json\/wp\/v2\/product"}],"about":[{"href":"https:\/\/chilimag.hu\/webshop\/wp-json\/wp\/v2\/types\/product"}],"replies":[{"embeddable":true,"href":"https:\/\/chilimag.hu\/webshop\/wp-json\/wp\/v2\/comments?post=31990"}],"wp:featuredmedia":[{"embeddable":true,"href":"https:\/\/chilimag.hu\/webshop\/wp-json\/wp\/v2\/media\/31991"}],"wp:attachment":[{"href":"https:\/\/chilimag.hu\/webshop\/wp-json\/wp\/v2\/media?parent=31990"}],"wp:term":[{"taxonomy":"product_brand","embeddable":true,"href":"https:\/\/chilimag.hu\/webshop\/wp-json\/wp\/v2\/product_brand?post=31990"},{"taxonomy":"product_cat","embeddable":true,"href":"https:\/\/chilimag.hu\/webshop\/wp-json\/wp\/v2\/product_cat?post=31990"},{"taxonomy":"product_tag","embeddable":true,"href":"https:\/\/chilimag.hu\/webshop\/wp-json\/wp\/v2\/product_tag?post=31990"}],"curies":[{"name":"wp","href":"https:\/\/api.w.org\/{rel}","templated":true}]}}