{"id":31970,"date":"2024-05-31T04:09:19","date_gmt":"2024-05-31T04:09:19","guid":{"rendered":"https:\/\/chilimag.hu\/webshop\/?post_type=product&#038;p=31970"},"modified":"2026-02-17T10:15:34","modified_gmt":"2026-02-17T10:15:34","slug":"kakukkszegfu-vesuvius-z-s-sl","status":"publish","type":"product","link":"https:\/\/chilimag.hu\/webshop\/termek\/kakukkszegfu-vesuvius-z-s-sl\/","title":{"rendered":"Kakukkszegf\u0171 Vesuvius Z.S SL"},"content":{"rendered":"","protected":false},"excerpt":{"rendered":"<p><img decoding=\"async\" class=\"active-logo\" src=\"https:\/\/b2b.seklos.lt\/themes\/warehouse\/img\/logo_en.png\" alt=\"Agrofirma S\u0117klos, UAB\" width=\"280\" height=\"95\" \/><\/p>\n<p>\u00c9vel\u0151, 40 cm magas vir\u00e1gok. Vil\u00e1gos vir\u00e1gai \u00e9s s\u00f6t\u00e9t lombozatai egyedi var\u00e1zst k\u00f6lcs\u00f6n\u00f6znek kertj\u00e9nek. Nem ig\u00e9nyel k\u00fcl\u00f6nleges talajviszonyokat, j\u00f3l \u00e9rzi mag\u00e1t napos \u00e9s \u00e1rny\u00e9kos vir\u00e1g\u00e1gy\u00e1sokban is. Hosszan tart\u00f3 sz\u00e1razs\u00e1g idej\u00e9n elengedhetetlen az \u00f6nt\u00f6z\u00e9s, hogy a vir\u00e1gz\u00e1si szakaszban a f\u00f6ld nedves maradjon. Vid\u00e9ki tany\u00e1kra alkalmas. F\u00fcrtben termesztik. A vet\u00e9s ut\u00e1ni m\u00e1sodik \u00e9vben vir\u00e1gzik. T\u00e9len nem kell letakarni.<\/p>\n<p>Mennyis\u00e9g kiszerel\u00e9sben 0,5g<br \/>\nA magok sz\u00e1ma grammonk\u00e9nt ~770<br \/>\nA pal\u00e1nt\u00e1k vet\u00e9si ideje IV\u2013V, 1 cm<br \/>\nT\u00e1vols\u00e1gok, cm VI-VIII, 40&#215;40 cm<br \/>\nVir\u00e1gz\u00e1s VI-VIII<br \/>\nN\u00f6v\u00e9ny magass\u00e1ga 40 cm<br \/>\nTerm\u0151f\u00f6ld<br \/>\nM\u00e1rka \u017dalia stotel\u0117<br \/>\nNapos hely Igen<br \/>\nF\u00e9l\u00e1rny\u00e9k Igen<br \/>\n\u00c9vel\u0151 Igen<br \/>\nVir\u00e1g\u00e1gy\u00e1sok termeszt\u00e9s\u00e9re alkalmas<\/p>\n","protected":false},"featured_media":31971,"comment_status":"closed","ping_status":"closed","template":"","meta":[],"product_brand":[],"product_cat":[363],"product_tag":[],"class_list":{"0":"post-31970","1":"product","2":"type-product","3":"status-publish","4":"has-post-thumbnail","6":"product_cat-virag-vetomagok-zalia-stotele","8":"first","9":"instock","10":"taxable","11":"shipping-taxable","12":"purchasable","13":"product-type-simple"},"_links":{"self":[{"href":"https:\/\/chilimag.hu\/webshop\/wp-json\/wp\/v2\/product\/31970","targetHints":{"allow":["GET"]}}],"collection":[{"href":"https:\/\/chilimag.hu\/webshop\/wp-json\/wp\/v2\/product"}],"about":[{"href":"https:\/\/chilimag.hu\/webshop\/wp-json\/wp\/v2\/types\/product"}],"replies":[{"embeddable":true,"href":"https:\/\/chilimag.hu\/webshop\/wp-json\/wp\/v2\/comments?post=31970"}],"wp:featuredmedia":[{"embeddable":true,"href":"https:\/\/chilimag.hu\/webshop\/wp-json\/wp\/v2\/media\/31971"}],"wp:attachment":[{"href":"https:\/\/chilimag.hu\/webshop\/wp-json\/wp\/v2\/media?parent=31970"}],"wp:term":[{"taxonomy":"product_brand","embeddable":true,"href":"https:\/\/chilimag.hu\/webshop\/wp-json\/wp\/v2\/product_brand?post=31970"},{"taxonomy":"product_cat","embeddable":true,"href":"https:\/\/chilimag.hu\/webshop\/wp-json\/wp\/v2\/product_cat?post=31970"},{"taxonomy":"product_tag","embeddable":true,"href":"https:\/\/chilimag.hu\/webshop\/wp-json\/wp\/v2\/product_tag?post=31970"}],"curies":[{"name":"wp","href":"https:\/\/api.w.org\/{rel}","templated":true}]}}