{"id":31966,"date":"2024-05-31T03:50:29","date_gmt":"2024-05-31T03:50:29","guid":{"rendered":"https:\/\/chilimag.hu\/webshop\/?post_type=product&#038;p=31966"},"modified":"2026-01-24T19:30:46","modified_gmt":"2026-01-24T19:30:46","slug":"fogpiszkalofu-bullwort-z-s-sl","status":"publish","type":"product","link":"https:\/\/chilimag.hu\/webshop\/termek\/fogpiszkalofu-bullwort-z-s-sl\/","title":{"rendered":"Fogpiszk\u00e1l\u00f3f\u0171  Bullwort Z.S SL"},"content":{"rendered":"","protected":false},"excerpt":{"rendered":"<p><img decoding=\"async\" class=\"active-logo\" src=\"https:\/\/b2b.seklos.lt\/themes\/warehouse\/img\/logo_en.png\" alt=\"Agrofirma S\u0117klos, UAB\" width=\"280\" height=\"95\" \/><\/p>\n<p>Egyny\u00e1ri vir\u00e1gok, 70 cm magasak, klasszikus eserny\u0151 alak\u00fa vir\u00e1gokkal. Alkalmas term\u00e9szetes vir\u00e1g\u00e1gy\u00e1sok vagy szeg\u00e9lyek l\u00e9trehoz\u00e1s\u00e1ra. Betakar\u00edthat\u00f3 \u00e9s sz\u00e1r\u00edthat\u00f3. Nekt\u00e1rban gazdag, \u00edgy rendk\u00edv\u00fcl hasznosak \u00e9s vonz\u00f3ak a rovarok sz\u00e1m\u00e1ra. Nem ig\u00e9nyel k\u00fcl\u00f6nleges termeszt\u00e9si felt\u00e9teleket, de ink\u00e1bb a napos vagy r\u00e9szben \u00e1rny\u00e9kos helyet kedveli, homokos, humuszos, j\u00f3 v\u00edzelvezet\u00e9s\u0171 talajjal. Ha pal\u00e1ntak\u00e9nt szapor\u00edtjuk, az utols\u00f3 fagy id\u0151pontja ut\u00e1n \u00fcltess\u00fck ki a szabadba. A magokat \u0151sszel is el lehet vetni.<\/p>\n<p>Mennyis\u00e9g kiszerel\u00e9sben 0,5g<br \/>\nA magok sz\u00e1ma grammonk\u00e9nt ~1300<br \/>\nVet\u00e9sid\u0151 a talajban IV\u2013V, X 3 cm<br \/>\nT\u00e1vols\u00e1gok, cm VI -VIII, 40&#215;40 cm<br \/>\nVir\u00e1gz\u00e1si id\u0151szak VII-IX<br \/>\nN\u00f6v\u00e9ny magass\u00e1ga 70 cm<br \/>\nTerm\u0151f\u00f6ld<br \/>\nM\u00e1rka \u017dalia stotel\u0117<br \/>\nNapos hely Igen<br \/>\nF\u00e9l\u00e1rny\u00e9k Igen<br \/>\nVir\u00e1g\u00e1gy\u00e1sok termeszt\u00e9s\u00e9re alkalmas<\/p>\n","protected":false},"featured_media":31967,"comment_status":"closed","ping_status":"closed","template":"","meta":[],"product_brand":[],"product_cat":[419],"product_tag":[],"class_list":{"0":"post-31966","1":"product","2":"type-product","3":"status-publish","4":"has-post-thumbnail","6":"product_cat-fuszer-es-gyogynovenyek-zalia-stotele","8":"first","9":"instock","10":"taxable","11":"shipping-taxable","12":"purchasable","13":"product-type-simple"},"_links":{"self":[{"href":"https:\/\/chilimag.hu\/webshop\/wp-json\/wp\/v2\/product\/31966","targetHints":{"allow":["GET"]}}],"collection":[{"href":"https:\/\/chilimag.hu\/webshop\/wp-json\/wp\/v2\/product"}],"about":[{"href":"https:\/\/chilimag.hu\/webshop\/wp-json\/wp\/v2\/types\/product"}],"replies":[{"embeddable":true,"href":"https:\/\/chilimag.hu\/webshop\/wp-json\/wp\/v2\/comments?post=31966"}],"wp:featuredmedia":[{"embeddable":true,"href":"https:\/\/chilimag.hu\/webshop\/wp-json\/wp\/v2\/media\/31967"}],"wp:attachment":[{"href":"https:\/\/chilimag.hu\/webshop\/wp-json\/wp\/v2\/media?parent=31966"}],"wp:term":[{"taxonomy":"product_brand","embeddable":true,"href":"https:\/\/chilimag.hu\/webshop\/wp-json\/wp\/v2\/product_brand?post=31966"},{"taxonomy":"product_cat","embeddable":true,"href":"https:\/\/chilimag.hu\/webshop\/wp-json\/wp\/v2\/product_cat?post=31966"},{"taxonomy":"product_tag","embeddable":true,"href":"https:\/\/chilimag.hu\/webshop\/wp-json\/wp\/v2\/product_tag?post=31966"}],"curies":[{"name":"wp","href":"https:\/\/api.w.org\/{rel}","templated":true}]}}