{"id":31879,"date":"2024-05-28T17:59:30","date_gmt":"2024-05-28T17:59:30","guid":{"rendered":"https:\/\/chilimag.hu\/webshop\/?post_type=product&#038;p=31879"},"modified":"2024-07-05T18:02:27","modified_gmt":"2024-07-05T18:02:27","slug":"karbamid-05-kg","status":"publish","type":"product","link":"https:\/\/chilimag.hu\/webshop\/termek\/karbamid-05-kg\/","title":{"rendered":"Karbamid Urea 0,5 kg AGR SL"},"content":{"rendered":"","protected":false},"excerpt":{"rendered":"<p><img decoding=\"async\" class=\"active-logo\" src=\"https:\/\/b2b.seklos.lt\/themes\/warehouse\/img\/logo_en.png\" alt=\"Agrofirma S\u0117klos, UAB\" width=\"280\" height=\"95\" \/><\/p>\n<p>KARBAMID<br \/>\nUniverz\u00e1lis koncentr\u00e1lt nitrog\u00e9n m\u0171tr\u00e1gya. Haszn\u00e1lat el\u0151tt oldja fel a m\u0171tr\u00e1gy\u00e1t v\u00edzben. H\u00fcvelyesekhez nem alkalmas. M\u0171tr\u00e1gyaadag: \u00f6nt\u00f6z\u00e9shez \u2013 10\u201330 g\/10 l v\u00edz, permetez\u00e9shez \u2013 30 g\/10 l v\u00edz.<br \/>\nEK TR\u00c1GYA. M\u0171tr\u00e1gya t\u00edpusa: A.1.9 nitrog\u00e9n m\u0171tr\u00e1gya (karbamid) \u2013 N 46. \u00d6sszet\u00e9tel: nitrog\u00e9n (N) \u2013 46,0% (karbamid nitrog\u00e9n (N-NH2) \u2013 46,0%). A m\u0171tr\u00e1gy\u00e1ban tal\u00e1lhat\u00f3 hat\u00f3anyagok teljesen v\u00edzben old\u00f3dnak.<br \/>\nFizikai v\u00e1ltoz\u00e1sok eset\u00e9n a m\u0171tr\u00e1gy\u00e1k t\u00e1pl\u00e1lkoz\u00e1si tulajdons\u00e1gai nem v\u00e1ltoznak. Ha a m\u0171tr\u00e1gy\u00e1t sz\u00e1razon \u00e9s k\u00f6zvetlen napf\u00e9nyt\u0151l v\u00e9dve tartj\u00e1k, a felhaszn\u00e1l\u00e1si id\u0151 korl\u00e1tlan.<br \/>\nS\u00faly (nett\u00f3) \u2013 0,5 kg.<br \/>\n\u00dajracsomagol\u00f3 (elad\u00f3): Agrofirma S\u0116KLOS, UAB, Mol\u0117t\u0173 g. 13-1, Did\u017eioji Rie\u0161\u0117 falu, LT-14262 Vilnius j\u00e1r\u00e1s, e-mail: info@seklos.lt, www.seklos.lt, Litv\u00e1nia.<\/p>\n<p>AGRONOM m\u00e1rka<br \/>\nM\u0171tr\u00e1gya t\u00edpusa Laza<br \/>\nM\u0171tr\u00e1gya szezonalit\u00e1s Tavaszi tr\u00e1gy\u00e1z\u00e1s, Ny\u00e1ri tr\u00e1gy\u00e1z\u00e1s<br \/>\nKiszerel\u00e9s 500 g<br \/>\nNPK N 46<\/p>\n","protected":false},"featured_media":31880,"comment_status":"closed","ping_status":"closed","template":"","meta":[],"product_brand":[],"product_cat":[388],"product_tag":[],"class_list":{"0":"post-31879","1":"product","2":"type-product","3":"status-publish","4":"has-post-thumbnail","6":"product_cat-agronom-tapoldatok-es-noveny-apolok","8":"first","9":"instock","10":"taxable","11":"shipping-taxable","12":"purchasable","13":"product-type-simple"},"_links":{"self":[{"href":"https:\/\/chilimag.hu\/webshop\/wp-json\/wp\/v2\/product\/31879","targetHints":{"allow":["GET"]}}],"collection":[{"href":"https:\/\/chilimag.hu\/webshop\/wp-json\/wp\/v2\/product"}],"about":[{"href":"https:\/\/chilimag.hu\/webshop\/wp-json\/wp\/v2\/types\/product"}],"replies":[{"embeddable":true,"href":"https:\/\/chilimag.hu\/webshop\/wp-json\/wp\/v2\/comments?post=31879"}],"wp:featuredmedia":[{"embeddable":true,"href":"https:\/\/chilimag.hu\/webshop\/wp-json\/wp\/v2\/media\/31880"}],"wp:attachment":[{"href":"https:\/\/chilimag.hu\/webshop\/wp-json\/wp\/v2\/media?parent=31879"}],"wp:term":[{"taxonomy":"product_brand","embeddable":true,"href":"https:\/\/chilimag.hu\/webshop\/wp-json\/wp\/v2\/product_brand?post=31879"},{"taxonomy":"product_cat","embeddable":true,"href":"https:\/\/chilimag.hu\/webshop\/wp-json\/wp\/v2\/product_cat?post=31879"},{"taxonomy":"product_tag","embeddable":true,"href":"https:\/\/chilimag.hu\/webshop\/wp-json\/wp\/v2\/product_tag?post=31879"}],"curies":[{"name":"wp","href":"https:\/\/api.w.org\/{rel}","templated":true}]}}