{"id":31877,"date":"2024-05-28T17:55:44","date_gmt":"2024-05-28T17:55:44","guid":{"rendered":"https:\/\/chilimag.hu\/webshop\/?post_type=product&#038;p=31877"},"modified":"2026-03-21T08:24:11","modified_gmt":"2026-03-21T08:24:11","slug":"foszfor-es-kaliummutragya-500-gr","status":"publish","type":"product","link":"https:\/\/chilimag.hu\/webshop\/termek\/foszfor-es-kaliummutragya-500-gr\/","title":{"rendered":"Foszfor \u00e9s k\u00e1liumm\u0171tr\u00e1gya 500 gr"},"content":{"rendered":"","protected":false},"excerpt":{"rendered":"<p><img decoding=\"async\" class=\"active-logo\" src=\"https:\/\/b2b.seklos.lt\/themes\/warehouse\/img\/logo_en.png\" alt=\"Agrofirma S\u0117klos, UAB\" width=\"280\" height=\"95\" \/><\/p>\n<p>A foszfor- \u00e9s k\u00e1liumm\u0171tr\u00e1gy\u00e1k minden n\u00f6v\u00e9ny kieg\u00e9sz\u00edt\u0151 tr\u00e1gy\u00e1z\u00e1s\u00e1ra szolg\u00e1lnak. A n\u00f6v\u00e9nyvet\u00e9s (\u00fcltet\u00e9s), az akt\u00edv n\u00f6veked\u00e9s \u00e9s a betakar\u00edt\u00e1s sor\u00e1n az anyagot v\u00edzben oldva tr\u00e1gy\u00e1zzuk. M\u0171tr\u00e1gya mennyis\u00e9ge: \u00f6nt\u00f6z\u00e9s &#8211; 10-30 g\/10 l v\u00edz, permetez\u00e9s &#8211; 20-50 g\/10 l v\u00edz.<br \/>\nEK-TR\u00c1GY\u00c1K. M\u0171tr\u00e1gya t\u00edpusa: B.4. PK m\u0171tr\u00e1gya PK 52-34.<br \/>\nKiszerel\u00e9s: 500 g.<\/p>\n<p>AGRONOM m\u00e1rka<br \/>\nM\u0171tr\u00e1gya t\u00edpusa Laza<br \/>\nM\u0171tr\u00e1gya szezonalit\u00e1s Ny\u00e1ri tr\u00e1gy\u00e1z\u00e1s, Tavaszi tr\u00e1gy\u00e1z\u00e1s<br \/>\nKiszerel\u00e9s 500 g<\/p>\n","protected":false},"featured_media":31878,"comment_status":"closed","ping_status":"closed","template":"","meta":[],"product_brand":[],"product_cat":[388],"product_tag":[],"class_list":{"0":"post-31877","1":"product","2":"type-product","3":"status-publish","4":"has-post-thumbnail","6":"product_cat-agronom-tapoldatok-es-noveny-apolok","8":"first","9":"instock","10":"taxable","11":"shipping-taxable","12":"purchasable","13":"product-type-simple"},"_links":{"self":[{"href":"https:\/\/chilimag.hu\/webshop\/wp-json\/wp\/v2\/product\/31877","targetHints":{"allow":["GET"]}}],"collection":[{"href":"https:\/\/chilimag.hu\/webshop\/wp-json\/wp\/v2\/product"}],"about":[{"href":"https:\/\/chilimag.hu\/webshop\/wp-json\/wp\/v2\/types\/product"}],"replies":[{"embeddable":true,"href":"https:\/\/chilimag.hu\/webshop\/wp-json\/wp\/v2\/comments?post=31877"}],"wp:featuredmedia":[{"embeddable":true,"href":"https:\/\/chilimag.hu\/webshop\/wp-json\/wp\/v2\/media\/31878"}],"wp:attachment":[{"href":"https:\/\/chilimag.hu\/webshop\/wp-json\/wp\/v2\/media?parent=31877"}],"wp:term":[{"taxonomy":"product_brand","embeddable":true,"href":"https:\/\/chilimag.hu\/webshop\/wp-json\/wp\/v2\/product_brand?post=31877"},{"taxonomy":"product_cat","embeddable":true,"href":"https:\/\/chilimag.hu\/webshop\/wp-json\/wp\/v2\/product_cat?post=31877"},{"taxonomy":"product_tag","embeddable":true,"href":"https:\/\/chilimag.hu\/webshop\/wp-json\/wp\/v2\/product_tag?post=31877"}],"curies":[{"name":"wp","href":"https:\/\/api.w.org\/{rel}","templated":true}]}}