{"id":31860,"date":"2024-05-28T04:58:50","date_gmt":"2024-05-28T04:58:50","guid":{"rendered":"https:\/\/chilimag.hu\/webshop\/?post_type=product&#038;p=31860"},"modified":"2026-02-19T22:42:09","modified_gmt":"2026-02-19T22:42:09","slug":"szamoca-baron-solemacher-z-s-sl","status":"publish","type":"product","link":"https:\/\/chilimag.hu\/webshop\/termek\/szamoca-baron-solemacher-z-s-sl\/","title":{"rendered":"Szam\u00f3ca Baron Solemacher Z.S SL"},"content":{"rendered":"","protected":false},"excerpt":{"rendered":"<p><img decoding=\"async\" class=\"active-logo\" src=\"https:\/\/b2b.seklos.lt\/themes\/warehouse\/img\/logo_en.png\" alt=\"Agrofirma S\u0117klos, UAB\" width=\"280\" height=\"95\" \/><\/p>\n<p>Korai, fut\u00e1s n\u00e9lk\u00fcli, rendk\u00edv\u00fcl term\u0151 jav\u00edt\u00f3 fajta. Ellen\u00e1ll a hidegnek, a k\u00e1rtev\u0151knek \u00e9s a betegs\u00e9geknek. A n\u00f6v\u00e9nyek 15-20 cm magasra n\u0151nek. Az els\u0151 hozam az \u00fcltet\u00e9st k\u00f6vet\u0151 els\u0151 \u00e9vben, j\u00fanius \u00e9s az els\u0151 fagy k\u00f6z\u00f6tt terem. A bogy\u00f3k 3-5 g k\u00f6r\u00fcliek, illatosak, \u00e9desek. F\u00e9l\u00e1rny\u00e9kos, humuszban gazdag, alacsony pH-j\u00fa talajban j\u00f3l terem. Sz\u00e1razs\u00e1g idej\u00e9n \u00f6nt\u00f6z\u00e9st ig\u00e9nyel.<br \/>\nC \u00e1rcsoport<br \/>\nA fajta korai ideje Korai<br \/>\nHermetikus csomagol\u00e1s Igen<br \/>\nMennyis\u00e9g egy csomagban 0,1g<br \/>\nMagok sz\u00e1ma grammonk\u00e9nt ~2000-3200<br \/>\nVet\u00e9sid\u0151 a talajban IV-VIII, 0,5 cm<br \/>\nA pal\u00e1nt\u00e1k vet\u00e9si ideje II-III, 0,5 cm<br \/>\nT\u00e1vols\u00e1gok, cm IV-VIII, 40&#215;25 cm<br \/>\n\u00dcltet\u00e9si t\u00e1vols\u00e1gok IV-VIII, 40&#215;25 cm<br \/>\nSz\u00fcret VI-IX<br \/>\nTerm\u0151f\u00f6ld<br \/>\nM\u00e1rka \u017dalia stotel\u0117<br \/>\nNapos hely Igen<br \/>\nF\u00e9l\u00e1rny\u00e9k Igen<\/p>\n","protected":false},"featured_media":31861,"comment_status":"closed","ping_status":"closed","template":"","meta":[],"product_brand":[],"product_cat":[418],"product_tag":[],"class_list":{"0":"post-31860","1":"product","2":"type-product","3":"status-publish","4":"has-post-thumbnail","6":"product_cat-gyumolcs-es-kukorica-vetomagok-zalia-stotele","8":"first","9":"instock","10":"taxable","11":"shipping-taxable","12":"purchasable","13":"product-type-simple"},"_links":{"self":[{"href":"https:\/\/chilimag.hu\/webshop\/wp-json\/wp\/v2\/product\/31860","targetHints":{"allow":["GET"]}}],"collection":[{"href":"https:\/\/chilimag.hu\/webshop\/wp-json\/wp\/v2\/product"}],"about":[{"href":"https:\/\/chilimag.hu\/webshop\/wp-json\/wp\/v2\/types\/product"}],"replies":[{"embeddable":true,"href":"https:\/\/chilimag.hu\/webshop\/wp-json\/wp\/v2\/comments?post=31860"}],"wp:featuredmedia":[{"embeddable":true,"href":"https:\/\/chilimag.hu\/webshop\/wp-json\/wp\/v2\/media\/31861"}],"wp:attachment":[{"href":"https:\/\/chilimag.hu\/webshop\/wp-json\/wp\/v2\/media?parent=31860"}],"wp:term":[{"taxonomy":"product_brand","embeddable":true,"href":"https:\/\/chilimag.hu\/webshop\/wp-json\/wp\/v2\/product_brand?post=31860"},{"taxonomy":"product_cat","embeddable":true,"href":"https:\/\/chilimag.hu\/webshop\/wp-json\/wp\/v2\/product_cat?post=31860"},{"taxonomy":"product_tag","embeddable":true,"href":"https:\/\/chilimag.hu\/webshop\/wp-json\/wp\/v2\/product_tag?post=31860"}],"curies":[{"name":"wp","href":"https:\/\/api.w.org\/{rel}","templated":true}]}}