{"id":31837,"date":"2024-05-27T17:34:38","date_gmt":"2024-05-27T17:34:38","guid":{"rendered":"https:\/\/chilimag.hu\/webshop\/?post_type=product&#038;p=31837"},"modified":"2026-03-11T19:57:01","modified_gmt":"2026-03-11T19:57:01","slug":"borzaskata-love-in-a-mist-z-s-sl","status":"publish","type":"product","link":"https:\/\/chilimag.hu\/webshop\/termek\/borzaskata-love-in-a-mist-z-s-sl\/","title":{"rendered":"Borzaskata LOVE-IN-A-MIST Z.S SL"},"content":{"rendered":"","protected":false},"excerpt":{"rendered":"<p><img decoding=\"async\" class=\"active-logo\" src=\"https:\/\/b2b.seklos.lt\/themes\/warehouse\/img\/logo_en.png\" alt=\"Agrofirma S\u0117klos, UAB\" width=\"280\" height=\"95\" \/><\/p>\n<p>Egyny\u00e1ri, k\u00f6nnyen termeszthet\u0151 vir\u00e1gok. Az \u00e9rett magvakat f\u0171szerk\u00e9nt haszn\u00e1lhatjuk. A vir\u00e1gok \u00e1ltal\u00e1ban mag\u00e1nyosak, \u00e1tm\u00e9r\u0151j\u00fck 3,5\u20134 cm a sz\u00e1rak tetej\u00e9n. Sz\u00ednes cs\u00e9szeleveleik k\u00e9k, lila vagy feh\u00e9res t\u00f3nus\u00faak, a tetej\u00fck z\u00f6ldes, \u00e9s alatta erek tal\u00e1lhat\u00f3k. Ide\u00e1lis f\u00fcrt\u00f6kbe \u00fcltet\u00e9sre \u00e1gy\u00e1sokba \u00e9s vir\u00e1gos r\u00e9tekbe, \u00e9s t\u00f6k\u00e9letesek szed\u00e9sre. A magdobozokat csokrok k\u00e9sz\u00edt\u00e9s\u00e9re lehet sz\u00e1r\u00edtani. Nem ig\u00e9nyel k\u00fcl\u00f6nleges talajviszonyokat, \u00f6nmagas.<\/p>\n<p>Mennyis\u00e9g egy csomagban 1 g<br \/>\nMagok sz\u00e1ma grammonk\u00e9nt ~420<br \/>\nVet\u00e9sid\u0151 a talajban III-IV, 1 \u0441\u043c<br \/>\nT\u00e1vols\u00e1gok, cm V, 25 x 25 cm<br \/>\nVir\u00e1gz\u00e1s VI-X<br \/>\nN\u00f6v\u00e9nymagass\u00e1g 30-35 cm<br \/>\nTerm\u0151f\u00f6ld<br \/>\nM\u00e1rka \u017dalia stotel\u0117<br \/>\nNapos hely Igen<br \/>\nVir\u00e1g\u00e1gy\u00e1sok termeszt\u00e9s\u00e9re alkalmas<\/p>\n","protected":false},"featured_media":31838,"comment_status":"closed","ping_status":"closed","template":"","meta":[],"product_brand":[],"product_cat":[363],"product_tag":[],"class_list":{"0":"post-31837","1":"product","2":"type-product","3":"status-publish","4":"has-post-thumbnail","6":"product_cat-virag-vetomagok-zalia-stotele","8":"first","9":"instock","10":"taxable","11":"shipping-taxable","12":"purchasable","13":"product-type-simple"},"_links":{"self":[{"href":"https:\/\/chilimag.hu\/webshop\/wp-json\/wp\/v2\/product\/31837","targetHints":{"allow":["GET"]}}],"collection":[{"href":"https:\/\/chilimag.hu\/webshop\/wp-json\/wp\/v2\/product"}],"about":[{"href":"https:\/\/chilimag.hu\/webshop\/wp-json\/wp\/v2\/types\/product"}],"replies":[{"embeddable":true,"href":"https:\/\/chilimag.hu\/webshop\/wp-json\/wp\/v2\/comments?post=31837"}],"wp:featuredmedia":[{"embeddable":true,"href":"https:\/\/chilimag.hu\/webshop\/wp-json\/wp\/v2\/media\/31838"}],"wp:attachment":[{"href":"https:\/\/chilimag.hu\/webshop\/wp-json\/wp\/v2\/media?parent=31837"}],"wp:term":[{"taxonomy":"product_brand","embeddable":true,"href":"https:\/\/chilimag.hu\/webshop\/wp-json\/wp\/v2\/product_brand?post=31837"},{"taxonomy":"product_cat","embeddable":true,"href":"https:\/\/chilimag.hu\/webshop\/wp-json\/wp\/v2\/product_cat?post=31837"},{"taxonomy":"product_tag","embeddable":true,"href":"https:\/\/chilimag.hu\/webshop\/wp-json\/wp\/v2\/product_tag?post=31837"}],"curies":[{"name":"wp","href":"https:\/\/api.w.org\/{rel}","templated":true}]}}