{"id":31830,"date":"2024-05-27T15:54:00","date_gmt":"2024-05-27T15:54:00","guid":{"rendered":"https:\/\/chilimag.hu\/webshop\/?post_type=product&#038;p=31830"},"modified":"2025-09-23T11:22:39","modified_gmt":"2025-09-23T11:22:39","slug":"vetotalca-84-es-35x48-cm","status":"publish","type":"product","link":"https:\/\/chilimag.hu\/webshop\/termek\/vetotalca-84-es-35x48-cm\/","title":{"rendered":"Vet\u0151t\u00e1lca 84-es  3,5&#215;4,8 cm AP"},"content":{"rendered":"","protected":false},"excerpt":{"rendered":"<p>Az alveol\u00e1ris t\u00e1lc\u00e1k a pal\u00e1nt\u00e1k \u00e9s a fiatal z\u00f6lds\u00e9gek \u00e9s vir\u00e1gok \u00fcltet\u00e9s\u00e9re szolg\u00e1lnak, \u00e9s ezek a t\u00e1lc\u00e1k k\u00f6zvetlen vet\u00e9sre is haszn\u00e1lhat\u00f3k.<br \/>\nA t\u00e1lc\u00e1k puha, gum\u00edrozott, t\u00f6rhetetlen m\u0171anyagb\u00f3l k\u00e9sz\u00fclnek tart\u00f3s haszn\u00e1latra, vagy az automatiz\u00e1l\u00e1shoz sz\u00fcks\u00e9ges merevebb anyagb\u00f3l &#8211; automatikus vet\u0151g\u00e9ppel speci\u00e1lis vet\u0151g\u00e9pekkel.<br \/>\nA 84 cell\u00e1s t\u00e1lca a leggyakrabban haszn\u00e1lt t\u00e1lca k\u00e1poszta, karfiol \u00e9s sal\u00e1ta pal\u00e1nt\u00e1k termeszt\u00e9s\u00e9re.<br \/>\nSz\u00e1nt\u00f3f\u00f6ldi n\u00f6v\u00e9nyek pal\u00e1ntanevel\u00e9s\u00e9hez is ez a leggyakrabban haszn\u00e1lt t\u00e1lca:<br \/>\nparadicsom, paprika, padlizs\u00e1n stb.<br \/>\nA pal\u00e1nt\u00e1kat t\u00e1lc\u00e1s cell\u00e1kba t\u00f6rt\u00e9n\u0151 k\u00f6zvetlen vet\u00e9ssel vagy olt\u00e1ssal lehet el\u0151\u00e1ll\u00edtani, de a legsz\u00e9lesebb k\u00f6rben alkalmazott m\u00f3dszer a direkt vet\u00e9s.<br \/>\nM\u00e9retek:<br \/>\n&#8211; K\u00fcls\u0151 m\u00e9ret: 50 x 30 cm<br \/>\n&#8211; Lyuk m\u00e9rete: 3,5 x 3,5 cm<br \/>\n&#8211; Lyuk m\u00e9lys\u00e9ge: 4,8 cm<\/p>\n","protected":false},"featured_media":31831,"comment_status":"closed","ping_status":"closed","template":"","meta":[],"product_brand":[],"product_cat":[336],"product_tag":[],"class_list":{"0":"post-31830","1":"product","2":"type-product","3":"status-publish","4":"has-post-thumbnail","6":"product_cat-vetotalcak-ulteto-cserepek-es-palanta-nevelok","8":"first","9":"instock","10":"taxable","11":"shipping-taxable","12":"purchasable","13":"product-type-simple"},"_links":{"self":[{"href":"https:\/\/chilimag.hu\/webshop\/wp-json\/wp\/v2\/product\/31830","targetHints":{"allow":["GET"]}}],"collection":[{"href":"https:\/\/chilimag.hu\/webshop\/wp-json\/wp\/v2\/product"}],"about":[{"href":"https:\/\/chilimag.hu\/webshop\/wp-json\/wp\/v2\/types\/product"}],"replies":[{"embeddable":true,"href":"https:\/\/chilimag.hu\/webshop\/wp-json\/wp\/v2\/comments?post=31830"}],"wp:featuredmedia":[{"embeddable":true,"href":"https:\/\/chilimag.hu\/webshop\/wp-json\/wp\/v2\/media\/31831"}],"wp:attachment":[{"href":"https:\/\/chilimag.hu\/webshop\/wp-json\/wp\/v2\/media?parent=31830"}],"wp:term":[{"taxonomy":"product_brand","embeddable":true,"href":"https:\/\/chilimag.hu\/webshop\/wp-json\/wp\/v2\/product_brand?post=31830"},{"taxonomy":"product_cat","embeddable":true,"href":"https:\/\/chilimag.hu\/webshop\/wp-json\/wp\/v2\/product_cat?post=31830"},{"taxonomy":"product_tag","embeddable":true,"href":"https:\/\/chilimag.hu\/webshop\/wp-json\/wp\/v2\/product_tag?post=31830"}],"curies":[{"name":"wp","href":"https:\/\/api.w.org\/{rel}","templated":true}]}}