{"id":31814,"date":"2024-05-26T18:35:17","date_gmt":"2024-05-26T18:35:17","guid":{"rendered":"https:\/\/chilimag.hu\/webshop\/?post_type=product&#038;p=31814"},"modified":"2026-02-01T16:58:20","modified_gmt":"2026-02-01T16:58:20","slug":"hagyma-exhibition-z-s-sl","status":"publish","type":"product","link":"https:\/\/chilimag.hu\/webshop\/termek\/hagyma-exhibition-z-s-sl\/","title":{"rendered":"Hagyma Exhibition Z.S SL"},"content":{"rendered":"","protected":false},"excerpt":{"rendered":"<p>A veget\u00e1ci\u00f3 id\u0151tartama \u2013 160 nap, ez\u00e9rt pal\u00e1nta\u00fcltet\u00e9ssel termesztik. A hagym\u00e1k ov\u00e1lisak, nagyon nagyok, 350 g t\u00f6meg\u0171ek, de 0,8\u20131 kg-ra is meg\u00e9rnek. A hagyma \u00e9des \u00edz\u0171, nincs benne m\u00e1s fajt\u00e1kra jellemz\u0151 f\u0171szeress\u00e9g. M\u00e9g frissen fogyasztva, a betakar\u00edt\u00e1s ut\u00e1n kb. 2 h\u00f3napig eltarthat\u00f3. Legjobban humuszos, homokos v\u00e1lyogban fejl\u0151dik. A hagym\u00e1t gabon\u00e1val, burgony\u00e1val, ubork\u00e1val, paradicsommal \u00e9s s\u00e1rgar\u00e9p\u00e1val lehet forgatni. A magvak kezelhet\u0151k. Ha a magvakat kezelik, a kezel\u00e9s neve a csomagol\u00e1s alj\u00e1n tal\u00e1lhat\u00f3.<\/p>\n<p>E \u00e1rcsoport<br \/>\nHermetikus csomagol\u00e1s Igen<br \/>\nMennyis\u00e9g kiszerel\u00e9sben 0,5g<br \/>\nA magok sz\u00e1ma grammonk\u00e9nt ~250-450<br \/>\nA pal\u00e1nt\u00e1k vet\u00e9si ideje III-IV, 1,5-2,5 cm<br \/>\nT\u00e1vols\u00e1gok, cm 40&#215;15 cm<br \/>\n\u00dcltet\u00e9si t\u00e1vols\u00e1gok 40&#215;15 cm<br \/>\nSz\u00fcret VII-VIII<br \/>\nTerm\u0151f\u00f6ld<br \/>\nM\u00e1rka \u017dalia stotel\u0117<br \/>\nNapos hely Igen<br \/>\nProfesszion\u00e1lis haszn\u00e1latra alkalmas Igen<\/p>\n","protected":false},"featured_media":31815,"comment_status":"closed","ping_status":"closed","template":"","meta":[],"product_brand":[],"product_cat":[417],"product_tag":[],"class_list":{"0":"post-31814","1":"product","2":"type-product","3":"status-publish","4":"has-post-thumbnail","6":"product_cat-hagyma-vetomagok-zalia-stotele","8":"first","9":"instock","10":"taxable","11":"shipping-taxable","12":"purchasable","13":"product-type-simple"},"_links":{"self":[{"href":"https:\/\/chilimag.hu\/webshop\/wp-json\/wp\/v2\/product\/31814","targetHints":{"allow":["GET"]}}],"collection":[{"href":"https:\/\/chilimag.hu\/webshop\/wp-json\/wp\/v2\/product"}],"about":[{"href":"https:\/\/chilimag.hu\/webshop\/wp-json\/wp\/v2\/types\/product"}],"replies":[{"embeddable":true,"href":"https:\/\/chilimag.hu\/webshop\/wp-json\/wp\/v2\/comments?post=31814"}],"wp:featuredmedia":[{"embeddable":true,"href":"https:\/\/chilimag.hu\/webshop\/wp-json\/wp\/v2\/media\/31815"}],"wp:attachment":[{"href":"https:\/\/chilimag.hu\/webshop\/wp-json\/wp\/v2\/media?parent=31814"}],"wp:term":[{"taxonomy":"product_brand","embeddable":true,"href":"https:\/\/chilimag.hu\/webshop\/wp-json\/wp\/v2\/product_brand?post=31814"},{"taxonomy":"product_cat","embeddable":true,"href":"https:\/\/chilimag.hu\/webshop\/wp-json\/wp\/v2\/product_cat?post=31814"},{"taxonomy":"product_tag","embeddable":true,"href":"https:\/\/chilimag.hu\/webshop\/wp-json\/wp\/v2\/product_tag?post=31814"}],"curies":[{"name":"wp","href":"https:\/\/api.w.org\/{rel}","templated":true}]}}