{"id":31208,"date":"2024-03-24T06:29:15","date_gmt":"2024-03-24T06:29:15","guid":{"rendered":"https:\/\/chilimag.hu\/webshop\/?post_type=product&#038;p=31208"},"modified":"2026-01-31T20:01:36","modified_gmt":"2026-01-31T20:01:36","slug":"balkon-viragmagkeverek-magszalagos-el-sl","status":"publish","type":"product","link":"https:\/\/chilimag.hu\/webshop\/termek\/balkon-viragmagkeverek-magszalagos-el-sl\/","title":{"rendered":"Balkon vir\u00e1gmagkever\u00e9k Spring Balcony magszalagos EL SL"},"content":{"rendered":"","protected":false},"excerpt":{"rendered":"<p><img decoding=\"async\" class=\"active-logo\" src=\"https:\/\/b2b.seklos.lt\/themes\/warehouse\/img\/logo_en.png\" alt=\"Agrofirma S\u0117klos, UAB\" width=\"280\" height=\"95\" \/><\/p>\n<p>VIR\u00c1GMAG KEVER\u00c9K TAVASZI ERK\u00c9LY<br \/>\nEz a vir\u00e1gmag kever\u00e9k alkalmas erk\u00e9lyekre \u00e9s teraszokra, \u00e9s vir\u00e1g\u00e1gy\u00e1sban is termeszthet\u0151. Ezeket a sz\u00ednes vir\u00e1gokat k\u00f6nny\u0171 termeszteni \u00e9s gondozni. A kever\u00e9kben l\u00e9v\u0151 egyes fajt\u00e1k a ny\u00e1r folyam\u00e1n k\u00fcl\u00f6nb\u00f6z\u0151 id\u0151pontokban vir\u00e1goznak. Ha hagyjuk, hogy a vir\u00e1gok term\u00e9szetes \u00faton menjenek v\u00e9gig \u00e9letciklusukon, \u00e9s kisz\u00f3rj\u00e1k magjaikat, akkor a k\u00f6vetkez\u0151 \u00e9vben is biztos\u00edthat\u00f3 a magvak vir\u00e1gz\u00e1sa.<br \/>\nA vet\u0151magszalag el\u0151nyei: a term\u00e9s tiszta, egyenletes sort\u00e1vols\u00e1ggal. A szalagok lerak\u00e1sa el\u0151tt \u00f6nt\u00f6zze meg a talajt. A cs\u00edk lerak\u00e1sa ut\u00e1n talajjal le kell vonni \u00e9s alaposan meg kell \u00f6nt\u00f6zni.<br \/>\nEgy 4 m\u00e9ter hossz\u00fa s\u00e1von k\u00f6r\u00fclbel\u00fcl 700 vir\u00e1gz\u00f3 vir\u00e1got hoznak.<br \/>\nTartalmaz: 150 sz\u00e1zszorsz\u00e9p (Bellis perennis), 200 nefelejcs (Myosotis alpestris) \u00e9s 300 \u00e9des alyssum magot (Lobularia maritima).<\/p>\n<p>Vet\u00e9sid\u0151 a talajban IV-V, IX<br \/>\nT\u00e1vols\u00e1gok, cm 10&#215;10 cm<br \/>\nVir\u00e1gz\u00e1si id\u0151szak V-IX<br \/>\nVir\u00e1gz\u00e1si id\u0151, magass\u00e1g V-IX<br \/>\nTerm\u0151f\u00f6ld<br \/>\nLucia Elite m\u00e1rka<br \/>\nMagszalag hossza 4 m<\/p>\n","protected":false},"featured_media":31209,"comment_status":"closed","ping_status":"closed","template":"","meta":[],"product_brand":[],"product_cat":[369],"product_tag":[],"class_list":{"0":"post-31208","1":"product","2":"type-product","3":"status-publish","4":"has-post-thumbnail","6":"product_cat-virag-vetomagok-lucia-elite","8":"first","9":"instock","10":"taxable","11":"shipping-taxable","12":"purchasable","13":"product-type-simple"},"_links":{"self":[{"href":"https:\/\/chilimag.hu\/webshop\/wp-json\/wp\/v2\/product\/31208","targetHints":{"allow":["GET"]}}],"collection":[{"href":"https:\/\/chilimag.hu\/webshop\/wp-json\/wp\/v2\/product"}],"about":[{"href":"https:\/\/chilimag.hu\/webshop\/wp-json\/wp\/v2\/types\/product"}],"replies":[{"embeddable":true,"href":"https:\/\/chilimag.hu\/webshop\/wp-json\/wp\/v2\/comments?post=31208"}],"wp:featuredmedia":[{"embeddable":true,"href":"https:\/\/chilimag.hu\/webshop\/wp-json\/wp\/v2\/media\/31209"}],"wp:attachment":[{"href":"https:\/\/chilimag.hu\/webshop\/wp-json\/wp\/v2\/media?parent=31208"}],"wp:term":[{"taxonomy":"product_brand","embeddable":true,"href":"https:\/\/chilimag.hu\/webshop\/wp-json\/wp\/v2\/product_brand?post=31208"},{"taxonomy":"product_cat","embeddable":true,"href":"https:\/\/chilimag.hu\/webshop\/wp-json\/wp\/v2\/product_cat?post=31208"},{"taxonomy":"product_tag","embeddable":true,"href":"https:\/\/chilimag.hu\/webshop\/wp-json\/wp\/v2\/product_tag?post=31208"}],"curies":[{"name":"wp","href":"https:\/\/api.w.org\/{rel}","templated":true}]}}