{"id":31205,"date":"2024-03-24T06:25:49","date_gmt":"2024-03-24T06:25:49","guid":{"rendered":"https:\/\/chilimag.hu\/webshop\/?post_type=product&#038;p=31205"},"modified":"2026-04-30T05:11:08","modified_gmt":"2026-04-30T05:11:08","slug":"viragmag-keverek-jegkockaba-valo-el-sl","status":"publish","type":"product","link":"https:\/\/chilimag.hu\/webshop\/termek\/viragmag-keverek-jegkockaba-valo-el-sl\/","title":{"rendered":"Vir\u00e1gmag kever\u00e9k j\u00e9gkock\u00e1ba val\u00f3 Ide Cube ELN SL"},"content":{"rendered":"","protected":false},"excerpt":{"rendered":"<p><img decoding=\"async\" class=\"\" src=\"https:\/\/b2b.seklos.lt\/img\/m\/73-medium_default.jpg\" alt=\"\" width=\"151\" height=\"151\" \/><\/p>\n<h3>Term\u00e9kle\u00edr\u00e1s<\/h3>\n<p>VIR\u00c1GMAG KEVER\u00c9K J\u00c9GKOcka<br \/>\nEgyny\u00e1ri, k\u00f6nnyen termeszthet\u0151, sz\u00ednes vir\u00e1gok kever\u00e9ke \u00e9teld\u00edsz\u00edt\u00e9shez. A vir\u00e1gokat \u00e9telek \u00e9s italok d\u00edsz\u00edt\u00e9s\u00e9re, \u00edzes\u00edt\u00e9s\u00e9re haszn\u00e1lhatjuk. Ezek az \u00e9l\u00e9nk sz\u00edn\u0171 vir\u00e1gok lefagyaszthat\u00f3k \u00e9s \u00fcd\u00edt\u0151italok d\u00edsz\u00edt\u00e9s\u00e9re haszn\u00e1lhat\u00f3k. Az ebben a kever\u00e9kben tal\u00e1lhat\u00f3 fajt\u00e1k rendk\u00edv\u00fcl dekorat\u00edvak \u00e9s folyamatosan vir\u00e1goznak a ny\u00e1ri szezonban. Ha hagyjuk, hogy a vir\u00e1gok term\u00e9szetes \u00faton menjenek v\u00e9gig \u00e9letciklusukon, \u00e9s kisz\u00f3rj\u00e1k magjaikat, akkor a k\u00f6vetkez\u0151 \u00e9vben is biztos\u00edthat\u00f3 a magvak vir\u00e1gz\u00e1sa.<br \/>\nEz a kever\u00e9k k\u00f6nnyen termeszthet\u0151, \u00e9s vethet\u0151 erk\u00e9lyekre vagy vir\u00e1g\u00e1gy\u00e1sokba, am\u00edg b\u0151s\u00e9ges napf\u00e9nynek vannak kit\u00e9ve.<br \/>\n5 g k\u00f6r\u00fclbel\u00fcl 600 magot tartalmaz.<br \/>\nTartalma: Calendula officinalis \u2013 2 g, Tropaeolum majus \u2013 2 g, Borago officinalis \u2013 1 g.<\/p>\n<p>Mennyis\u00e9g egy csomagban 5 g<br \/>\nMagok sz\u00e1ma grammonk\u00e9nt 150-200<br \/>\nVet\u00e9sid\u0151 a talajban IV-V, IX<br \/>\nT\u00e1vols\u00e1gok, cm 10&#215;10 cm<br \/>\nVir\u00e1gz\u00e1si id\u0151szak V-IX<br \/>\nVir\u00e1gz\u00e1si id\u0151, magass\u00e1g V-IX<br \/>\nTerm\u0151f\u00f6ld<br \/>\nLucia Elite m\u00e1rka<\/p>\n","protected":false},"featured_media":31206,"comment_status":"closed","ping_status":"closed","template":"","meta":[],"product_brand":[],"product_cat":[330,328,369],"product_tag":[],"class_list":{"0":"post-31205","1":"product","2":"type-product","3":"status-publish","4":"has-post-thumbnail","6":"product_cat-fuszer-es-gyogynoveny-vetomagok","7":"product_cat-virag-es-disznoveny-vetomagok","8":"product_cat-virag-vetomagok-lucia-elite","10":"first","11":"instock","12":"taxable","13":"shipping-taxable","14":"purchasable","15":"product-type-simple"},"_links":{"self":[{"href":"https:\/\/chilimag.hu\/webshop\/wp-json\/wp\/v2\/product\/31205","targetHints":{"allow":["GET"]}}],"collection":[{"href":"https:\/\/chilimag.hu\/webshop\/wp-json\/wp\/v2\/product"}],"about":[{"href":"https:\/\/chilimag.hu\/webshop\/wp-json\/wp\/v2\/types\/product"}],"replies":[{"embeddable":true,"href":"https:\/\/chilimag.hu\/webshop\/wp-json\/wp\/v2\/comments?post=31205"}],"wp:featuredmedia":[{"embeddable":true,"href":"https:\/\/chilimag.hu\/webshop\/wp-json\/wp\/v2\/media\/31206"}],"wp:attachment":[{"href":"https:\/\/chilimag.hu\/webshop\/wp-json\/wp\/v2\/media?parent=31205"}],"wp:term":[{"taxonomy":"product_brand","embeddable":true,"href":"https:\/\/chilimag.hu\/webshop\/wp-json\/wp\/v2\/product_brand?post=31205"},{"taxonomy":"product_cat","embeddable":true,"href":"https:\/\/chilimag.hu\/webshop\/wp-json\/wp\/v2\/product_cat?post=31205"},{"taxonomy":"product_tag","embeddable":true,"href":"https:\/\/chilimag.hu\/webshop\/wp-json\/wp\/v2\/product_tag?post=31205"}],"curies":[{"name":"wp","href":"https:\/\/api.w.org\/{rel}","templated":true}]}}