{"id":31178,"date":"2024-03-23T19:41:25","date_gmt":"2024-03-23T19:41:25","guid":{"rendered":"https:\/\/chilimag.hu\/webshop\/?post_type=product&#038;p=31178"},"modified":"2026-02-27T12:16:30","modified_gmt":"2026-02-27T12:16:30","slug":"paradicsom-consuelo-f1-z-s-sl","status":"publish","type":"product","link":"https:\/\/chilimag.hu\/webshop\/termek\/paradicsom-consuelo-f1-z-s-sl\/","title":{"rendered":"Paradicsom Consuelo Hibrid Z.S SL"},"content":{"rendered":"","protected":false},"excerpt":{"rendered":"<p><img decoding=\"async\" class=\"active-logo\" src=\"https:\/\/b2b.seklos.lt\/themes\/warehouse\/img\/logo_en.png\" alt=\"Agrofirma S\u0117klos, UAB\" width=\"280\" height=\"95\" \/><\/p>\n<p>Korai, magas, nagy hozam\u00fa hibrid kokt\u00e9lparadicsom fajta, amely rendk\u00edv\u00fcl ellen\u00e1ll\u00f3 a fert\u0151z\u00f6tts\u00e9ggel. Napok a lej\u00e1ratig &#8211; 60-70 nap. Gy\u00fcm\u00f6lcsei v\u00f6r\u00f6sek, l\u00e9d\u00fasak \u00e9s \u00edzletesek, f\u00fcrt\u00f6kben n\u0151nek \u00e9s k\u00f6r\u00fclbel\u00fcl 15-20 g t\u00f6meg\u0171ek. Egy n\u00f6v\u00e9ny kb. 150 paradicsom. Frissen vagy tart\u00f3s\u00edtva fogyaszthat\u00f3. Alkalmas \u00fcvegh\u00e1zakba \u00e9s szabadf\u00f6ldi termeszt\u00e9sre. Szabadt\u00e9ri m\u0171vel\u00e9shez al\u00e1t\u00e1maszt\u00e1sok sz\u00fcks\u00e9gesek.<\/p>\n<p>A fajta korai ideje Korai<br \/>\nHermetikus csomagol\u00e1s Igen<br \/>\nMagok sz\u00e1ma a csomagban, db. 10<br \/>\nA pal\u00e1nt\u00e1k vet\u00e9si ideje III-IV,0,5-1,5 cm<br \/>\nT\u00e1vols\u00e1gok, cm IV-V, 90&#215;40 cm<br \/>\nN\u00f6v\u00e9nymagass\u00e1g Magas<br \/>\nSz\u00fcret VII-IX<br \/>\nTerm\u0151f\u00f6ld<br \/>\nM\u00e1rka \u017dalia stotel\u0117<br \/>\nNapos hely Igen<br \/>\nPiros sz\u00edn<br \/>\nGy\u00fcm\u00f6lcs m\u00e9rete Kicsi<\/p>\n","protected":false},"featured_media":31179,"comment_status":"closed","ping_status":"closed","template":"","meta":[],"product_brand":[],"product_cat":[413],"product_tag":[],"class_list":{"0":"post-31178","1":"product","2":"type-product","3":"status-publish","4":"has-post-thumbnail","6":"product_cat-paradicsom-vetomagok-zalia-stotele","8":"first","9":"instock","10":"taxable","11":"shipping-taxable","12":"purchasable","13":"product-type-simple"},"_links":{"self":[{"href":"https:\/\/chilimag.hu\/webshop\/wp-json\/wp\/v2\/product\/31178","targetHints":{"allow":["GET"]}}],"collection":[{"href":"https:\/\/chilimag.hu\/webshop\/wp-json\/wp\/v2\/product"}],"about":[{"href":"https:\/\/chilimag.hu\/webshop\/wp-json\/wp\/v2\/types\/product"}],"replies":[{"embeddable":true,"href":"https:\/\/chilimag.hu\/webshop\/wp-json\/wp\/v2\/comments?post=31178"}],"wp:featuredmedia":[{"embeddable":true,"href":"https:\/\/chilimag.hu\/webshop\/wp-json\/wp\/v2\/media\/31179"}],"wp:attachment":[{"href":"https:\/\/chilimag.hu\/webshop\/wp-json\/wp\/v2\/media?parent=31178"}],"wp:term":[{"taxonomy":"product_brand","embeddable":true,"href":"https:\/\/chilimag.hu\/webshop\/wp-json\/wp\/v2\/product_brand?post=31178"},{"taxonomy":"product_cat","embeddable":true,"href":"https:\/\/chilimag.hu\/webshop\/wp-json\/wp\/v2\/product_cat?post=31178"},{"taxonomy":"product_tag","embeddable":true,"href":"https:\/\/chilimag.hu\/webshop\/wp-json\/wp\/v2\/product_tag?post=31178"}],"curies":[{"name":"wp","href":"https:\/\/api.w.org\/{rel}","templated":true}]}}