{"id":31119,"date":"2024-03-23T13:29:41","date_gmt":"2024-03-23T13:29:41","guid":{"rendered":"https:\/\/chilimag.hu\/webshop\/?post_type=product&#038;p=31119"},"modified":"2026-04-08T22:21:41","modified_gmt":"2026-04-08T22:21:41","slug":"gorogdinnye-romanza-f1-z-s-sl","status":"publish","type":"product","link":"https:\/\/chilimag.hu\/webshop\/termek\/gorogdinnye-romanza-f1-z-s-sl\/","title":{"rendered":"G\u00f6r\u00f6gdinnye Romanza Hibrid Z.S SL"},"content":{"rendered":"","protected":false},"excerpt":{"rendered":"<p><img decoding=\"async\" class=\"active-logo\" src=\"https:\/\/b2b.seklos.lt\/themes\/warehouse\/img\/logo_en.png\" alt=\"Agrofirma S\u0117klos, UAB\" width=\"280\" height=\"95\" \/><\/p>\n<p>Korai, magas hozam\u00fa \u201eCrimson Sweet\u201d t\u00edpus\u00fa g\u00f6r\u00f6gdinnye hibrid. A gy\u00fcm\u00f6lcs\u00f6k kerekek, v\u00e9kony h\u00e9j\u00faak, s\u00falyuk 7-9 kg. H\u00fasa s\u00f6t\u00e9tv\u00f6r\u00f6s \u00e9s l\u00e9d\u00fas. M\u00e9g az alul\u00e9rett, r\u00f3zsasz\u00edn h\u00fas\u00fa g\u00f6r\u00f6gdinny\u00e9nek is \u00e9des \u00edze van. A fajt\u00e1t fed\u00e9l alatt vagy szabadban termesztik. Kor\u00e1bbi betakar\u00edt\u00e1shoz pal\u00e1nt\u00e1kb\u00f3l termesztj\u00fck. A magvak kezelhet\u0151k. Ha a magvakat kezelik, a kezel\u00e9s neve a csomagol\u00e1s alj\u00e1n tal\u00e1lhat\u00f3.<\/p>\n<p>A fajta korai ideje Korai<br \/>\nHermetikus csomagol\u00e1s Igen<br \/>\nMagok sz\u00e1ma a csomagban, db. 10<br \/>\nVet\u00e9sid\u0151 a talajban V-VI, 2,5-3,5cm<br \/>\nA pal\u00e1nt\u00e1k vet\u00e9si ideje III-IV, 2,5-3,5 cm<br \/>\nVet\u00e9sid\u0151 \u00fcvegh\u00e1zban III-IV, 2,5-3,5 cm<br \/>\nT\u00e1vols\u00e1gok, cm V, 100&#215;50-70 cm<br \/>\nSz\u00fcret VII-IX<br \/>\nTerm\u0151f\u00f6ld<br \/>\nM\u00e1rka \u017dalia stotel\u0117<br \/>\nNapos hely Igen<\/p>\n","protected":false},"featured_media":31120,"comment_status":"closed","ping_status":"closed","template":"","meta":[],"product_brand":[],"product_cat":[420],"product_tag":[],"class_list":{"0":"post-31119","1":"product","2":"type-product","3":"status-publish","4":"has-post-thumbnail","6":"product_cat-dinnye-es-tok-vetomagok-zalia-stotele","8":"first","9":"instock","10":"taxable","11":"shipping-taxable","12":"purchasable","13":"product-type-simple"},"_links":{"self":[{"href":"https:\/\/chilimag.hu\/webshop\/wp-json\/wp\/v2\/product\/31119","targetHints":{"allow":["GET"]}}],"collection":[{"href":"https:\/\/chilimag.hu\/webshop\/wp-json\/wp\/v2\/product"}],"about":[{"href":"https:\/\/chilimag.hu\/webshop\/wp-json\/wp\/v2\/types\/product"}],"replies":[{"embeddable":true,"href":"https:\/\/chilimag.hu\/webshop\/wp-json\/wp\/v2\/comments?post=31119"}],"wp:featuredmedia":[{"embeddable":true,"href":"https:\/\/chilimag.hu\/webshop\/wp-json\/wp\/v2\/media\/31120"}],"wp:attachment":[{"href":"https:\/\/chilimag.hu\/webshop\/wp-json\/wp\/v2\/media?parent=31119"}],"wp:term":[{"taxonomy":"product_brand","embeddable":true,"href":"https:\/\/chilimag.hu\/webshop\/wp-json\/wp\/v2\/product_brand?post=31119"},{"taxonomy":"product_cat","embeddable":true,"href":"https:\/\/chilimag.hu\/webshop\/wp-json\/wp\/v2\/product_cat?post=31119"},{"taxonomy":"product_tag","embeddable":true,"href":"https:\/\/chilimag.hu\/webshop\/wp-json\/wp\/v2\/product_tag?post=31119"}],"curies":[{"name":"wp","href":"https:\/\/api.w.org\/{rel}","templated":true}]}}