{"id":30766,"date":"2024-03-05T19:34:37","date_gmt":"2024-03-05T19:34:37","guid":{"rendered":"https:\/\/chilimag.hu\/webshop\/?post_type=product&#038;p=30766"},"modified":"2026-05-04T07:50:43","modified_gmt":"2026-05-04T07:50:43","slug":"thai-padlizsan","status":"publish","type":"product","link":"https:\/\/chilimag.hu\/webshop\/termek\/thai-padlizsan\/","title":{"rendered":"Thai padlizs\u00e1n"},"content":{"rendered":"","protected":false},"excerpt":{"rendered":"<p><img decoding=\"async\" src=\"https:\/\/chilimag.hu\/webshop\/wp-content\/uploads\/2014\/11\/chilimag-logo-2-150x150.jpg\" \/><\/p>\n<p>Botanikai n\u00e9v:\u00a0Solanum virginianu<\/p>\n<p>A thai padlizs\u00e1n (Solanum virginianum) a nad\u00e1lyt\u0151f\u00e9l\u00e9k csal\u00e1dj\u00e1ba tartozik!<br \/>\nA thai padlizs\u00e1n egyny\u00e1ri, l\u00e1gysz\u00e1r\u00fa n\u00f6v\u00e9ny, amely k\u00f6r\u00fclbel\u00fcl 80 centim\u00e9ter magasra n\u0151. A levelek fogazott \u00f6bl\u00f6k; a sz\u00e1ron \u00e9s a lev\u00e9len t\u00f6visek vannak.<\/p>\n<p>A csomag 10 szem magot tartalmaz<\/p>\n<p>&nbsp;<\/p>\n","protected":false},"featured_media":30768,"comment_status":"closed","ping_status":"closed","template":"","meta":[],"product_brand":[],"product_cat":[329],"product_tag":[],"class_list":{"0":"post-30766","1":"product","2":"type-product","3":"status-publish","4":"has-post-thumbnail","6":"product_cat-zoldseg-vetomagok-egyeb-es-kulonleges-vetomagok","8":"first","9":"instock","10":"taxable","11":"shipping-taxable","12":"purchasable","13":"product-type-simple"},"_links":{"self":[{"href":"https:\/\/chilimag.hu\/webshop\/wp-json\/wp\/v2\/product\/30766","targetHints":{"allow":["GET"]}}],"collection":[{"href":"https:\/\/chilimag.hu\/webshop\/wp-json\/wp\/v2\/product"}],"about":[{"href":"https:\/\/chilimag.hu\/webshop\/wp-json\/wp\/v2\/types\/product"}],"replies":[{"embeddable":true,"href":"https:\/\/chilimag.hu\/webshop\/wp-json\/wp\/v2\/comments?post=30766"}],"wp:featuredmedia":[{"embeddable":true,"href":"https:\/\/chilimag.hu\/webshop\/wp-json\/wp\/v2\/media\/30768"}],"wp:attachment":[{"href":"https:\/\/chilimag.hu\/webshop\/wp-json\/wp\/v2\/media?parent=30766"}],"wp:term":[{"taxonomy":"product_brand","embeddable":true,"href":"https:\/\/chilimag.hu\/webshop\/wp-json\/wp\/v2\/product_brand?post=30766"},{"taxonomy":"product_cat","embeddable":true,"href":"https:\/\/chilimag.hu\/webshop\/wp-json\/wp\/v2\/product_cat?post=30766"},{"taxonomy":"product_tag","embeddable":true,"href":"https:\/\/chilimag.hu\/webshop\/wp-json\/wp\/v2\/product_tag?post=30766"}],"curies":[{"name":"wp","href":"https:\/\/api.w.org\/{rel}","templated":true}]}}