{"id":30556,"date":"2024-02-28T18:51:59","date_gmt":"2024-02-28T18:51:59","guid":{"rendered":"https:\/\/chilimag.hu\/webshop\/?post_type=product&#038;p=30556"},"modified":"2026-05-12T21:21:15","modified_gmt":"2026-05-12T21:21:15","slug":"pak-choi-xotica-bz-h","status":"publish","type":"product","link":"https:\/\/chilimag.hu\/webshop\/termek\/pak-choi-xotica-bz-h\/","title":{"rendered":"Pak Choi Xotica Bz H"},"content":{"rendered":"","protected":false},"excerpt":{"rendered":"<p><img decoding=\"async\" class=\"img-responsive\" title=\"Buzzy Seeds\" src=\"https:\/\/tuinplus.nl\/Documents\/Images\/Banners\/Buzzy_Roll_Over.jpg\" alt=\"Buzzy Seeds\" \/><\/p>\n<p>Botanikai n\u00e9v:<span id=\"column_2_uc_product_details_ctl04_lbl_ff_desc2\" class=\"value\">Brassica chinensis\u00a0<\/span><\/p>\n<p><span id=\"column_2_uc_product_details_ctl04_lbl_ff_desc2\" class=\"value\">K\u00ednai Pak Choi<br \/>\nNy\u00e1r k\u00f6zep\u00e9t\u0151l ny\u00e1r v\u00e9g\u00e9ig ny\u00edlt terepen sorokban. Ritk\u00edtsa meg, de ker\u00fclje az \u00e1t\u00fcltet\u00e9st! Taisai csavarok k\u00f6nnyen; ez\u00e9rt ne vess\u00fck t\u00fal kor\u00e1n, \u00e9s ne \u00fcltess\u00fck \u00e1t a pal\u00e1nt\u00e1kat.<br \/>\nA Pak-Choy alkalmas r\u00e1nt\u00e1sra, r\u00f6vid f\u0151z\u00e9sre vagy p\u00e1rol\u00e1sra. Nagyon sok hozz\u00e1val\u00f3val kombin\u00e1lhat\u00f3. Gyakran haszn\u00e1lj\u00e1k sal\u00e1t\u00e1kban, tavaszi tekercsekben \u00e9s levesekben.<\/span><\/p>\n<p>A csomag 2 gr magot tartalmaz<\/p>\n<p>&nbsp;<\/p>\n","protected":false},"featured_media":30557,"comment_status":"closed","ping_status":"closed","template":"","meta":[],"product_brand":[],"product_cat":[440],"product_tag":[],"class_list":{"0":"post-30556","1":"product","2":"type-product","3":"status-publish","4":"has-post-thumbnail","6":"product_cat-xotica-collection","8":"first","9":"instock","10":"taxable","11":"shipping-taxable","12":"purchasable","13":"product-type-simple"},"_links":{"self":[{"href":"https:\/\/chilimag.hu\/webshop\/wp-json\/wp\/v2\/product\/30556","targetHints":{"allow":["GET"]}}],"collection":[{"href":"https:\/\/chilimag.hu\/webshop\/wp-json\/wp\/v2\/product"}],"about":[{"href":"https:\/\/chilimag.hu\/webshop\/wp-json\/wp\/v2\/types\/product"}],"replies":[{"embeddable":true,"href":"https:\/\/chilimag.hu\/webshop\/wp-json\/wp\/v2\/comments?post=30556"}],"wp:featuredmedia":[{"embeddable":true,"href":"https:\/\/chilimag.hu\/webshop\/wp-json\/wp\/v2\/media\/30557"}],"wp:attachment":[{"href":"https:\/\/chilimag.hu\/webshop\/wp-json\/wp\/v2\/media?parent=30556"}],"wp:term":[{"taxonomy":"product_brand","embeddable":true,"href":"https:\/\/chilimag.hu\/webshop\/wp-json\/wp\/v2\/product_brand?post=30556"},{"taxonomy":"product_cat","embeddable":true,"href":"https:\/\/chilimag.hu\/webshop\/wp-json\/wp\/v2\/product_cat?post=30556"},{"taxonomy":"product_tag","embeddable":true,"href":"https:\/\/chilimag.hu\/webshop\/wp-json\/wp\/v2\/product_tag?post=30556"}],"curies":[{"name":"wp","href":"https:\/\/api.w.org\/{rel}","templated":true}]}}