{"id":30369,"date":"2024-02-23T18:35:42","date_gmt":"2024-02-23T18:35:42","guid":{"rendered":"https:\/\/chilimag.hu\/webshop\/?post_type=product&#038;p=30369"},"modified":"2025-08-14T09:58:57","modified_gmt":"2025-08-14T09:58:57","slug":"mexikoi-csodahajnalka-florian-bg","status":"publish","type":"product","link":"https:\/\/chilimag.hu\/webshop\/termek\/mexikoi-csodahajnalka-florian-bg\/","title":{"rendered":"Mexik\u00f3i csodahajnalka Florian Bg"},"content":{"rendered":"","protected":false},"excerpt":{"rendered":"<p><img decoding=\"async\" class=\"img-inline\" src=\"https:\/\/brcci.eu\/cache\/thumbnails\/12ecd0e6e419f1b9b1484ef02ad361979dd8e054\/1a6c5e1406ad462ca86d17b2800862d7f837862c-829875ad0a268b741b7edd818ffce098.png\" alt=\"FLORIAN OOD\" \/><\/p>\n<p>Vonz\u00f3 egy\u00e9ves k\u00fasz\u00f3n\u00f6v\u00e9ny, t\u00f6bb sz\u00e1rat form\u00e1l\u00f3, \u00e9l\u00e9nkv\u00f6r\u00f6s, narancss\u00e1rga, halv\u00e1nys\u00e1rga \u00e9s feh\u00e9r pattogatott kukoric\u00e1s zuhataggal, kis l\u00e1ngok form\u00e1j\u00e1ban A teljes napf\u00e9nyt \u00e9s az enyh\u00e9n nedves talajt kedveli.Vet\u00e9se janu\u00e1rt\u00f3l m\u00e1rciusig kb. 10 cm t\u00e1vols\u00e1gra \u00e9s eg\u00e9sz ny\u00e1ron vir\u00e1gzik.Magass\u00e1ga 250 cm.<\/p>\n<p>Magok sz\u00e1ma zs\u00e1konk\u00e9nt: 35 db.<\/p>\n","protected":false},"featured_media":30370,"comment_status":"closed","ping_status":"closed","template":"","meta":[],"product_brand":[],"product_cat":[384],"product_tag":[],"class_list":{"0":"post-30369","1":"product","2":"type-product","3":"status-publish","4":"has-post-thumbnail","6":"product_cat-virag-vetomagok-bolgar-florian-vetomagok","8":"first","9":"outofstock","10":"taxable","11":"shipping-taxable","12":"purchasable","13":"product-type-simple"},"_links":{"self":[{"href":"https:\/\/chilimag.hu\/webshop\/wp-json\/wp\/v2\/product\/30369","targetHints":{"allow":["GET"]}}],"collection":[{"href":"https:\/\/chilimag.hu\/webshop\/wp-json\/wp\/v2\/product"}],"about":[{"href":"https:\/\/chilimag.hu\/webshop\/wp-json\/wp\/v2\/types\/product"}],"replies":[{"embeddable":true,"href":"https:\/\/chilimag.hu\/webshop\/wp-json\/wp\/v2\/comments?post=30369"}],"wp:featuredmedia":[{"embeddable":true,"href":"https:\/\/chilimag.hu\/webshop\/wp-json\/wp\/v2\/media\/30370"}],"wp:attachment":[{"href":"https:\/\/chilimag.hu\/webshop\/wp-json\/wp\/v2\/media?parent=30369"}],"wp:term":[{"taxonomy":"product_brand","embeddable":true,"href":"https:\/\/chilimag.hu\/webshop\/wp-json\/wp\/v2\/product_brand?post=30369"},{"taxonomy":"product_cat","embeddable":true,"href":"https:\/\/chilimag.hu\/webshop\/wp-json\/wp\/v2\/product_cat?post=30369"},{"taxonomy":"product_tag","embeddable":true,"href":"https:\/\/chilimag.hu\/webshop\/wp-json\/wp\/v2\/product_tag?post=30369"}],"curies":[{"name":"wp","href":"https:\/\/api.w.org\/{rel}","templated":true}]}}