{"id":30351,"date":"2024-02-23T17:56:25","date_gmt":"2024-02-23T17:56:25","guid":{"rendered":"https:\/\/chilimag.hu\/webshop\/?post_type=product&#038;p=30351"},"modified":"2026-02-25T10:09:38","modified_gmt":"2026-02-25T10:09:38","slug":"borso-ambrosia-florian-bg","status":"publish","type":"product","link":"https:\/\/chilimag.hu\/webshop\/termek\/borso-ambrosia-florian-bg\/","title":{"rendered":"Borso Ambrosia Florian Bg"},"content":{"rendered":"","protected":false},"excerpt":{"rendered":"<p><img decoding=\"async\" class=\"img-inline\" src=\"https:\/\/brcci.eu\/cache\/thumbnails\/12ecd0e6e419f1b9b1484ef02ad361979dd8e054\/1a6c5e1406ad462ca86d17b2800862d7f837862c-829875ad0a268b741b7edd818ffce098.png\" alt=\"FLORIAN OOD\" \/><\/p>\n<p>T\u00e9l el\u0151tti vet\u00e9s: okt\u00f3ber k\u00f6zep\u00e9t\u0151l november k\u00f6zep\u00e9ig &#8211; a talaj fagy\u00e1s\u00e1ig.<\/p>\n<p>100 gr &#8211; 5,99<\/p>\n<p>Tavaszi vet\u00e9s: febru\u00e1r v\u00e9g\u00e9t\u0151l m\u00e1rcius k\u00f6zep\u00e9ig.<\/p>\n<p>A vet\u00e9s 15 cm-es sort\u00e1vols\u00e1gra, soronk\u00e9nt 5 cm-re t\u00f6rt\u00e9nik.<\/p>\n<p>M\u0171szaki adatok<br \/>\nM\u00e9lys\u00e9g 6-7 cm (t\u00e9l el\u0151tti) 3-4 cm &#8211; tavasz<br \/>\nFriss fogyaszt\u00e1s \u00e9s iparos\u00edt\u00e1s c\u00e9lpontja<br \/>\nVet\u0151mennyis\u00e9g 20-25 kg\/1000 m\u00e9ter<br \/>\nA vet\u0151magb\u00f3l t\u00f6rt\u00e9n\u0151 termel\u00e9s t\u00edpusai<br \/>\n\u00c1ttekint\u00e9s<br \/>\nS\u00faly 100 gramm<br \/>\n\u00dcltet\u00e9s okt\u00f3ber &#8211; november febru\u00e1r &#8211; m\u00e1rcius<br \/>\nA betakar\u00edt\u00e1s j\u00faniusban kezd\u0151dik<br \/>\nVeget\u00e1ci\u00f3ja 60-65 nap<\/p>\n<p>A csomag 100 gr magot tartalmaz<\/p>\n","protected":false},"featured_media":30353,"comment_status":"closed","ping_status":"closed","template":"","meta":[],"product_brand":[],"product_cat":[377],"product_tag":[],"class_list":{"0":"post-30351","1":"product","2":"type-product","3":"status-publish","4":"has-post-thumbnail","6":"product_cat-huvelyesek-vetomagok","8":"first","9":"instock","10":"taxable","11":"shipping-taxable","12":"purchasable","13":"product-type-simple"},"_links":{"self":[{"href":"https:\/\/chilimag.hu\/webshop\/wp-json\/wp\/v2\/product\/30351","targetHints":{"allow":["GET"]}}],"collection":[{"href":"https:\/\/chilimag.hu\/webshop\/wp-json\/wp\/v2\/product"}],"about":[{"href":"https:\/\/chilimag.hu\/webshop\/wp-json\/wp\/v2\/types\/product"}],"replies":[{"embeddable":true,"href":"https:\/\/chilimag.hu\/webshop\/wp-json\/wp\/v2\/comments?post=30351"}],"wp:featuredmedia":[{"embeddable":true,"href":"https:\/\/chilimag.hu\/webshop\/wp-json\/wp\/v2\/media\/30353"}],"wp:attachment":[{"href":"https:\/\/chilimag.hu\/webshop\/wp-json\/wp\/v2\/media?parent=30351"}],"wp:term":[{"taxonomy":"product_brand","embeddable":true,"href":"https:\/\/chilimag.hu\/webshop\/wp-json\/wp\/v2\/product_brand?post=30351"},{"taxonomy":"product_cat","embeddable":true,"href":"https:\/\/chilimag.hu\/webshop\/wp-json\/wp\/v2\/product_cat?post=30351"},{"taxonomy":"product_tag","embeddable":true,"href":"https:\/\/chilimag.hu\/webshop\/wp-json\/wp\/v2\/product_tag?post=30351"}],"curies":[{"name":"wp","href":"https:\/\/api.w.org\/{rel}","templated":true}]}}