{"id":30319,"date":"2024-02-23T16:38:09","date_gmt":"2024-02-23T16:38:09","guid":{"rendered":"https:\/\/chilimag.hu\/webshop\/?post_type=product&#038;p=30319"},"modified":"2026-01-14T10:45:50","modified_gmt":"2026-01-14T10:45:50","slug":"retek-teli-mino-summer-cros-f1-sakata","status":"publish","type":"product","link":"https:\/\/chilimag.hu\/webshop\/termek\/retek-teli-mino-summer-cros-f1-sakata\/","title":{"rendered":"Retek t\u00e9li Mino Summer Cros F1 Sakata"},"content":{"rendered":"","protected":false},"excerpt":{"rendered":"<p><img decoding=\"async\" class=\"general_border\" src=\"https:\/\/seminteplante.ro\/img\/m\/37-brand_default.jpg\" alt=\"Sakata\" width=\"154\" height=\"70\" \/><\/p>\n<p>A Mino Summer Cross F1 a vet\u00e9s ut\u00e1n 45-50 nappal \u00e9ri el a betakar\u00edt\u00e1si \u00e9retts\u00e9get. Betegs\u00e9gekkel \u00e9s magas h\u0151m\u00e9rs\u00e9klettel szemben ellen\u00e1ll\u00f3, ny\u00e1ri-\u0151szi n\u00f6v\u00e9nyekhez aj\u00e1nljuk.<\/p>\n<p>A Mino Summer Cross F1 sima, intenz\u00edv feh\u00e9r gy\u00f6kereket hoz, 40-45 cm hossz\u00fa \u00e9s 6 cm \u00e1tm\u00e9r\u0151j\u0171, nagyon egyenletes.<\/p>\n<p>J\u00f3l megmunk\u00e1lt \u00e9s j\u00f3l tr\u00e1gy\u00e1zott talajt ig\u00e9nyel.<\/p>\n<p>Gy\u00e1rt\u00f3 Sakata<br \/>\nHengeres forma<\/p>\n<p>A csomag 50 szem magot tartalmaz<\/p>\n","protected":false},"featured_media":30792,"comment_status":"closed","ping_status":"closed","template":"","meta":[],"product_brand":[],"product_cat":[392],"product_tag":[],"class_list":{"0":"post-30319","1":"product","2":"type-product","3":"status-publish","4":"has-post-thumbnail","6":"product_cat-japan-sakata-vetomagok","8":"first","9":"instock","10":"taxable","11":"shipping-taxable","12":"purchasable","13":"product-type-simple"},"_links":{"self":[{"href":"https:\/\/chilimag.hu\/webshop\/wp-json\/wp\/v2\/product\/30319","targetHints":{"allow":["GET"]}}],"collection":[{"href":"https:\/\/chilimag.hu\/webshop\/wp-json\/wp\/v2\/product"}],"about":[{"href":"https:\/\/chilimag.hu\/webshop\/wp-json\/wp\/v2\/types\/product"}],"replies":[{"embeddable":true,"href":"https:\/\/chilimag.hu\/webshop\/wp-json\/wp\/v2\/comments?post=30319"}],"wp:featuredmedia":[{"embeddable":true,"href":"https:\/\/chilimag.hu\/webshop\/wp-json\/wp\/v2\/media\/30792"}],"wp:attachment":[{"href":"https:\/\/chilimag.hu\/webshop\/wp-json\/wp\/v2\/media?parent=30319"}],"wp:term":[{"taxonomy":"product_brand","embeddable":true,"href":"https:\/\/chilimag.hu\/webshop\/wp-json\/wp\/v2\/product_brand?post=30319"},{"taxonomy":"product_cat","embeddable":true,"href":"https:\/\/chilimag.hu\/webshop\/wp-json\/wp\/v2\/product_cat?post=30319"},{"taxonomy":"product_tag","embeddable":true,"href":"https:\/\/chilimag.hu\/webshop\/wp-json\/wp\/v2\/product_tag?post=30319"}],"curies":[{"name":"wp","href":"https:\/\/api.w.org\/{rel}","templated":true}]}}