{"id":30280,"date":"2024-02-23T06:02:49","date_gmt":"2024-02-23T06:02:49","guid":{"rendered":"https:\/\/chilimag.hu\/webshop\/?post_type=product&#038;p=30280"},"modified":"2026-03-03T07:33:04","modified_gmt":"2026-03-03T07:33:04","slug":"padlizsan-classic-f1-profy-line-florian-bg","status":"publish","type":"product","link":"https:\/\/chilimag.hu\/webshop\/termek\/padlizsan-classic-f1-profy-line-florian-bg\/","title":{"rendered":"Padlizs\u00e1n Classic F1 Profy Line Florian Bg"},"content":{"rendered":"","protected":false},"excerpt":{"rendered":"<p><img decoding=\"async\" class=\"img-inline\" src=\"https:\/\/brcci.eu\/cache\/thumbnails\/12ecd0e6e419f1b9b1484ef02ad361979dd8e054\/1a6c5e1406ad462ca86d17b2800862d7f837862c-829875ad0a268b741b7edd818ffce098.png\" alt=\"FLORIAN OOD\" \/><\/p>\n<p>Egy korai hibrid fajta, a Classic F1 padlizs\u00e1n kiemelkedik k\u00fcl\u00f6n\u00f6sen magas term\u00e9shozam\u00e1val. A korai \u00e9r\u00e9s\u0171 n\u00f6v\u00e9ny veget\u00e1ci\u00f3s peri\u00f3dusa az \u00e1t\u00fcltet\u00e9s ut\u00e1n 50 nap. A sz\u0151l\u0151 er\u0151teljes, klasszikus form\u00e1ban megk\u00f6ti a gy\u00fcm\u00f6lcs\u00f6t, vil\u00e1gos, s\u00f6t\u00e9t indig\u00f3 sz\u00edn\u0171, feh\u00e9r maggal \u00e9s kev\u00e9s maggal.<br \/>\nCsomagol\u00e1s m\u00f3dja: 40 magos zacsk\u00f3<\/p>\n","protected":false},"featured_media":30281,"comment_status":"closed","ping_status":"closed","template":"","meta":[],"product_brand":[],"product_cat":[383],"product_tag":[],"class_list":{"0":"post-30280","1":"product","2":"type-product","3":"status-publish","4":"has-post-thumbnail","6":"product_cat-uborka-es-padlizsan-vetomagok","8":"first","9":"instock","10":"taxable","11":"shipping-taxable","12":"purchasable","13":"product-type-simple"},"_links":{"self":[{"href":"https:\/\/chilimag.hu\/webshop\/wp-json\/wp\/v2\/product\/30280","targetHints":{"allow":["GET"]}}],"collection":[{"href":"https:\/\/chilimag.hu\/webshop\/wp-json\/wp\/v2\/product"}],"about":[{"href":"https:\/\/chilimag.hu\/webshop\/wp-json\/wp\/v2\/types\/product"}],"replies":[{"embeddable":true,"href":"https:\/\/chilimag.hu\/webshop\/wp-json\/wp\/v2\/comments?post=30280"}],"wp:featuredmedia":[{"embeddable":true,"href":"https:\/\/chilimag.hu\/webshop\/wp-json\/wp\/v2\/media\/30281"}],"wp:attachment":[{"href":"https:\/\/chilimag.hu\/webshop\/wp-json\/wp\/v2\/media?parent=30280"}],"wp:term":[{"taxonomy":"product_brand","embeddable":true,"href":"https:\/\/chilimag.hu\/webshop\/wp-json\/wp\/v2\/product_brand?post=30280"},{"taxonomy":"product_cat","embeddable":true,"href":"https:\/\/chilimag.hu\/webshop\/wp-json\/wp\/v2\/product_cat?post=30280"},{"taxonomy":"product_tag","embeddable":true,"href":"https:\/\/chilimag.hu\/webshop\/wp-json\/wp\/v2\/product_tag?post=30280"}],"curies":[{"name":"wp","href":"https:\/\/api.w.org\/{rel}","templated":true}]}}