{"id":30033,"date":"2024-02-18T07:49:24","date_gmt":"2024-02-18T07:49:24","guid":{"rendered":"https:\/\/chilimag.hu\/webshop\/?post_type=product&#038;p=30033"},"modified":"2026-04-20T19:41:06","modified_gmt":"2026-04-20T19:41:06","slug":"bab-djina-opal-bg","status":"publish","type":"product","link":"https:\/\/chilimag.hu\/webshop\/termek\/bab-djina-opal-bg\/","title":{"rendered":"Bab Djina Opal Bg"},"content":{"rendered":"","protected":false},"excerpt":{"rendered":"<p><img decoding=\"async\" src=\"https:\/\/c.cdnmp.net\/592978066\/brands\/1000004_logo.jpg\" alt=\"OPAL ZI - Bulgaria\" \/><\/p>\n<p>Meghat\u00e1rozott fajta kerti bab, magass\u00e1ga 40-45 cm. A cs\u00edr\u00e1z\u00e1s ut\u00e1n 60-65 nappal \u00e9rik. Sz\u00e9les z\u00f6ld h\u00fcvelyeket alkot, \u00e9desgy\u00f6k\u00e9r n\u00e9lk\u00fcl, nagyon j\u00f3 \u00edzekkel. A bogy\u00f3k feh\u00e9rek. Friss fogyaszt\u00e1sra, tart\u00f3s\u00edt\u00e1sra \u00e9s fagyaszt\u00e1sra sz\u00e1nj\u00e1k. Nagy term\u0151k\u00e9pess\u00e9g\u0171, j\u00f3 alkalmazkod\u00f3k\u00e9pess\u00e9g\u0171, babs\u00e1rga mozaikv\u00edrussal szemben ellen\u00e1ll\u00f3 fajta. Alkalmas fagyaszt\u00e1sra, z\u00f6ld h\u00fcvelyek tart\u00f3s\u00edt\u00e1s\u00e1ra \u00e9s sz\u00e1razbab betakar\u00edt\u00e1s\u00e1ra. Vet\u0151mennyis\u00e9g &#8211; 10-12 gr\/ha.<\/p>\n<p>A csomag 40 gr magot tartalmaz<\/p>\n","protected":false},"featured_media":30034,"comment_status":"closed","ping_status":"closed","template":"","meta":[],"product_brand":[],"product_cat":[455],"product_tag":[],"class_list":{"0":"post-30033","1":"product","2":"type-product","3":"status-publish","4":"has-post-thumbnail","6":"product_cat-huvelyesek-vetomagok-bolgar-opal-vetomagok","8":"first","9":"instock","10":"taxable","11":"shipping-taxable","12":"purchasable","13":"product-type-simple"},"_links":{"self":[{"href":"https:\/\/chilimag.hu\/webshop\/wp-json\/wp\/v2\/product\/30033","targetHints":{"allow":["GET"]}}],"collection":[{"href":"https:\/\/chilimag.hu\/webshop\/wp-json\/wp\/v2\/product"}],"about":[{"href":"https:\/\/chilimag.hu\/webshop\/wp-json\/wp\/v2\/types\/product"}],"replies":[{"embeddable":true,"href":"https:\/\/chilimag.hu\/webshop\/wp-json\/wp\/v2\/comments?post=30033"}],"wp:featuredmedia":[{"embeddable":true,"href":"https:\/\/chilimag.hu\/webshop\/wp-json\/wp\/v2\/media\/30034"}],"wp:attachment":[{"href":"https:\/\/chilimag.hu\/webshop\/wp-json\/wp\/v2\/media?parent=30033"}],"wp:term":[{"taxonomy":"product_brand","embeddable":true,"href":"https:\/\/chilimag.hu\/webshop\/wp-json\/wp\/v2\/product_brand?post=30033"},{"taxonomy":"product_cat","embeddable":true,"href":"https:\/\/chilimag.hu\/webshop\/wp-json\/wp\/v2\/product_cat?post=30033"},{"taxonomy":"product_tag","embeddable":true,"href":"https:\/\/chilimag.hu\/webshop\/wp-json\/wp\/v2\/product_tag?post=30033"}],"curies":[{"name":"wp","href":"https:\/\/api.w.org\/{rel}","templated":true}]}}