{"id":30023,"date":"2024-02-18T07:13:26","date_gmt":"2024-02-18T07:13:26","guid":{"rendered":"https:\/\/chilimag.hu\/webshop\/?post_type=product&#038;p=30023"},"modified":"2025-09-01T14:02:23","modified_gmt":"2025-09-01T14:02:23","slug":"borso-avola-opal-bg","status":"publish","type":"product","link":"https:\/\/chilimag.hu\/webshop\/termek\/borso-avola-opal-bg\/","title":{"rendered":"Bors\u00f3 Avola Opal Bg"},"content":{"rendered":"","protected":false},"excerpt":{"rendered":"<p><img decoding=\"async\" src=\"https:\/\/opal-bg.com\/_next\/image?url=%2F_next%2Fstatic%2Fimage%2Fpublic%2Fimages%2Fhome%2Fnobg1.40d357a89f8aca58449177aa96e69e77.png&amp;w=256&amp;q=75\" srcset=\"https:\/\/opal-bg.com\/_next\/image?url=%2F_next%2Fstatic%2Fimage%2Fpublic%2Fimages%2Fhome%2Fnobg1.40d357a89f8aca58449177aa96e69e77.png&amp;w=96&amp;q=75 1x, https:\/\/opal-bg.com\/_next\/image?url=%2F_next%2Fstatic%2Fimage%2Fpublic%2Fimages%2Fhome%2Fnobg1.40d357a89f8aca58449177aa96e69e77.png&amp;w=256&amp;q=75 2x\" data-nimg=\"intrinsic\" \/><\/p>\n<p>Az Avola egy nagyon korai \u00e9r\u00e9s\u0171 bors\u00f3fajta<\/p>\n<p>Az Avola bors\u00f3hoz sz\u00fcks\u00e9ges h\u0151m\u00e9rs\u00e9kleti fokok \u00f6sszege 1155 h\u0151egys\u00e9g.<\/p>\n<p>Az Avola bors\u00f3 korais\u00e1ga kb. 85 nap a vet\u00e9st\u0151l. N\u00f6v\u00e9ny magass\u00e1g: 40 cm.<\/p>\n<p>Az els\u0151 vir\u00e1gok a 9-10. csom\u00f3pontonk\u00e9nt 1-2 h\u00fcvely; H\u00fcvelyenk\u00e9nt 6-7 szem.<\/p>\n<p>A cukortartalom 11,7%. Javasolt s\u0171r\u0171s\u00e9g: 190-210 kg\/ha (90 t\u0151\/m2).<\/p>\n<p>Betakar\u00edt\u00e1si szelv\u00e9ny: &lt; 8,2mm=5%; 8,2-8,75 mm = 10%; 8,75-9,2 mm = 20%; 9,2-10,3 mm = 35%; &lt; 10,3 mm = 30%.<\/p>\n<p>\u00dcgyf\u00e9l el\u0151nyei:<\/p>\n<p>&#8211; nem t\u00fal v\u00e1logat\u00f3s a talajra<\/p>\n<p>&#8211; g\u00e9pes\u00edtett betakar\u00edt\u00e1sra alkalmas<\/p>\n<p>&#8211; 60 nappal az \u00fcltet\u00e9s ut\u00e1n \u00e9rik el<\/p>\n<p>A term\u00e9k el\u0151nyei:<\/p>\n<p>&#8211; a talaj szerkezet\u00e9nek \u00e9s term\u0151k\u00e9pess\u00e9g\u00e9nek helyre\u00e1ll\u00edt\u00e1s\u00e1ban is fontosak.<\/p>\n<p>&#8211; ez egy autog\u00e1m n\u00f6v\u00e9ny, ahol a beporz\u00e1s k\u00f6zvetlen\u00fcl t\u00f6rt\u00e9nik<\/p>\n<p>&#8211; 1-2 m magasra is megn\u0151het<\/p>\n<p>Le\u00edr\u00e1s:<\/p>\n<p>Az Avola bors\u00f3 egyny\u00e1ri n\u00f6v\u00e9ny, amely a hideg \u00e9vszakt\u00f3l (amint a talaj el\u00e9ri a 10 Celsius-fokot) eg\u00e9szen ny\u00e1r elej\u00e9ig termeszthet\u0151.<\/p>\n<p>Gondoskod\u00e1s:<\/p>\n<p>Az Avola bors\u00f3 magvak el\u00fcltet\u00e9se ut\u00e1n fedje be \u0151ket talajjal. Tart\u00f3san nedvesnek kell lennie, de nem t\u00falzottan, hogy a gyors cs\u00edr\u00e1z\u00e1s lehets\u00e9ges legyen. Az \u00f6nt\u00f6z\u00e9st minden reggel finom sug\u00e1rral vagy permetez\u00e9ssel v\u00e9gezz\u00fck, hogy ne mozduljanak el a magok.<\/p>\n<p>M\u0170SZAKI ADATOK<\/p>\n<p>Vet\u00e9sm\u00f3d (\u00fcltet\u00e9s) &#8211; K\u00f6zvetlen vet\u00e9s<br \/>\n\u00dcltet\u00e9si id\u0151szak &#8211; tavasz<br \/>\nTalajt\u00edpus &#8211; B\u00e1rmilyen t\u00edpus\u00fa kerti talaj<br \/>\nNapok a lej\u00e1ratig &#8211; 50 nap<br \/>\nNapsug\u00e1rz\u00e1s &#8211; Napos helyek<br \/>\nN\u00f6veked\u00e9si ciklus &#8211; \u00c9ves<br \/>\nGy\u00fcm\u00f6lcsforma &#8211; Hossz\u00fak\u00e1s<\/p>\n<p>Z\u00f6ld sz\u00edn<br \/>\nMagass\u00e1g &#8211; 45-50 cm<br \/>\nTerm\u00e9kt\u00edpus &#8211; Bors\u00f3mag<br \/>\nAz Avola egy op\u00e1l bors\u00f3fajta, nagyon korai \u00e9r\u00e9s\u0171<\/p>\n<p>A csomag 150 gr magot tartalmaz<\/p>\n","protected":false},"featured_media":30024,"comment_status":"closed","ping_status":"closed","template":"","meta":[],"product_brand":[],"product_cat":[455],"product_tag":[],"class_list":{"0":"post-30023","1":"product","2":"type-product","3":"status-publish","4":"has-post-thumbnail","6":"product_cat-huvelyesek-vetomagok-bolgar-opal-vetomagok","8":"first","9":"instock","10":"taxable","11":"shipping-taxable","12":"purchasable","13":"product-type-simple"},"_links":{"self":[{"href":"https:\/\/chilimag.hu\/webshop\/wp-json\/wp\/v2\/product\/30023","targetHints":{"allow":["GET"]}}],"collection":[{"href":"https:\/\/chilimag.hu\/webshop\/wp-json\/wp\/v2\/product"}],"about":[{"href":"https:\/\/chilimag.hu\/webshop\/wp-json\/wp\/v2\/types\/product"}],"replies":[{"embeddable":true,"href":"https:\/\/chilimag.hu\/webshop\/wp-json\/wp\/v2\/comments?post=30023"}],"wp:featuredmedia":[{"embeddable":true,"href":"https:\/\/chilimag.hu\/webshop\/wp-json\/wp\/v2\/media\/30024"}],"wp:attachment":[{"href":"https:\/\/chilimag.hu\/webshop\/wp-json\/wp\/v2\/media?parent=30023"}],"wp:term":[{"taxonomy":"product_brand","embeddable":true,"href":"https:\/\/chilimag.hu\/webshop\/wp-json\/wp\/v2\/product_brand?post=30023"},{"taxonomy":"product_cat","embeddable":true,"href":"https:\/\/chilimag.hu\/webshop\/wp-json\/wp\/v2\/product_cat?post=30023"},{"taxonomy":"product_tag","embeddable":true,"href":"https:\/\/chilimag.hu\/webshop\/wp-json\/wp\/v2\/product_tag?post=30023"}],"curies":[{"name":"wp","href":"https:\/\/api.w.org\/{rel}","templated":true}]}}