{"id":29985,"date":"2024-02-17T18:56:12","date_gmt":"2024-02-17T18:56:12","guid":{"rendered":"https:\/\/chilimag.hu\/webshop\/?post_type=product&#038;p=29985"},"modified":"2025-12-23T17:18:00","modified_gmt":"2025-12-23T17:18:00","slug":"sargadinnye-hybrid-15-opal-bg","status":"publish","type":"product","link":"https:\/\/chilimag.hu\/webshop\/termek\/sargadinnye-hybrid-15-opal-bg\/","title":{"rendered":"S\u00e1rgadinnye Hybrid 15 F1 Opal Bg"},"content":{"rendered":"","protected":false},"excerpt":{"rendered":"<p><img decoding=\"async\" src=\"https:\/\/opal-bg.com\/_next\/image?url=%2F_next%2Fstatic%2Fimage%2Fpublic%2Fimages%2Fhome%2Fnobg1.40d357a89f8aca58449177aa96e69e77.png&amp;w=256&amp;q=75\" srcset=\"https:\/\/opal-bg.com\/_next\/image?url=%2F_next%2Fstatic%2Fimage%2Fpublic%2Fimages%2Fhome%2Fnobg1.40d357a89f8aca58449177aa96e69e77.png&amp;w=96&amp;q=75 1x, https:\/\/opal-bg.com\/_next\/image?url=%2F_next%2Fstatic%2Fimage%2Fpublic%2Fimages%2Fhome%2Fnobg1.40d357a89f8aca58449177aa96e69e77.png&amp;w=256&amp;q=75 2x\" data-nimg=\"intrinsic\" \/><\/p>\n<p>Korai hibrid bolg\u00e1r dinnyefajta.<br \/>\nM\u00e9lys\u00e9g &#8211; 3-6 cm<br \/>\nVet\u00e9s &#8211; \u00e1prilist\u00f3l kezd\u0151d\u0151en<br \/>\nVet\u0151mennyis\u00e9g &#8211; 250-350 gramm\/10 aras<br \/>\nTermeszt\u00e9s \u00fcvegh\u00e1zakban \u00e9s szabadban<br \/>\nA veget\u00e1ci\u00f3s id\u0151szak k\u00f6r\u00fclbel\u00fcl 80-84 nap.<br \/>\nBetegs\u00e9g\u00e1ll\u00f3s\u00e1g &#8211; ellen\u00e1ll a lisztharmatnak, toler\u00e1l a peronoszp\u00f3ra ellen.<br \/>\nSz\u00e1ll\u00edt\u00e1s\u00e1ll\u00f3 \u00e9s forgalomba hozatalra alkalmas.<br \/>\nGy\u00fcm\u00f6lcs jellemz\u0151k:<\/p>\n<p>Gy\u00fcm\u00f6lcsei enyh\u00e9n megny\u00faltak, tagolt, 2,5-3,5 kg t\u00f6meg\u0171ek.<br \/>\nA k\u00e9reg kr\u00e9mz\u00f6ld sz\u00edn\u0171, s\u0171r\u0171 h\u00e1l\u00f3val bor\u00edtva.<br \/>\nH\u00fasa vil\u00e1gos narancss\u00e1rga sz\u00edn\u0171, finom, \u00edzletes \u00e9s kellemes illat\u00fa.<\/p>\n<p>A n\u00f6v\u00e9ny specifik\u00e1ci\u00f3i:<\/p>\n<p>\u00c9l\u00e9nk n\u00f6v\u00e9ny m\u00e9rs\u00e9kelt n\u00f6veked\u00e9ssel \u00e9s j\u00f3 lombozattal..<br \/>\nA sz\u00e1r hossza 1,5-2 m.<br \/>\nLevelei k\u00f6zepesek, k\u00f6nnyen v\u00e1ghat\u00f3k, s\u00f6t\u00e9tz\u00f6ld sz\u00edn\u0171ek<br \/>\nA n\u00f6v\u00e9nyek egylakiak, n\u0151i \u00e9s h\u00edm vir\u00e1gokkal.<br \/>\n\u00c1ltal\u00e1noss\u00e1gok:<\/p>\n<p>Tartalom kb. 27 mag\/gramm<br \/>\n\u00c1prilis \u00fcltet\u00e9s<br \/>\nSz\u00fcret j\u00falius-augusztus<br \/>\nVeget\u00e1ci\u00f3ja 80-84 nap<\/p>\n<p>A csomag 1 gr magot tartalmaz<\/p>\n","protected":false},"featured_media":29987,"comment_status":"closed","ping_status":"closed","template":"","meta":[],"product_brand":[],"product_cat":[451],"product_tag":[],"class_list":{"0":"post-29985","1":"product","2":"type-product","3":"status-publish","4":"has-post-thumbnail","6":"product_cat-dinnye-es-tok-vetomagok-bolgar-opal-vetomagok","8":"first","9":"instock","10":"taxable","11":"shipping-taxable","12":"purchasable","13":"product-type-simple"},"_links":{"self":[{"href":"https:\/\/chilimag.hu\/webshop\/wp-json\/wp\/v2\/product\/29985","targetHints":{"allow":["GET"]}}],"collection":[{"href":"https:\/\/chilimag.hu\/webshop\/wp-json\/wp\/v2\/product"}],"about":[{"href":"https:\/\/chilimag.hu\/webshop\/wp-json\/wp\/v2\/types\/product"}],"replies":[{"embeddable":true,"href":"https:\/\/chilimag.hu\/webshop\/wp-json\/wp\/v2\/comments?post=29985"}],"wp:featuredmedia":[{"embeddable":true,"href":"https:\/\/chilimag.hu\/webshop\/wp-json\/wp\/v2\/media\/29987"}],"wp:attachment":[{"href":"https:\/\/chilimag.hu\/webshop\/wp-json\/wp\/v2\/media?parent=29985"}],"wp:term":[{"taxonomy":"product_brand","embeddable":true,"href":"https:\/\/chilimag.hu\/webshop\/wp-json\/wp\/v2\/product_brand?post=29985"},{"taxonomy":"product_cat","embeddable":true,"href":"https:\/\/chilimag.hu\/webshop\/wp-json\/wp\/v2\/product_cat?post=29985"},{"taxonomy":"product_tag","embeddable":true,"href":"https:\/\/chilimag.hu\/webshop\/wp-json\/wp\/v2\/product_tag?post=29985"}],"curies":[{"name":"wp","href":"https:\/\/api.w.org\/{rel}","templated":true}]}}