{"id":29975,"date":"2024-02-17T18:42:28","date_gmt":"2024-02-17T18:42:28","guid":{"rendered":"https:\/\/chilimag.hu\/webshop\/?post_type=product&#038;p=29975"},"modified":"2026-03-31T13:37:24","modified_gmt":"2026-03-31T13:37:24","slug":"gorogdinnye-crimson-opal-bg","status":"publish","type":"product","link":"https:\/\/chilimag.hu\/webshop\/termek\/gorogdinnye-crimson-opal-bg\/","title":{"rendered":"G\u00f6r\u00f6gdinnye Crimson Opal Bg"},"content":{"rendered":"","protected":false},"excerpt":{"rendered":"<p><img decoding=\"async\" src=\"https:\/\/opal-bg.com\/_next\/image?url=%2F_next%2Fstatic%2Fimage%2Fpublic%2Fimages%2Fhome%2Fnobg1.40d357a89f8aca58449177aa96e69e77.png&amp;w=256&amp;q=75\" srcset=\"https:\/\/opal-bg.com\/_next\/image?url=%2F_next%2Fstatic%2Fimage%2Fpublic%2Fimages%2Fhome%2Fnobg1.40d357a89f8aca58449177aa96e69e77.png&amp;w=96&amp;q=75 1x, https:\/\/opal-bg.com\/_next\/image?url=%2F_next%2Fstatic%2Fimage%2Fpublic%2Fimages%2Fhome%2Fnobg1.40d357a89f8aca58449177aa96e69e77.png&amp;w=256&amp;q=75 2x\" data-nimg=\"intrinsic\" \/><\/p>\n<p>Crimson Sweet g\u00f6r\u00f6gdinnye, korai fajta, er\u0151teljes n\u00f6v\u00e9nyek, j\u00f3l fejlett lombozattal.<\/p>\n<p>A gy\u00fcm\u00f6lcs\u00f6k ellen\u00e1llnak a sz\u00e1ll\u00edt\u00e1snak \u00e9s a t\u00e1rol\u00e1snak!<\/p>\n<p>A mag \u00e9des \u00e9s friss\u00edt\u0151 \u00edze, a mag intenz\u00edv v\u00f6r\u00f6s sz\u00edne!<\/p>\n<p>K\u00f6zepesen korai \u00e9s k\u00e9s\u0151i v\u00f6r\u00f6s dinnye v\u00e1ltozata. Gy\u00fcm\u00f6lcsei lekerek\u00edtettek, ov\u00e1lis alak\u00faak, sim\u00e1k, t\u00f6meg\u00fck el\u00e9ri a 9-12 kg-ot. A mag intenz\u00edv v\u00f6r\u00f6s sz\u00edn\u0171, l\u00e9d\u00fas, kiv\u00e1l\u00f3 \u00edz\u0171, 12%-os cukortartalm\u00fa. Ellen\u00e1ll a t\u00e1rol\u00e1snak, sz\u00e1ll\u00edt\u00e1snak \u00e9s betegs\u00e9geknek.<\/p>\n<p>Veget\u00e1ci\u00f3s id\u0151szak 88-90 nap.<\/p>\n<p>Vet\u00e9sid\u0151 \u00e1prilis 15-30.<\/p>\n<p>T\u00e1vols\u00e1g: 200\/80-100 cm M\u00e9lys\u00e9g 4-7 cm.<\/p>\n<p>M\u0171szaki adatok<br \/>\nM\u00e9lys\u00e9ge 4-7 cm<br \/>\n\u00c1prilis 15-30-ig vetik<br \/>\nVet\u0151mennyis\u00e9g 150-300 gramm\/hekt\u00e1r<br \/>\nA vet\u0151magb\u00f3l t\u00f6rt\u00e9n\u0151 termel\u00e9s t\u00edpusai<\/p>\n<p>\u00c1prilis \u00fcltet\u00e9s<br \/>\nSz\u00fcret j\u00falius-augusztus<br \/>\nVeget\u00e1ci\u00f3ja 88-90 nap<br \/>\n\u200b<\/p>\n<p>A csomag 5 gr magot tartalmaz<\/p>\n","protected":false},"featured_media":29976,"comment_status":"closed","ping_status":"closed","template":"","meta":[],"product_brand":[],"product_cat":[451],"product_tag":[],"class_list":{"0":"post-29975","1":"product","2":"type-product","3":"status-publish","4":"has-post-thumbnail","6":"product_cat-dinnye-es-tok-vetomagok-bolgar-opal-vetomagok","8":"first","9":"instock","10":"taxable","11":"shipping-taxable","12":"purchasable","13":"product-type-simple"},"_links":{"self":[{"href":"https:\/\/chilimag.hu\/webshop\/wp-json\/wp\/v2\/product\/29975","targetHints":{"allow":["GET"]}}],"collection":[{"href":"https:\/\/chilimag.hu\/webshop\/wp-json\/wp\/v2\/product"}],"about":[{"href":"https:\/\/chilimag.hu\/webshop\/wp-json\/wp\/v2\/types\/product"}],"replies":[{"embeddable":true,"href":"https:\/\/chilimag.hu\/webshop\/wp-json\/wp\/v2\/comments?post=29975"}],"wp:featuredmedia":[{"embeddable":true,"href":"https:\/\/chilimag.hu\/webshop\/wp-json\/wp\/v2\/media\/29976"}],"wp:attachment":[{"href":"https:\/\/chilimag.hu\/webshop\/wp-json\/wp\/v2\/media?parent=29975"}],"wp:term":[{"taxonomy":"product_brand","embeddable":true,"href":"https:\/\/chilimag.hu\/webshop\/wp-json\/wp\/v2\/product_brand?post=29975"},{"taxonomy":"product_cat","embeddable":true,"href":"https:\/\/chilimag.hu\/webshop\/wp-json\/wp\/v2\/product_cat?post=29975"},{"taxonomy":"product_tag","embeddable":true,"href":"https:\/\/chilimag.hu\/webshop\/wp-json\/wp\/v2\/product_tag?post=29975"}],"curies":[{"name":"wp","href":"https:\/\/api.w.org\/{rel}","templated":true}]}}