{"id":29971,"date":"2024-02-17T18:37:17","date_gmt":"2024-02-17T18:37:17","guid":{"rendered":"https:\/\/chilimag.hu\/webshop\/?post_type=product&#038;p=29971"},"modified":"2026-02-16T20:40:21","modified_gmt":"2026-02-16T20:40:21","slug":"okra-red-lyaskovka-opal-bg","status":"publish","type":"product","link":"https:\/\/chilimag.hu\/webshop\/termek\/okra-red-lyaskovka-opal-bg\/","title":{"rendered":"Okra Red  Lyaskovka Opal Bg"},"content":{"rendered":"","protected":false},"excerpt":{"rendered":"<p><img decoding=\"async\" src=\"https:\/\/opal-bg.com\/_next\/image?url=%2F_next%2Fstatic%2Fimage%2Fpublic%2Fimages%2Fhome%2Fnobg1.40d357a89f8aca58449177aa96e69e77.png&amp;w=256&amp;q=75\" srcset=\"https:\/\/opal-bg.com\/_next\/image?url=%2F_next%2Fstatic%2Fimage%2Fpublic%2Fimages%2Fhome%2Fnobg1.40d357a89f8aca58449177aa96e69e77.png&amp;w=96&amp;q=75 1x, https:\/\/opal-bg.com\/_next\/image?url=%2F_next%2Fstatic%2Fimage%2Fpublic%2Fimages%2Fhome%2Fnobg1.40d357a89f8aca58449177aa96e69e77.png&amp;w=256&amp;q=75 2x\" data-nimg=\"intrinsic\" \/><\/p>\n<p>Nagyon term\u0151 k\u00f6z\u00e9pkorai fajta, friss fogyaszt\u00e1sra \u00e9s tart\u00f3s\u00edt\u00e1sra.<\/p>\n<p>A n\u00f6v\u00e9ny k\u00f6r\u00fclbel\u00fcl 120 cm magas, z\u00f6ld, pelyhes.<\/p>\n<p>Gy\u00fcm\u00f6lcsei s\u00f6t\u00e9t cseresznyev\u00f6r\u00f6sek, v\u00e9konyak, nagyon l\u00e1gyak, hegyesek, szinte mindig \u00edves v\u00e9g\u0171ek. A technikai \u00e9retts\u00e9g el\u00e9r\u00e9sekor a term\u00e9sek k\u00f6r\u00fclbel\u00fcl 15 cm hossz\u00faak.<\/p>\n<p>&nbsp;<\/p>\n<p>Az okra jellemz\u0151i a napsug\u00e1rz\u00e1st\u00f3l, a teny\u00e9szid\u0151szakt\u00f3l, a nedvess\u00e9gszintt\u0151l, a m\u0171tr\u00e1gy\u00e1kt\u00f3l, a talajt\u00edpust\u00f3l, a talajm\u0171vel\u00e9st\u0151l, a k\u00e1rtev\u0151kt\u0151l \u00e9s egy\u00e9b t\u00e9nyez\u0151kt\u0151l f\u00fcgg\u0151en v\u00e1ltozhatnak. Ez\u00e9rt a kapott eredm\u00e9nyek elt\u00e9rhetnek a bemutatott k\u00e9pekt\u0151l \u00e9s a le\u00edrt jellemz\u0151kt\u0151l.<\/p>\n<p>A csomag 5 gr magot tartalmaz<\/p>\n","protected":false},"featured_media":29972,"comment_status":"closed","ping_status":"closed","template":"","meta":[],"product_brand":[],"product_cat":[464],"product_tag":[],"class_list":{"0":"post-29971","1":"product","2":"type-product","3":"status-publish","4":"has-post-thumbnail","6":"product_cat-zoldseg-vetomagok-bolgar-opal-vetomagok","8":"first","9":"instock","10":"taxable","11":"shipping-taxable","12":"purchasable","13":"product-type-simple"},"_links":{"self":[{"href":"https:\/\/chilimag.hu\/webshop\/wp-json\/wp\/v2\/product\/29971","targetHints":{"allow":["GET"]}}],"collection":[{"href":"https:\/\/chilimag.hu\/webshop\/wp-json\/wp\/v2\/product"}],"about":[{"href":"https:\/\/chilimag.hu\/webshop\/wp-json\/wp\/v2\/types\/product"}],"replies":[{"embeddable":true,"href":"https:\/\/chilimag.hu\/webshop\/wp-json\/wp\/v2\/comments?post=29971"}],"wp:featuredmedia":[{"embeddable":true,"href":"https:\/\/chilimag.hu\/webshop\/wp-json\/wp\/v2\/media\/29972"}],"wp:attachment":[{"href":"https:\/\/chilimag.hu\/webshop\/wp-json\/wp\/v2\/media?parent=29971"}],"wp:term":[{"taxonomy":"product_brand","embeddable":true,"href":"https:\/\/chilimag.hu\/webshop\/wp-json\/wp\/v2\/product_brand?post=29971"},{"taxonomy":"product_cat","embeddable":true,"href":"https:\/\/chilimag.hu\/webshop\/wp-json\/wp\/v2\/product_cat?post=29971"},{"taxonomy":"product_tag","embeddable":true,"href":"https:\/\/chilimag.hu\/webshop\/wp-json\/wp\/v2\/product_tag?post=29971"}],"curies":[{"name":"wp","href":"https:\/\/api.w.org\/{rel}","templated":true}]}}