{"id":29964,"date":"2024-02-17T15:12:50","date_gmt":"2024-02-17T15:12:50","guid":{"rendered":"https:\/\/chilimag.hu\/webshop\/?post_type=product&#038;p=29964"},"modified":"2026-02-03T16:59:31","modified_gmt":"2026-02-03T16:59:31","slug":"zeller-level-opal-bg","status":"publish","type":"product","link":"https:\/\/chilimag.hu\/webshop\/termek\/zeller-level-opal-bg\/","title":{"rendered":"Zeller lev\u00e9l Opal Bg"},"content":{"rendered":"","protected":false},"excerpt":{"rendered":"<p><img decoding=\"async\" src=\"https:\/\/c.cdnmp.net\/592978066\/brands\/1000004_logo.jpg\" alt=\"OPAL ZI - Bulgaria\" \/><\/p>\n<p>A leveles zeller vizu\u00e1lisan hasonl\u00edt a petrezselyemre. A rozetta nagy, sok level\u0171 \u00e9s ak\u00e1r 25 cm magas. Nem k\u00e9pez gy\u00fcm\u00f6lcsgy\u00f6keret. Levele s\u00f6t\u00e9tz\u00f6ld, hossz\u00fa \u00e9s v\u00e9kony farokkal Friss fogyaszt\u00e1sra alkalmas, sok \u00e9telhez, valamint savany\u00fas\u00e1g elk\u00e9sz\u00edt\u00e9s\u00e9hez haszn\u00e1lj\u00e1k. Szed\u00e9s ut\u00e1n fagyaszt\u00f3ban t\u00e1rolhat\u00f3, vagy sz\u00e1r\u00edthat\u00f3. Veget\u00e1ci\u00f3s id\u0151szak 125-130 nap.<\/p>\n<p>Vet\u00e9s: m\u00e1rcius 1-15-ig 0,5-1 cm m\u00e9lys\u00e9gben.<\/p>\n<p>\u00dcltet\u00e9si t\u00e1vols\u00e1g: 5 cm-es sorokban A pal\u00e1nt\u00e1kat m\u00e1jus 25-t\u0151l j\u00fanius 5-ig \u00fcltetj\u00fck.<\/p>\n<p>&nbsp;<\/p>\n<p>M\u0171szaki adatok:<\/p>\n<p>M\u00e9lys\u00e9ge 0,5-1 cm<br \/>\nM\u00e1rcius 1-15<br \/>\nVet\u0151mennyis\u00e9g 25-30 gramm\/1000 m\u00e9ter<br \/>\nA vet\u0151magb\u00f3l, de k\u00fcl\u00f6n\u00f6sen a pal\u00e1nt\u00e1b\u00f3l t\u00f6rt\u00e9n\u0151 termel\u00e9s fajt\u00e1i<br \/>\n\u00c1ltal\u00e1noss\u00e1gok:<\/p>\n<p>S\u00falya 2 gramm<br \/>\n\u00dcltet\u00e9s m\u00e1jus 25-j\u00fanius 5<br \/>\nSz\u00fcret j\u00falius-augusztus<br \/>\nVeget\u00e1ci\u00f3ja 125-130 nap<\/p>\n<p>A csomag 2 gr magot tartalmaz<\/p>\n","protected":false},"featured_media":29965,"comment_status":"closed","ping_status":"closed","template":"","meta":[],"product_brand":[],"product_cat":[452],"product_tag":[],"class_list":{"0":"post-29964","1":"product","2":"type-product","3":"status-publish","4":"has-post-thumbnail","6":"product_cat-fuszer-es-gyogynoveny-vetomagok-bolgar-opal-vetomagok","8":"first","9":"instock","10":"taxable","11":"shipping-taxable","12":"purchasable","13":"product-type-simple"},"_links":{"self":[{"href":"https:\/\/chilimag.hu\/webshop\/wp-json\/wp\/v2\/product\/29964","targetHints":{"allow":["GET"]}}],"collection":[{"href":"https:\/\/chilimag.hu\/webshop\/wp-json\/wp\/v2\/product"}],"about":[{"href":"https:\/\/chilimag.hu\/webshop\/wp-json\/wp\/v2\/types\/product"}],"replies":[{"embeddable":true,"href":"https:\/\/chilimag.hu\/webshop\/wp-json\/wp\/v2\/comments?post=29964"}],"wp:featuredmedia":[{"embeddable":true,"href":"https:\/\/chilimag.hu\/webshop\/wp-json\/wp\/v2\/media\/29965"}],"wp:attachment":[{"href":"https:\/\/chilimag.hu\/webshop\/wp-json\/wp\/v2\/media?parent=29964"}],"wp:term":[{"taxonomy":"product_brand","embeddable":true,"href":"https:\/\/chilimag.hu\/webshop\/wp-json\/wp\/v2\/product_brand?post=29964"},{"taxonomy":"product_cat","embeddable":true,"href":"https:\/\/chilimag.hu\/webshop\/wp-json\/wp\/v2\/product_cat?post=29964"},{"taxonomy":"product_tag","embeddable":true,"href":"https:\/\/chilimag.hu\/webshop\/wp-json\/wp\/v2\/product_tag?post=29964"}],"curies":[{"name":"wp","href":"https:\/\/api.w.org\/{rel}","templated":true}]}}