{"id":29936,"date":"2024-02-17T14:45:57","date_gmt":"2024-02-17T14:45:57","guid":{"rendered":"https:\/\/chilimag.hu\/webshop\/?post_type=product&#038;p=29936"},"modified":"2025-08-16T09:50:20","modified_gmt":"2025-08-16T09:50:20","slug":"retek-national-opal-bg","status":"publish","type":"product","link":"https:\/\/chilimag.hu\/webshop\/termek\/retek-national-opal-bg\/","title":{"rendered":"Retek National Opal Bg"},"content":{"rendered":"","protected":false},"excerpt":{"rendered":"<p><img decoding=\"async\" src=\"https:\/\/opal-bg.com\/_next\/image?url=%2F_next%2Fstatic%2Fimage%2Fpublic%2Fimages%2Fhome%2Fnobg1.40d357a89f8aca58449177aa96e69e77.png&amp;w=256&amp;q=75\" srcset=\"https:\/\/opal-bg.com\/_next\/image?url=%2F_next%2Fstatic%2Fimage%2Fpublic%2Fimages%2Fhome%2Fnobg1.40d357a89f8aca58449177aa96e69e77.png&amp;w=96&amp;q=75 1x, https:\/\/opal-bg.com\/_next\/image?url=%2F_next%2Fstatic%2Fimage%2Fpublic%2Fimages%2Fhome%2Fnobg1.40d357a89f8aca58449177aa96e69e77.png&amp;w=256&amp;q=75 2x\" data-nimg=\"intrinsic\" \/><\/p>\n<p>Le\u00edr\u00e1s<\/p>\n<p>National Retek 3, korai fajta holdretek magvak, kerek, feh\u00e9r, r\u00f3zsasz\u00edn p\u00e9ppel, op\u00e1l<\/p>\n<p>1 gramm k\u00f6r\u00fclbel\u00fcl 120 retekmagot tartalmaz.<\/p>\n<p>Tasak mennyis\u00e9ge: 5 g.<\/p>\n<p>A National 3 retek gy\u00f6kerei kerekek, nagyok, 3-3,5 cm \u00e1tm\u00e9r\u0151j\u0171ek. K\u00edv\u00fcl v\u00f6r\u00f6s-feh\u00e9r sz\u00edn\u0171, feh\u00e9r hegyekkel. A p\u00e9p feh\u00e9r \u00e9s r\u00f3zsasz\u00edn sz\u00edn\u0171, kiv\u00e1l\u00f3 \u00edz\u0171.<br \/>\nA levelek rozett\u00e1ja nagy, nagy levelekb\u0151l \u00e1ll.<br \/>\nA fajta kora tavaszi \u00e9s \u0151szi szabadf\u00f6ldi termeszt\u00e9sre alkalmas.<\/p>\n<p>A National 3 retek jellemz\u0151i a napsug\u00e1rz\u00e1st\u00f3l, a teny\u00e9szid\u0151szakt\u00f3l, a nedvess\u00e9gszintt\u0151l, a m\u0171tr\u00e1gy\u00e1kt\u00f3l, a talajt\u00edpust\u00f3l, a talajm\u0171vel\u00e9st\u0151l, a k\u00e1rtev\u0151kt\u0151l \u00e9s egy\u00e9b t\u00e9nyez\u0151kt\u0151l f\u00fcgg\u0151en v\u00e1ltozhatnak. Ez\u00e9rt a kapott eredm\u00e9nyek elt\u00e9rhetnek a bemutatott k\u00e9pekt\u0151l \u00e9s a le\u00edrt jellemz\u0151kt\u0151l.<\/p>\n<p>A csomag 5 gram magot tartalmaz<\/p>\n","protected":false},"featured_media":29937,"comment_status":"closed","ping_status":"closed","template":"","meta":[],"product_brand":[],"product_cat":[460],"product_tag":[],"class_list":{"0":"post-29936","1":"product","2":"type-product","3":"status-publish","4":"has-post-thumbnail","6":"product_cat-salata-es-retek-vetomagok-bolgar-opal-vetomagok","8":"first","9":"instock","10":"taxable","11":"shipping-taxable","12":"purchasable","13":"product-type-simple"},"_links":{"self":[{"href":"https:\/\/chilimag.hu\/webshop\/wp-json\/wp\/v2\/product\/29936","targetHints":{"allow":["GET"]}}],"collection":[{"href":"https:\/\/chilimag.hu\/webshop\/wp-json\/wp\/v2\/product"}],"about":[{"href":"https:\/\/chilimag.hu\/webshop\/wp-json\/wp\/v2\/types\/product"}],"replies":[{"embeddable":true,"href":"https:\/\/chilimag.hu\/webshop\/wp-json\/wp\/v2\/comments?post=29936"}],"wp:featuredmedia":[{"embeddable":true,"href":"https:\/\/chilimag.hu\/webshop\/wp-json\/wp\/v2\/media\/29937"}],"wp:attachment":[{"href":"https:\/\/chilimag.hu\/webshop\/wp-json\/wp\/v2\/media?parent=29936"}],"wp:term":[{"taxonomy":"product_brand","embeddable":true,"href":"https:\/\/chilimag.hu\/webshop\/wp-json\/wp\/v2\/product_brand?post=29936"},{"taxonomy":"product_cat","embeddable":true,"href":"https:\/\/chilimag.hu\/webshop\/wp-json\/wp\/v2\/product_cat?post=29936"},{"taxonomy":"product_tag","embeddable":true,"href":"https:\/\/chilimag.hu\/webshop\/wp-json\/wp\/v2\/product_tag?post=29936"}],"curies":[{"name":"wp","href":"https:\/\/api.w.org\/{rel}","templated":true}]}}