{"id":29810,"date":"2024-02-16T19:03:15","date_gmt":"2024-02-16T19:03:15","guid":{"rendered":"https:\/\/chilimag.hu\/webshop\/?post_type=product&#038;p=29810"},"modified":"2026-03-28T17:25:21","modified_gmt":"2026-03-28T17:25:21","slug":"padlizsan-white-opal-bg","status":"publish","type":"product","link":"https:\/\/chilimag.hu\/webshop\/termek\/padlizsan-white-opal-bg\/","title":{"rendered":"Padlizs\u00e1n White Opal Bg"},"content":{"rendered":"","protected":false},"excerpt":{"rendered":"<p><img decoding=\"async\" src=\"https:\/\/opal-bg.com\/_next\/image?url=%2F_next%2Fstatic%2Fimage%2Fpublic%2Fimages%2Fhome%2Fnobg1.40d357a89f8aca58449177aa96e69e77.png&amp;w=256&amp;q=75\" srcset=\"https:\/\/opal-bg.com\/_next\/image?url=%2F_next%2Fstatic%2Fimage%2Fpublic%2Fimages%2Fhome%2Fnobg1.40d357a89f8aca58449177aa96e69e77.png&amp;w=96&amp;q=75 1x, https:\/\/opal-bg.com\/_next\/image?url=%2F_next%2Fstatic%2Fimage%2Fpublic%2Fimages%2Fhome%2Fnobg1.40d357a89f8aca58449177aa96e69e77.png&amp;w=256&amp;q=75 2x\" data-nimg=\"intrinsic\" \/><\/p>\n<p>Le\u00edr\u00e1s<\/p>\n<p>Nagyon term\u0151 korai fajta, f\u00e9nyes, k\u00f6zepes m\u00e9ret\u0171 kr\u00e9mfeh\u00e9r gy\u00fcm\u00f6lcs\u00f6kkel.<\/p>\n<p>Magok sz\u00e1ma zs\u00e1konk\u00e9nt: 220 mag (1 gr)<\/p>\n<p>H\u00fasa egyenletes \u00e9s finom, a lila fajt\u00e1khoz k\u00e9pest kev\u00e9sb\u00e9 nedves, ami meghosszabb\u00edtja az eltarthat\u00f3s\u00e1gukat. A feh\u00e9r padlizs\u00e1n nagyon \u00edzletes \u00e9s arom\u00e1s, alkalmas k\u00fcl\u00f6nf\u00e9le \u00e9telek \u00e9s forr\u00f3 sal\u00e1t\u00e1k elk\u00e9sz\u00edt\u00e9s\u00e9re. A term\u00e9seket akkor szedj\u00fck le, amikor hosszuk el\u00e9ri a 10 cm-t. A veget\u00e1ci\u00f3s id\u0151szak 65-75 nap. A gy\u00fcm\u00f6lcs\u00f6k s\u00falya 300-350 gramm.<\/p>\n<p>A korai term\u00e9sn\u00e9l a vet\u00e9si id\u0151szak janu\u00e1r 25-febru\u00e1r 5., a k\u00f6zepesn\u00e9l \u00e1prilis 25-30.<\/p>\n<p>M\u0171szaki adatok:<\/p>\n<p>M\u00e9lys\u00e9ge 1 &#8211; 1,5 cm<br \/>\nMez\u0151 igen<br \/>\nKr\u00e9m-feh\u00e9r sz\u00edn\u0171<br \/>\n\u00datic\u00e9l fogyaszt\u00e1s friss \u00e1llapotban<br \/>\nGy\u00fcm\u00f6lcs hossza 10-15 cm<br \/>\nVet\u0151mennyis\u00e9g 50 gramm\/1000 m\u00e9ter<br \/>\nKorai igen<br \/>\nA magvakb\u00f3l, pal\u00e1nt\u00e1kb\u00f3l t\u00f6rt\u00e9n\u0151 el\u0151\u00e1ll\u00edt\u00e1s fajt\u00e1i<br \/>\n\u00c1ltal\u00e1noss\u00e1gok:<\/p>\n<p>240 magot tartalmaz 1 grammonk\u00e9nt<br \/>\nS\u00falya 1 gramm<br \/>\n\u00dcltet\u00e9s janu\u00e1r-febru\u00e1r, m\u00e1rcius-\u00e1prilis<br \/>\nA betakar\u00edt\u00e1s j\u00faniusban kezd\u0151dik<br \/>\nVeget\u00e1ci\u00f3ja 65-75 nap<\/p>\n<p>A csomag 1 gr magot tartalmaz<\/p>\n","protected":false},"featured_media":29811,"comment_status":"closed","ping_status":"closed","template":"","meta":[],"product_brand":[],"product_cat":[461],"product_tag":[],"class_list":{"0":"post-29810","1":"product","2":"type-product","3":"status-publish","4":"has-post-thumbnail","6":"product_cat-uborka-es-padlizsan-vetomagok-bolgar-opal-vetomagok","8":"first","9":"instock","10":"taxable","11":"shipping-taxable","12":"purchasable","13":"product-type-simple"},"_links":{"self":[{"href":"https:\/\/chilimag.hu\/webshop\/wp-json\/wp\/v2\/product\/29810","targetHints":{"allow":["GET"]}}],"collection":[{"href":"https:\/\/chilimag.hu\/webshop\/wp-json\/wp\/v2\/product"}],"about":[{"href":"https:\/\/chilimag.hu\/webshop\/wp-json\/wp\/v2\/types\/product"}],"replies":[{"embeddable":true,"href":"https:\/\/chilimag.hu\/webshop\/wp-json\/wp\/v2\/comments?post=29810"}],"wp:featuredmedia":[{"embeddable":true,"href":"https:\/\/chilimag.hu\/webshop\/wp-json\/wp\/v2\/media\/29811"}],"wp:attachment":[{"href":"https:\/\/chilimag.hu\/webshop\/wp-json\/wp\/v2\/media?parent=29810"}],"wp:term":[{"taxonomy":"product_brand","embeddable":true,"href":"https:\/\/chilimag.hu\/webshop\/wp-json\/wp\/v2\/product_brand?post=29810"},{"taxonomy":"product_cat","embeddable":true,"href":"https:\/\/chilimag.hu\/webshop\/wp-json\/wp\/v2\/product_cat?post=29810"},{"taxonomy":"product_tag","embeddable":true,"href":"https:\/\/chilimag.hu\/webshop\/wp-json\/wp\/v2\/product_tag?post=29810"}],"curies":[{"name":"wp","href":"https:\/\/api.w.org\/{rel}","templated":true}]}}