{"id":29802,"date":"2024-02-16T18:56:28","date_gmt":"2024-02-16T18:56:28","guid":{"rendered":"https:\/\/chilimag.hu\/webshop\/?post_type=product&#038;p=29802"},"modified":"2026-03-31T12:32:29","modified_gmt":"2026-03-31T12:32:29","slug":"padlizsan-tsakoniki-opal-bg","status":"publish","type":"product","link":"https:\/\/chilimag.hu\/webshop\/termek\/padlizsan-tsakoniki-opal-bg\/","title":{"rendered":"Padlizs\u00e1n Tsakoniki Opal Bg"},"content":{"rendered":"","protected":false},"excerpt":{"rendered":"<p><img decoding=\"async\" src=\"https:\/\/opal-bg.com\/_next\/image?url=%2F_next%2Fstatic%2Fimage%2Fpublic%2Fimages%2Fhome%2Fnobg1.40d357a89f8aca58449177aa96e69e77.png&amp;w=256&amp;q=75\" srcset=\"https:\/\/opal-bg.com\/_next\/image?url=%2F_next%2Fstatic%2Fimage%2Fpublic%2Fimages%2Fhome%2Fnobg1.40d357a89f8aca58449177aa96e69e77.png&amp;w=96&amp;q=75 1x, https:\/\/opal-bg.com\/_next\/image?url=%2F_next%2Fstatic%2Fimage%2Fpublic%2Fimages%2Fhome%2Fnobg1.40d357a89f8aca58449177aa96e69e77.png&amp;w=256&amp;q=75 2x\" data-nimg=\"intrinsic\" \/><\/p>\n<p>Le\u00edr\u00e1s<\/p>\n<p>Padlizs\u00e1n tsaksoniki padlizs\u00e1n magja halv\u00e1nylila, feh\u00e9r cs\u00edkokkal, op\u00e1l<\/p>\n<p>Kiszerel\u00e9s: 200 mag (1 gr)<\/p>\n<p>Nagyon term\u00e9keny korai padlizs\u00e1nfajta. Term\u00e9sei 22-24 cm hossz\u00faak, hengeres alak\u00faak, v\u00e9kony h\u00e9j\u00faak, halv\u00e1nylil\u00e1k, feh\u00e9r cs\u00edkokkal.<\/p>\n<p>Nagyon finomak \u00e9s ide\u00e1lisak a muszaka elk\u00e9sz\u00edt\u00e9s\u00e9hez, zsenge p\u00e9p\u00fcknek \u00e9s \u00e9des \u00edz\u00fcknek k\u00f6sz\u00f6nhet\u0151en. A n\u00f6v\u00e9ny ellen\u00e1ll a magas h\u0151m\u00e9rs\u00e9kletnek. Veget\u00e1ci\u00f3s id\u0151szak 75 nap.<\/p>\n<p>A magvakat korai termeszt\u00e9sre (janu\u00e1r 25-febru\u00e1r 5., csak meleg\u00edt\u00e9ssel), k\u00f6zepes termeszt\u00e9sre (m\u00e1rcius 15-30., meleg\u00edt\u00e9s n\u00e9lk\u00fcl) vetj\u00fck.<\/p>\n<p>M\u0171szaki adatok:<\/p>\n<p>M\u00e9lys\u00e9ge 1-1,5 cm<br \/>\nJanu\u00e1r 25-febru\u00e1r 5-t\u0151l kezd\u0151d\u0151en vet\u00e9s, \u00e1prilis 25-30<br \/>\nVet\u00e9smennyis\u00e9g 50 gramm\/hekt\u00e1r<br \/>\nA magvakb\u00f3l, pal\u00e1nt\u00e1kb\u00f3l t\u00f6rt\u00e9n\u0151 el\u0151\u00e1ll\u00edt\u00e1s fajt\u00e1i<br \/>\n\u00c1ltal\u00e1noss\u00e1gok:<\/p>\n<p>180-220 magot tartalmaz grammonk\u00e9nt<br \/>\nS\u00falya 1 gramm<br \/>\n\u00dcltet\u00e9s janu\u00e1r 25-febru\u00e1r 5., m\u00e1rcius 15-30<br \/>\nA betakar\u00edt\u00e1s j\u00faniusban kezd\u0151dik<br \/>\nVeget\u00e1ci\u00f3ja 75-80 nap<\/p>\n<p>A csomag 1 gr magot tartalmaz<\/p>\n","protected":false},"featured_media":29803,"comment_status":"closed","ping_status":"closed","template":"","meta":[],"product_brand":[],"product_cat":[461],"product_tag":[],"class_list":{"0":"post-29802","1":"product","2":"type-product","3":"status-publish","4":"has-post-thumbnail","6":"product_cat-uborka-es-padlizsan-vetomagok-bolgar-opal-vetomagok","8":"first","9":"instock","10":"taxable","11":"shipping-taxable","12":"purchasable","13":"product-type-simple"},"_links":{"self":[{"href":"https:\/\/chilimag.hu\/webshop\/wp-json\/wp\/v2\/product\/29802","targetHints":{"allow":["GET"]}}],"collection":[{"href":"https:\/\/chilimag.hu\/webshop\/wp-json\/wp\/v2\/product"}],"about":[{"href":"https:\/\/chilimag.hu\/webshop\/wp-json\/wp\/v2\/types\/product"}],"replies":[{"embeddable":true,"href":"https:\/\/chilimag.hu\/webshop\/wp-json\/wp\/v2\/comments?post=29802"}],"wp:featuredmedia":[{"embeddable":true,"href":"https:\/\/chilimag.hu\/webshop\/wp-json\/wp\/v2\/media\/29803"}],"wp:attachment":[{"href":"https:\/\/chilimag.hu\/webshop\/wp-json\/wp\/v2\/media?parent=29802"}],"wp:term":[{"taxonomy":"product_brand","embeddable":true,"href":"https:\/\/chilimag.hu\/webshop\/wp-json\/wp\/v2\/product_brand?post=29802"},{"taxonomy":"product_cat","embeddable":true,"href":"https:\/\/chilimag.hu\/webshop\/wp-json\/wp\/v2\/product_cat?post=29802"},{"taxonomy":"product_tag","embeddable":true,"href":"https:\/\/chilimag.hu\/webshop\/wp-json\/wp\/v2\/product_tag?post=29802"}],"curies":[{"name":"wp","href":"https:\/\/api.w.org\/{rel}","templated":true}]}}