{"id":29699,"date":"2024-02-15T19:09:01","date_gmt":"2024-02-15T19:09:01","guid":{"rendered":"https:\/\/chilimag.hu\/webshop\/?post_type=product&#038;p=29699"},"modified":"2026-02-18T11:39:47","modified_gmt":"2026-02-18T11:39:47","slug":"uborka-tasty-king-f1-opal-tokita-bg","status":"publish","type":"product","link":"https:\/\/chilimag.hu\/webshop\/termek\/uborka-tasty-king-f1-opal-tokita-bg\/","title":{"rendered":"Uborka Tasty King F1 Opal Tokita  Bg"},"content":{"rendered":"","protected":false},"excerpt":{"rendered":"<p><img decoding=\"async\" src=\"https:\/\/opal-bg.com\/_next\/image?url=%2F_next%2Fstatic%2Fimage%2Fpublic%2Fimages%2Fhome%2Fnobg1.40d357a89f8aca58449177aa96e69e77.png&amp;w=256&amp;q=75\" srcset=\"https:\/\/opal-bg.com\/_next\/image?url=%2F_next%2Fstatic%2Fimage%2Fpublic%2Fimages%2Fhome%2Fnobg1.40d357a89f8aca58449177aa96e69e77.png&amp;w=96&amp;q=75 1x, https:\/\/opal-bg.com\/_next\/image?url=%2F_next%2Fstatic%2Fimage%2Fpublic%2Fimages%2Fhome%2Fnobg1.40d357a89f8aca58449177aa96e69e77.png&amp;w=256&amp;q=75 2x\" data-nimg=\"intrinsic\" \/><\/p>\n<p>A Tasty King F1 a hossz\u00fa ubork\u00e1k nagyon term\u00e9keny, extra korai hibridje. Term\u00e9sei kiv\u00e1l\u00f3 min\u0151s\u00e9g\u0171ek, s\u00f6t\u00e9tz\u00f6ld h\u00e9j\u00faak, simaak, apr\u00f3 t\u00f6visekkel. Nagyon ropog\u00f3sak \u00e9s \u00edzletesek.<\/p>\n<p>A Tasty King F1 uborka k\u00f6r\u00fclbel\u00fcl 28-32 centim\u00e9teres. Nagyon ellen\u00e1ll\u00f3ak a lisztez\u00e9ssel szemben, alkalmasak \u00fcvegh\u00e1zban \u00e9s szol\u00e1riumban t\u00f6rt\u00e9n\u0151 termeszt\u00e9sre, valamint szabadf\u00f6ldi termeszt\u00e9sre.<\/p>\n<p>A Tasty King F1 hibrid nagyon ellen\u00e1ll a h\u0151m\u00e9rs\u00e9klet-ingadoz\u00e1soknak.<\/p>\n<p>A csomag 20 szem magot tartalmaz<\/p>\n","protected":false},"featured_media":29700,"comment_status":"closed","ping_status":"closed","template":"","meta":[],"product_brand":[],"product_cat":[461],"product_tag":[],"class_list":{"0":"post-29699","1":"product","2":"type-product","3":"status-publish","4":"has-post-thumbnail","6":"product_cat-uborka-es-padlizsan-vetomagok-bolgar-opal-vetomagok","8":"first","9":"instock","10":"taxable","11":"shipping-taxable","12":"purchasable","13":"product-type-simple"},"_links":{"self":[{"href":"https:\/\/chilimag.hu\/webshop\/wp-json\/wp\/v2\/product\/29699","targetHints":{"allow":["GET"]}}],"collection":[{"href":"https:\/\/chilimag.hu\/webshop\/wp-json\/wp\/v2\/product"}],"about":[{"href":"https:\/\/chilimag.hu\/webshop\/wp-json\/wp\/v2\/types\/product"}],"replies":[{"embeddable":true,"href":"https:\/\/chilimag.hu\/webshop\/wp-json\/wp\/v2\/comments?post=29699"}],"wp:featuredmedia":[{"embeddable":true,"href":"https:\/\/chilimag.hu\/webshop\/wp-json\/wp\/v2\/media\/29700"}],"wp:attachment":[{"href":"https:\/\/chilimag.hu\/webshop\/wp-json\/wp\/v2\/media?parent=29699"}],"wp:term":[{"taxonomy":"product_brand","embeddable":true,"href":"https:\/\/chilimag.hu\/webshop\/wp-json\/wp\/v2\/product_brand?post=29699"},{"taxonomy":"product_cat","embeddable":true,"href":"https:\/\/chilimag.hu\/webshop\/wp-json\/wp\/v2\/product_cat?post=29699"},{"taxonomy":"product_tag","embeddable":true,"href":"https:\/\/chilimag.hu\/webshop\/wp-json\/wp\/v2\/product_tag?post=29699"}],"curies":[{"name":"wp","href":"https:\/\/api.w.org\/{rel}","templated":true}]}}