{"id":29584,"date":"2024-02-14T19:12:28","date_gmt":"2024-02-14T19:12:28","guid":{"rendered":"https:\/\/chilimag.hu\/webshop\/?post_type=product&#038;p=29584"},"modified":"2026-02-16T22:08:47","modified_gmt":"2026-02-16T22:08:47","slug":"paradicsom-opal-f1-opal-bg","status":"publish","type":"product","link":"https:\/\/chilimag.hu\/webshop\/termek\/paradicsom-opal-f1-opal-bg\/","title":{"rendered":"Paradicsom Opal F1 Opal Bg"},"content":{"rendered":"","protected":false},"excerpt":{"rendered":"<p><img decoding=\"async\" src=\"https:\/\/opal-bg.com\/_next\/image?url=%2F_next%2Fstatic%2Fimage%2Fpublic%2Fimages%2Fhome%2Fnobg1.40d357a89f8aca58449177aa96e69e77.png&amp;w=256&amp;q=75\" srcset=\"https:\/\/opal-bg.com\/_next\/image?url=%2F_next%2Fstatic%2Fimage%2Fpublic%2Fimages%2Fhome%2Fnobg1.40d357a89f8aca58449177aa96e69e77.png&amp;w=96&amp;q=75 1x, https:\/\/opal-bg.com\/_next\/image?url=%2F_next%2Fstatic%2Fimage%2Fpublic%2Fimages%2Fhome%2Fnobg1.40d357a89f8aca58449177aa96e69e77.png&amp;w=256&amp;q=75 2x\" data-nimg=\"intrinsic\" \/><\/p>\n<p>OPAL BG F1 \u2013 Indetermin\u00e1lt paradicsom hibrid (magas) term\u0151k\u00e9pess\u00e9g\u0171, kiv\u00e1l\u00f3 \u00edz\u0171, k\u00f6zepesen korai paradicsom.<\/p>\n<p>Alkalmas korai \u00e9s f\u00e9lkorai termeszt\u00e9sre \u00fcvegh\u00e1zakban \u00e9s szabadban.<br \/>\nTerm\u00e9sei sim\u00e1k, kerekek, a farok k\u00f6r\u00fcl z\u00f6ld gy\u0171r\u0171 n\u00e9lk\u00fcl, kem\u00e9nyek, nem repedeznek, intenz\u00edv v\u00f6r\u00f6s sz\u00edn\u0171ek, 160-180 gramm t\u00f6meg\u0171ek, sz\u00e1ll\u00edthat\u00f3k, t\u00e1rol\u00e1snak ellen\u00e1ll\u00f3ak.<br \/>\nEllen\u00e1ll a doh\u00e1nymozaiknak, a verticilian \u00e9s a fusarian hervad\u00e1snak, j\u00f3l toler\u00e1lja az altern\u00e1ri\u00e1t \u00e9s a magas h\u0151m\u00e9rs\u00e9kletet.<br \/>\nFriss fogyaszt\u00e1sra alkalmas.<br \/>\nKiszerel\u00e9s &#8211; 0,2 gramm &#8211; 60 mag<\/p>\n<p>A csomag 0,2 gr magot tartalmaz<\/p>\n","protected":false},"featured_media":29585,"comment_status":"closed","ping_status":"closed","template":"","meta":[],"product_brand":[],"product_cat":[459],"product_tag":[],"class_list":{"0":"post-29584","1":"product","2":"type-product","3":"status-publish","4":"has-post-thumbnail","6":"product_cat-paradicsom-vetomagok-bolgar-opal-vetomagok","8":"first","9":"instock","10":"taxable","11":"shipping-taxable","12":"purchasable","13":"product-type-simple"},"_links":{"self":[{"href":"https:\/\/chilimag.hu\/webshop\/wp-json\/wp\/v2\/product\/29584","targetHints":{"allow":["GET"]}}],"collection":[{"href":"https:\/\/chilimag.hu\/webshop\/wp-json\/wp\/v2\/product"}],"about":[{"href":"https:\/\/chilimag.hu\/webshop\/wp-json\/wp\/v2\/types\/product"}],"replies":[{"embeddable":true,"href":"https:\/\/chilimag.hu\/webshop\/wp-json\/wp\/v2\/comments?post=29584"}],"wp:featuredmedia":[{"embeddable":true,"href":"https:\/\/chilimag.hu\/webshop\/wp-json\/wp\/v2\/media\/29585"}],"wp:attachment":[{"href":"https:\/\/chilimag.hu\/webshop\/wp-json\/wp\/v2\/media?parent=29584"}],"wp:term":[{"taxonomy":"product_brand","embeddable":true,"href":"https:\/\/chilimag.hu\/webshop\/wp-json\/wp\/v2\/product_brand?post=29584"},{"taxonomy":"product_cat","embeddable":true,"href":"https:\/\/chilimag.hu\/webshop\/wp-json\/wp\/v2\/product_cat?post=29584"},{"taxonomy":"product_tag","embeddable":true,"href":"https:\/\/chilimag.hu\/webshop\/wp-json\/wp\/v2\/product_tag?post=29584"}],"curies":[{"name":"wp","href":"https:\/\/api.w.org\/{rel}","templated":true}]}}