{"id":29543,"date":"2024-02-13T20:11:32","date_gmt":"2024-02-13T20:11:32","guid":{"rendered":"https:\/\/chilimag.hu\/webshop\/?post_type=product&#038;p=29543"},"modified":"2025-06-24T06:28:21","modified_gmt":"2025-06-24T06:28:21","slug":"csigacsapda-2-db-os-z","status":"publish","type":"product","link":"https:\/\/chilimag.hu\/webshop\/termek\/csigacsapda-2-db-os-z\/","title":{"rendered":"Csigacsapda 2 db-os Z"},"content":{"rendered":"","protected":false},"excerpt":{"rendered":"<p>Helyezze a csigacsapd\u00e1t 2\/3-ig a f\u00f6ldbe, \u00e9s t\u00f6ltse meg s\u00f6rrel.<\/p>\n<p>A s\u00f6r vonzza a csig\u00e1kat, amelyek a csapd\u00e1ba ker\u00fclnek.<\/p>\n","protected":false},"featured_media":29544,"comment_status":"closed","ping_status":"closed","template":"","meta":[],"product_brand":[],"product_cat":[340],"product_tag":[],"class_list":{"0":"post-29543","1":"product","2":"type-product","3":"status-publish","4":"has-post-thumbnail","6":"product_cat-kartevo-csapdak","8":"first","9":"instock","10":"taxable","11":"shipping-taxable","12":"purchasable","13":"product-type-simple"},"_links":{"self":[{"href":"https:\/\/chilimag.hu\/webshop\/wp-json\/wp\/v2\/product\/29543","targetHints":{"allow":["GET"]}}],"collection":[{"href":"https:\/\/chilimag.hu\/webshop\/wp-json\/wp\/v2\/product"}],"about":[{"href":"https:\/\/chilimag.hu\/webshop\/wp-json\/wp\/v2\/types\/product"}],"replies":[{"embeddable":true,"href":"https:\/\/chilimag.hu\/webshop\/wp-json\/wp\/v2\/comments?post=29543"}],"wp:featuredmedia":[{"embeddable":true,"href":"https:\/\/chilimag.hu\/webshop\/wp-json\/wp\/v2\/media\/29544"}],"wp:attachment":[{"href":"https:\/\/chilimag.hu\/webshop\/wp-json\/wp\/v2\/media?parent=29543"}],"wp:term":[{"taxonomy":"product_brand","embeddable":true,"href":"https:\/\/chilimag.hu\/webshop\/wp-json\/wp\/v2\/product_brand?post=29543"},{"taxonomy":"product_cat","embeddable":true,"href":"https:\/\/chilimag.hu\/webshop\/wp-json\/wp\/v2\/product_cat?post=29543"},{"taxonomy":"product_tag","embeddable":true,"href":"https:\/\/chilimag.hu\/webshop\/wp-json\/wp\/v2\/product_tag?post=29543"}],"curies":[{"name":"wp","href":"https:\/\/api.w.org\/{rel}","templated":true}]}}