{"id":29464,"date":"2024-02-13T07:57:59","date_gmt":"2024-02-13T07:57:59","guid":{"rendered":"https:\/\/chilimag.hu\/webshop\/?post_type=product&#038;p=29464"},"modified":"2024-02-13T07:57:59","modified_gmt":"2024-02-13T07:57:59","slug":"gyerek-zold-locsolo-kg207","status":"publish","type":"product","link":"https:\/\/chilimag.hu\/webshop\/termek\/gyerek-zold-locsolo-kg207\/","title":{"rendered":"Gyerek z\u00f6ld locsol\u00f3 KG207"},"content":{"rendered":"","protected":false},"excerpt":{"rendered":"<p>Z\u00f6ld sz\u00edn\u0171 m\u0171anyag gyerek locsol\u00f3 nap \u00e9s felh\u0151 mint\u00e1val.<\/p>\n<p>M\u00e9rete: magass\u00e1g: 15 cm, sz\u00e9less\u00e9g: 19 cm, m\u00e9lys\u00e9g: 7 cm<\/p>\n","protected":false},"featured_media":29465,"comment_status":"closed","ping_status":"closed","template":"","meta":[],"product_brand":[],"product_cat":[421],"product_tag":[],"class_list":{"0":"post-29464","1":"product","2":"type-product","3":"status-publish","4":"has-post-thumbnail","6":"product_cat-gyerek-kerteszet","8":"first","9":"instock","10":"taxable","11":"shipping-taxable","12":"purchasable","13":"product-type-simple"},"_links":{"self":[{"href":"https:\/\/chilimag.hu\/webshop\/wp-json\/wp\/v2\/product\/29464","targetHints":{"allow":["GET"]}}],"collection":[{"href":"https:\/\/chilimag.hu\/webshop\/wp-json\/wp\/v2\/product"}],"about":[{"href":"https:\/\/chilimag.hu\/webshop\/wp-json\/wp\/v2\/types\/product"}],"replies":[{"embeddable":true,"href":"https:\/\/chilimag.hu\/webshop\/wp-json\/wp\/v2\/comments?post=29464"}],"wp:featuredmedia":[{"embeddable":true,"href":"https:\/\/chilimag.hu\/webshop\/wp-json\/wp\/v2\/media\/29465"}],"wp:attachment":[{"href":"https:\/\/chilimag.hu\/webshop\/wp-json\/wp\/v2\/media?parent=29464"}],"wp:term":[{"taxonomy":"product_brand","embeddable":true,"href":"https:\/\/chilimag.hu\/webshop\/wp-json\/wp\/v2\/product_brand?post=29464"},{"taxonomy":"product_cat","embeddable":true,"href":"https:\/\/chilimag.hu\/webshop\/wp-json\/wp\/v2\/product_cat?post=29464"},{"taxonomy":"product_tag","embeddable":true,"href":"https:\/\/chilimag.hu\/webshop\/wp-json\/wp\/v2\/product_tag?post=29464"}],"curies":[{"name":"wp","href":"https:\/\/api.w.org\/{rel}","templated":true}]}}