{"id":29434,"date":"2024-02-13T07:00:17","date_gmt":"2024-02-13T07:00:17","guid":{"rendered":"https:\/\/chilimag.hu\/webshop\/?post_type=product&#038;p=29434"},"modified":"2024-02-13T07:00:17","modified_gmt":"2024-02-13T07:00:17","slug":"sarga-kacsa-locsolokanna-18-literes-tg120y","status":"publish","type":"product","link":"https:\/\/chilimag.hu\/webshop\/termek\/sarga-kacsa-locsolokanna-18-literes-tg120y\/","title":{"rendered":"S\u00e1rga kacsa locsol\u00f3kanna, 1,8 literes TG120Y"},"content":{"rendered":"","protected":false},"excerpt":{"rendered":"<p>M\u0171anyag, kacsa form\u00e1j\u00fa locsol\u00f3kanna s\u00e1rga sz\u00ednben.<\/p>\n<p>\u0170rtartalom: 1,8 L<\/p>\n<p>M\u00e9rete: magass\u00e1g: 17 cm, sz\u00e9less\u00e9g: 26 cm, m\u00e9lys\u00e9g: 15 cm<\/p>\n","protected":false},"featured_media":29435,"comment_status":"closed","ping_status":"closed","template":"","meta":[],"product_brand":[],"product_cat":[421],"product_tag":[],"class_list":{"0":"post-29434","1":"product","2":"type-product","3":"status-publish","4":"has-post-thumbnail","6":"product_cat-gyerek-kerteszet","8":"first","9":"instock","10":"taxable","11":"shipping-taxable","12":"purchasable","13":"product-type-simple"},"_links":{"self":[{"href":"https:\/\/chilimag.hu\/webshop\/wp-json\/wp\/v2\/product\/29434","targetHints":{"allow":["GET"]}}],"collection":[{"href":"https:\/\/chilimag.hu\/webshop\/wp-json\/wp\/v2\/product"}],"about":[{"href":"https:\/\/chilimag.hu\/webshop\/wp-json\/wp\/v2\/types\/product"}],"replies":[{"embeddable":true,"href":"https:\/\/chilimag.hu\/webshop\/wp-json\/wp\/v2\/comments?post=29434"}],"wp:featuredmedia":[{"embeddable":true,"href":"https:\/\/chilimag.hu\/webshop\/wp-json\/wp\/v2\/media\/29435"}],"wp:attachment":[{"href":"https:\/\/chilimag.hu\/webshop\/wp-json\/wp\/v2\/media?parent=29434"}],"wp:term":[{"taxonomy":"product_brand","embeddable":true,"href":"https:\/\/chilimag.hu\/webshop\/wp-json\/wp\/v2\/product_brand?post=29434"},{"taxonomy":"product_cat","embeddable":true,"href":"https:\/\/chilimag.hu\/webshop\/wp-json\/wp\/v2\/product_cat?post=29434"},{"taxonomy":"product_tag","embeddable":true,"href":"https:\/\/chilimag.hu\/webshop\/wp-json\/wp\/v2\/product_tag?post=29434"}],"curies":[{"name":"wp","href":"https:\/\/api.w.org\/{rel}","templated":true}]}}