{"id":29272,"date":"2024-02-11T18:47:32","date_gmt":"2024-02-11T18:47:32","guid":{"rendered":"https:\/\/chilimag.hu\/webshop\/?post_type=product&#038;p=29272"},"modified":"2025-08-11T12:28:26","modified_gmt":"2025-08-11T12:28:26","slug":"cherye-f1-paradicsom","status":"publish","type":"product","link":"https:\/\/chilimag.hu\/webshop\/termek\/cherye-f1-paradicsom\/","title":{"rendered":"Cherye F1 Paradicsom"},"content":{"rendered":"","protected":false},"excerpt":{"rendered":"<p><img decoding=\"async\" class=\"general_border\" src=\"https:\/\/seminteplante.ro\/img\/m\/14-brand_default.jpg\" alt=\"Syngenta - legume\" width=\"154\" height=\"70\" \/><\/p>\n<p>A Cherye F1 egy hat\u00e1rozatlan n\u00f6veked\u00e9s\u0171 kokt\u00e9lparadicsom hibrid, amelyet v\u00e9dett ter\u00fcleten termesztenek, minden termeszt\u00e9si ciklushoz aj\u00e1nlott.<\/p>\n<p>A Cherye F1 hibrid term\u00e9sei kerekek, egy\u00f6ntet\u0171ek, \u00e1tlagosan 18-25 gramm t\u00f6meg\u0171ek, f\u00fcrt\u00f6kben sz\u00fcretelik, \u00e1tlagosan 12 term\u00e9s\/f\u00fcrt.<\/p>\n<p>A n\u00f6v\u00e9nyek er\u0151teljesek, kis t\u00e1vols\u00e1gra vannak a csom\u00f3pontok k\u00f6z\u00f6tt, \u00e9s nagyon j\u00f3l t\u0171rik az alacsony h\u0151m\u00e9rs\u00e9kletet.<\/p>\n<p>A Cherye F1 \u00e1lland\u00f3 kapcsolattal \u00e9s magas termel\u00e9kenys\u00e9ggel rendelkezik.<\/p>\n<p>A fent bemutatott el\u0151ny\u00f6k mellett a Cherye F1 paradicsomhibrid kiv\u00e1l\u00f3 betegs\u00e9g\u00e1ll\u00f3s\u00e1gi csomaggal is rendelkezik.<\/p>\n<p>Betegs\u00e9grezisztencia (HR):<\/p>\n<p>Ff: A-E &#8211; Cladosporium fulvum (Tawny folt);<br \/>\nFol: 0-1 (US1-2) &#8211; Fusarium oxysporum f. sp. Lycopersici (\u00e9rrendszeri hervad\u00e1s);<br \/>\nS &#8211; Stemphylium spp.\/solani (a solanaceae leveleinek sz\u00fcrke foltosod\u00e1sa);<br \/>\nToMV: 0-2 &#8211; Paradicsom mozaikv\u00edrus.<br \/>\nBetegs\u00e9grezisztencia (IR):<\/p>\n<p>Mi, Ma, Mj &#8211; Meloidogyne arenaria\/incognita\/javanica (fon\u00e1lf\u00e9rgek);<br \/>\nTYLCV \u2013 Tomato Yellow Leat Guri Virus.<\/p>\n<p>A csomag 10 szem magot tartalmaz<\/p>\n<p>&nbsp;<\/p>\n<p>&nbsp;<\/p>\n","protected":false},"featured_media":29275,"comment_status":"closed","ping_status":"closed","template":"","meta":[],"product_brand":[],"product_cat":[10],"product_tag":[],"class_list":{"0":"post-29272","1":"product","2":"type-product","3":"status-publish","4":"has-post-thumbnail","6":"product_cat-paradicsom","8":"first","9":"instock","10":"taxable","11":"shipping-taxable","12":"purchasable","13":"product-type-simple"},"_links":{"self":[{"href":"https:\/\/chilimag.hu\/webshop\/wp-json\/wp\/v2\/product\/29272","targetHints":{"allow":["GET"]}}],"collection":[{"href":"https:\/\/chilimag.hu\/webshop\/wp-json\/wp\/v2\/product"}],"about":[{"href":"https:\/\/chilimag.hu\/webshop\/wp-json\/wp\/v2\/types\/product"}],"replies":[{"embeddable":true,"href":"https:\/\/chilimag.hu\/webshop\/wp-json\/wp\/v2\/comments?post=29272"}],"wp:featuredmedia":[{"embeddable":true,"href":"https:\/\/chilimag.hu\/webshop\/wp-json\/wp\/v2\/media\/29275"}],"wp:attachment":[{"href":"https:\/\/chilimag.hu\/webshop\/wp-json\/wp\/v2\/media?parent=29272"}],"wp:term":[{"taxonomy":"product_brand","embeddable":true,"href":"https:\/\/chilimag.hu\/webshop\/wp-json\/wp\/v2\/product_brand?post=29272"},{"taxonomy":"product_cat","embeddable":true,"href":"https:\/\/chilimag.hu\/webshop\/wp-json\/wp\/v2\/product_cat?post=29272"},{"taxonomy":"product_tag","embeddable":true,"href":"https:\/\/chilimag.hu\/webshop\/wp-json\/wp\/v2\/product_tag?post=29272"}],"curies":[{"name":"wp","href":"https:\/\/api.w.org\/{rel}","templated":true}]}}