{"id":29136,"date":"2024-02-07T20:21:17","date_gmt":"2024-02-07T20:21:17","guid":{"rendered":"https:\/\/chilimag.hu\/webshop\/?post_type=product&#038;p=29136"},"modified":"2025-09-17T16:26:31","modified_gmt":"2025-09-17T16:26:31","slug":"fufej-munakuppi-4-fele-bz-h","status":"publish","type":"product","link":"https:\/\/chilimag.hu\/webshop\/termek\/fufej-munakuppi-4-fele-bz-h\/","title":{"rendered":"F\u0171fej Munakuppi Farmlife 4 f\u00e9le Bz H"},"content":{"rendered":"","protected":false},"excerpt":{"rendered":"<p>A Munakuppi sz\u00f3rakoztat\u00f3 \u00e1llatfigur\u00e1k, amelyek hajat n\u00f6vesztenek. Hossz\u00fa hajjal (f\u0171mag) minden figur\u00e1hoz sz\u00e9p frizur\u00e1t k\u00e9sz\u00edtesz.<br \/>\nV\u00e1lasszon a teh\u00e9n, kutya, diszn\u00f3 \u00e9s kacsa k\u00f6z\u00fcl<br \/>\nA haj n\u00f6veszt\u00e9se ut\u00e1n modellbe v\u00e1ghatj\u00e1k, esetleg d\u00edsz\u00edthetik p\u00e9ld\u00e1ul szalaggal.<br \/>\nMinden k\u00e9szlet egy csomag magot \u00e9s k\u00f3kuszf\u00f6ld tablettapr\u00e9st tartalmaz.<\/p>\n","protected":false},"featured_media":29137,"comment_status":"closed","ping_status":"closed","template":"","meta":[],"product_brand":[],"product_cat":[421],"product_tag":[],"class_list":{"0":"post-29136","1":"product","2":"type-product","3":"status-publish","4":"has-post-thumbnail","6":"product_cat-gyerek-kerteszet","8":"first","9":"instock","10":"taxable","11":"shipping-taxable","12":"purchasable","13":"product-type-variable"},"_links":{"self":[{"href":"https:\/\/chilimag.hu\/webshop\/wp-json\/wp\/v2\/product\/29136","targetHints":{"allow":["GET"]}}],"collection":[{"href":"https:\/\/chilimag.hu\/webshop\/wp-json\/wp\/v2\/product"}],"about":[{"href":"https:\/\/chilimag.hu\/webshop\/wp-json\/wp\/v2\/types\/product"}],"replies":[{"embeddable":true,"href":"https:\/\/chilimag.hu\/webshop\/wp-json\/wp\/v2\/comments?post=29136"}],"wp:featuredmedia":[{"embeddable":true,"href":"https:\/\/chilimag.hu\/webshop\/wp-json\/wp\/v2\/media\/29137"}],"wp:attachment":[{"href":"https:\/\/chilimag.hu\/webshop\/wp-json\/wp\/v2\/media?parent=29136"}],"wp:term":[{"taxonomy":"product_brand","embeddable":true,"href":"https:\/\/chilimag.hu\/webshop\/wp-json\/wp\/v2\/product_brand?post=29136"},{"taxonomy":"product_cat","embeddable":true,"href":"https:\/\/chilimag.hu\/webshop\/wp-json\/wp\/v2\/product_cat?post=29136"},{"taxonomy":"product_tag","embeddable":true,"href":"https:\/\/chilimag.hu\/webshop\/wp-json\/wp\/v2\/product_tag?post=29136"}],"curies":[{"name":"wp","href":"https:\/\/api.w.org\/{rel}","templated":true}]}}