{"id":29130,"date":"2024-02-07T20:06:33","date_gmt":"2024-02-07T20:06:33","guid":{"rendered":"https:\/\/chilimag.hu\/webshop\/?post_type=product&#038;p=29130"},"modified":"2026-02-10T11:17:41","modified_gmt":"2026-02-10T11:17:41","slug":"festo-rezeda-dyers-weed-bz-native-flowers-h","status":"publish","type":"product","link":"https:\/\/chilimag.hu\/webshop\/termek\/festo-rezeda-dyers-weed-bz-native-flowers-h\/","title":{"rendered":"Fest\u0151 rezeda Dyer\u2019s Weed Bz Native Flowers H"},"content":{"rendered":"","protected":false},"excerpt":{"rendered":"<p><span id=\"column_2_uc_product_details_ctl04_lbl_ff_desc2\" class=\"value\">Botanikai n\u00e9v:Reseda luteola<\/span><\/p>\n<p><span id=\"column_2_uc_product_details_ctl04_lbl_ff_desc2\" class=\"value\">Dyer&#8217;s Weed<br \/>\nA Dyer gyomn\u00f6v\u00e9nye j\u00f3l \u00e9rzi mag\u00e1t nyitott, sz\u00e1raz, eszterg\u00e1lt, meszes talajban. Megtal\u00e1lhat\u00f3ak a d\u0171n\u00e9kben \u00e9s a foly\u00f3k menti g\u00e1takon. Ny\u00e1ron \u00e9s k\u00e9s\u0151 ny\u00e1ron is gyakran l\u00e1thatja a n\u00f6v\u00e9nyt az aut\u00f3p\u00e1ly\u00e1k k\u00f6z\u00e9ps\u0151 s\u00e1vj\u00e1ban. A Dyer gyomn\u00f6v\u00e9ny\u00e9nek t\u00fcske alak\u00fa f\u00fcrtje van, sz\u00e1mos apr\u00f3, vil\u00e1goss\u00e1rg\u00e1t\u00f3l z\u00f6ldig terjed\u0151 vir\u00e1ggal. A vir\u00e1gsz\u00e1rak nagyon r\u00f6videk, \u00edgy f\u00fcles megjelen\u00e9st k\u00f6lcs\u00f6n\u00f6znek nekik. Vesse el k\u00f6zvetlen\u00fcl a k\u00edv\u00e1nt helyre.<br \/>\nN\u00e9lk\u00fcl\u00f6zhetetlen vir\u00e1gok k\u00f6rnyezet\u00fcnk n\u00f6v\u00e9ny- \u00e9s \u00e1llatvil\u00e1ga sz\u00e1m\u00e1ra<\/span><\/p>\n<p>&nbsp;<\/p>\n","protected":false},"featured_media":29131,"comment_status":"closed","ping_status":"closed","template":"","meta":[],"product_brand":[],"product_cat":[445],"product_tag":[],"class_list":{"0":"post-29130","1":"product","2":"type-product","3":"status-publish","4":"has-post-thumbnail","6":"product_cat-native-flowers-house-plants","8":"first","9":"instock","10":"taxable","11":"shipping-taxable","12":"purchasable","13":"product-type-simple"},"_links":{"self":[{"href":"https:\/\/chilimag.hu\/webshop\/wp-json\/wp\/v2\/product\/29130","targetHints":{"allow":["GET"]}}],"collection":[{"href":"https:\/\/chilimag.hu\/webshop\/wp-json\/wp\/v2\/product"}],"about":[{"href":"https:\/\/chilimag.hu\/webshop\/wp-json\/wp\/v2\/types\/product"}],"replies":[{"embeddable":true,"href":"https:\/\/chilimag.hu\/webshop\/wp-json\/wp\/v2\/comments?post=29130"}],"wp:featuredmedia":[{"embeddable":true,"href":"https:\/\/chilimag.hu\/webshop\/wp-json\/wp\/v2\/media\/29131"}],"wp:attachment":[{"href":"https:\/\/chilimag.hu\/webshop\/wp-json\/wp\/v2\/media?parent=29130"}],"wp:term":[{"taxonomy":"product_brand","embeddable":true,"href":"https:\/\/chilimag.hu\/webshop\/wp-json\/wp\/v2\/product_brand?post=29130"},{"taxonomy":"product_cat","embeddable":true,"href":"https:\/\/chilimag.hu\/webshop\/wp-json\/wp\/v2\/product_cat?post=29130"},{"taxonomy":"product_tag","embeddable":true,"href":"https:\/\/chilimag.hu\/webshop\/wp-json\/wp\/v2\/product_tag?post=29130"}],"curies":[{"name":"wp","href":"https:\/\/api.w.org\/{rel}","templated":true}]}}